{"id":238129,"date":"2026-01-28T09:57:30","date_gmt":"2026-01-28T14:57:30","guid":{"rendered":"https:\/\/arriendo.com\/co\/%es_type%\/%address_city%\/%neighborhood%\/bogota-barrios-unidos-apartamento-en-arriendo-en-acfa7a\/"},"modified":"2026-01-28T09:57:30","modified_gmt":"2026-01-28T14:57:30","slug":"AR-238129","status":"publish","type":"properties","link":"https:\/\/arriendo.com\/co\/apartamentos\/bogota\/barrios-unidos\/AR-238129\/","title":{"rendered":"Apartamento en Arriendo en Barrios Unidos, Bogot\u00e1"},"content":{"rendered":"<p>Super ubicado apartamento de una habitaci\u00f3n con ba\u00f1o, salacomedor con cocina abierta, parqueadero con servidumbre, deposito, edificio con vigilancia 24\/7, ctv, ascensor, chut de basuras, listo para habitar, para ejecutivos, personal de la salud por su cercan\u00eda a la cl\u00ednica chao, universidad  militar , cerca a la estaci\u00f3n calle 100 de Transmilenio.<\/p>\n","protected":false},"excerpt":{"rendered":"Super ubicado apartamento de una habitaci\u00f3n con ba\u00f1o, salacomedor con...","protected":false},"author":7141,"featured_media":238132,"template":"","es_locations":[209,110,77],"es_categories":[124],"es_types":[114],"es_rent_periods":[],"es_labels":[],"es_statuses":[],"es_parkings":[],"es_roofs":[],"es_exterior_materials":[],"es_basements":[],"es_floor_coverings":[],"es_features":[131,2131,133,2148,2196,2149,145,2203,2132,2181,2135,2150,2136,2137,2151,2152],"es_amenities":[152,2139,2154,2157,2197,2159,2160,2208,2140,2142,2161,2143,161,2144,162,2162],"es_neighborhoods":[],"es_tags":[],"class_list":["post-238129","properties","type-properties","status-publish","has-post-thumbnail","hentry","es_location-barrios-unidos","es_location-bogota","es_location-bogota-d-c","es_category-arriendo","es_type-apartamentos","es_feature-ascensor","es_feature-circuito-cerrado-de-tv","es_feature-citofono","es_feature-colegios-universidades","es_feature-en-conjunto-cerrado","es_feature-garajes","es_feature-instalacion-de-gas","es_feature-jardines-exteriores","es_feature-parques-cercanos","es_feature-porteria-vigilancia","es_feature-sobre-via-principal","es_feature-supermercados-c-comerciales","es_feature-trans-publico-cercano","es_feature-zona-comercial","es_feature-zona-de-lavanderia","es_feature-zona-residencial","es_amenity-ascensor-privado","es_amenity-circuito-cerrado-de-tv","es_amenity-citofono","es_amenity-colegios-universidades","es_amenity-en-conjunto-cerrado","es_amenity-garajes","es_amenity-instalacion-de-gas","es_amenity-jardines-exteriores","es_amenity-parques-cercanos","es_amenity-sobre-via-principal","es_amenity-supermercados-c-comerciales","es_amenity-trans-publico-cercano","es_amenity-vigilancia-24-7","es_amenity-zona-comercial","es_amenity-zona-de-lavanderia","es_amenity-zona-residencial","es-post-entity"],"_links":{"self":[{"href":"https:\/\/arriendo.com\/co\/wp-json\/wp\/v2\/properties\/238129","targetHints":{"allow":["GET"]}}],"collection":[{"href":"https:\/\/arriendo.com\/co\/wp-json\/wp\/v2\/properties"}],"about":[{"href":"https:\/\/arriendo.com\/co\/wp-json\/wp\/v2\/types\/properties"}],"author":[{"embeddable":true,"href":"https:\/\/arriendo.com\/co\/wp-json\/wp\/v2\/users\/7141"}],"version-history":[{"count":0,"href":"https:\/\/arriendo.com\/co\/wp-json\/wp\/v2\/properties\/238129\/revisions"}],"wp:featuredmedia":[{"embeddable":true,"href":"https:\/\/arriendo.com\/co\/wp-json\/wp\/v2\/media\/238132"}],"wp:attachment":[{"href":"https:\/\/arriendo.com\/co\/wp-json\/wp\/v2\/media?parent=238129"}],"wp:term":[{"taxonomy":"es_location","embeddable":true,"href":"https:\/\/arriendo.com\/co\/wp-json\/wp\/v2\/es_locations?post=238129"},{"taxonomy":"es_category","embeddable":true,"href":"https:\/\/arriendo.com\/co\/wp-json\/wp\/v2\/es_categories?post=238129"},{"taxonomy":"es_type","embeddable":true,"href":"https:\/\/arriendo.com\/co\/wp-json\/wp\/v2\/es_types?post=238129"},{"taxonomy":"es_rent_period","embeddable":true,"href":"https:\/\/arriendo.com\/co\/wp-json\/wp\/v2\/es_rent_periods?post=238129"},{"taxonomy":"es_label","embeddable":true,"href":"https:\/\/arriendo.com\/co\/wp-json\/wp\/v2\/es_labels?post=238129"},{"taxonomy":"es_status","embeddable":true,"href":"https:\/\/arriendo.com\/co\/wp-json\/wp\/v2\/es_statuses?post=238129"},{"taxonomy":"es_parking","embeddable":true,"href":"https:\/\/arriendo.com\/co\/wp-json\/wp\/v2\/es_parkings?post=238129"},{"taxonomy":"es_roof","embeddable":true,"href":"https:\/\/arriendo.com\/co\/wp-json\/wp\/v2\/es_roofs?post=238129"},{"taxonomy":"es_exterior_material","embeddable":true,"href":"https:\/\/arriendo.com\/co\/wp-json\/wp\/v2\/es_exterior_materials?post=238129"},{"taxonomy":"es_basement","embeddable":true,"href":"https:\/\/arriendo.com\/co\/wp-json\/wp\/v2\/es_basements?post=238129"},{"taxonomy":"es_floor_covering","embeddable":true,"href":"https:\/\/arriendo.com\/co\/wp-json\/wp\/v2\/es_floor_coverings?post=238129"},{"taxonomy":"es_feature","embeddable":true,"href":"https:\/\/arriendo.com\/co\/wp-json\/wp\/v2\/es_features?post=238129"},{"taxonomy":"es_amenity","embeddable":true,"href":"https:\/\/arriendo.com\/co\/wp-json\/wp\/v2\/es_amenities?post=238129"},{"taxonomy":"es_neighborhood","embeddable":true,"href":"https:\/\/arriendo.com\/co\/wp-json\/wp\/v2\/es_neighborhoods?post=238129"},{"taxonomy":"es_tag","embeddable":true,"href":"https:\/\/arriendo.com\/co\/wp-json\/wp\/v2\/es_tags?post=238129"}],"curies":[{"name":"wp","href":"https:\/\/api.w.org\/{rel}","templated":true}]}}

Apartamento en Arriendo en Barrios Unidos, Bogotá

<p>Super ubicado apartamento de una habitación con baño, salacomedor con cocina abierta, parqueadero con servidumbre, deposito, edificio con vigilancia 24/7, ctv, ascensor, chut de basuras, listo para habitar, para ejecutivos, personal de la salud por su cercanía a la clínica chao, universidad  militar , cerca a la estación calle 100 de Transmilenio.</p>

Super ubicado apartamento de una habitación con baño, salacomedor con...
