{"id":237693,"date":"2026-01-28T09:17:23","date_gmt":"2026-01-28T14:17:23","guid":{"rendered":"https:\/\/arriendo.com\/co\/%es_type%\/%address_city%\/%neighborhood%\/medellin-rodeo-alto-apartamento-en-arriendo-en-3464b7\/"},"modified":"2026-01-28T09:17:23","modified_gmt":"2026-01-28T14:17:23","slug":"AR-237693","status":"publish","type":"properties","link":"https:\/\/arriendo.com\/co\/apartamentos\/medellin\/rodeo-alto\/AR-237693\/","title":{"rendered":"Apartamento en Arriendo en Rodeo Alto, Medell\u00edn"},"content":{"rendered":"<p>Apartamento en la Urbanizaci\u00f3n Arboleda del Rodeo \/ Belen zona Rodeo Alto. Cuenta con 64 m2 de \u00e1rea construida, piso 29,   3 alcobas (la principal con ba\u00f1o independiente y vestier), 2 ba\u00f1os completos, cocina abierta con barra americana, zona de ropas, sala &#8211; comedor,  balc\u00f3n (en zona social) con hermosa vista,  parqueadero cubierto para carro.  El apartamento es  fresco e iluminado.<\/p>\n<p>El apartamento pertenece a un conjunto cerrado con porter\u00eda 24 horas. En la Zona com\u00fan cuenta con: piscina, turco, hermosas zonas verdes,  gimnasio, juegos infantiles, salon social, BBQ,  zona de mascotas, cancha polideportiva, parqueaderos para visitantes y sistema de vigilancia.. <\/p>\n<p>La urbanizaci\u00f3n se encuentra ubicada cerca a zona de restaurantes y comida rapida, supermercado D1, cajero Bancolombia, farmacias. A cuatro minutos de la 80 en carro, al, centro comercial Arkadia, a la C\u00edinica las Americas y Pricesmart, a 5 minutos del Mall Gran V\u00eda. El alimentador al metro pasa por la puerta de la unidad.<\/p>\n<p>Sector con modernas vias de acceso.<\/p>\n<p> Es realmente una unidad que enamora.<\/p>\n","protected":false},"excerpt":{"rendered":"Apartamento en la Urbanizaci\u00f3n Arboleda del Rodeo \/ Belen zona...","protected":false},"author":6952,"featured_media":237696,"template":"","es_locations":[79,305,1488],"es_categories":[124],"es_types":[114],"es_rent_periods":[],"es_labels":[],"es_statuses":[],"es_parkings":[],"es_roofs":[],"es_exterior_materials":[],"es_basements":[],"es_floor_coverings":[],"es_features":[2292,2407,131,132,2212,2164,2263,2145,2324,2199,2211,2131,2166,2146,2147,2225,2196,2149,2179,2203,2216,2180,144,2185,2204],"es_amenities":[2294,2408,152,2186,2217,2187,2269,2153,2323,2198,2210,2139,2189,2155,2156,2250,2197,2159,154,2208,156,157,2289,2173,2209],"es_neighborhoods":[],"es_tags":[],"class_list":["post-237693","properties","type-properties","status-publish","has-post-thumbnail","hentry","es_location-antioquia","es_location-medellin","es_location-rodeo-alto","es_category-arriendo","es_type-apartamentos","es_feature-acceso-pavimentado","es_feature-asador","es_feature-ascensor","es_feature-balcon","es_feature-bano-auxiliar","es_feature-bano-independiente","es_feature-barra-estilo-americano","es_feature-calentador","es_feature-cancha-de-baloncesto","es_feature-cancha-de-futbol","es_feature-canchas-deportivas","es_feature-circuito-cerrado-de-tv","es_feature-closet","es_feature-cocina-integral","es_feature-cocina-tipo-americano","es_feature-despensa","es_feature-en-conjunto-cerrado","es_feature-garajes","es_feature-gimnasio","es_feature-jardines-exteriores","es_feature-parqueadero-visitantes","es_feature-piscina","es_feature-vista-panoramica","es_feature-zona-infantil","es_feature-zonas-verdes","es_amenity-acceso-pavimentado","es_amenity-asador","es_amenity-ascensor-privado","es_amenity-balcon","es_amenity-bano-auxiliar","es_amenity-bano-independiente","es_amenity-barra-estilo-americano","es_amenity-calentador","es_amenity-cancha-de-baloncesto","es_amenity-cancha-de-futbol","es_amenity-canchas-deportivas","es_amenity-circuito-cerrado-de-tv","es_amenity-closet","es_amenity-cocina-integral","es_amenity-cocina-tipo-americano","es_amenity-despensa","es_amenity-en-conjunto-cerrado","es_amenity-garajes","es_amenity-gimnasio","es_amenity-jardines-exteriores","es_amenity-parqueadero-visitantes","es_amenity-piscina","es_amenity-vista-panoramica","es_amenity-zona-infantil","es_amenity-zonas-verdes","es-post-entity"],"_links":{"self":[{"href":"https:\/\/arriendo.com\/co\/wp-json\/wp\/v2\/properties\/237693","targetHints":{"allow":["GET"]}}],"collection":[{"href":"https:\/\/arriendo.com\/co\/wp-json\/wp\/v2\/properties"}],"about":[{"href":"https:\/\/arriendo.com\/co\/wp-json\/wp\/v2\/types\/properties"}],"author":[{"embeddable":true,"href":"https:\/\/arriendo.com\/co\/wp-json\/wp\/v2\/users\/6952"}],"version-history":[{"count":0,"href":"https:\/\/arriendo.com\/co\/wp-json\/wp\/v2\/properties\/237693\/revisions"}],"wp:featuredmedia":[{"embeddable":true,"href":"https:\/\/arriendo.com\/co\/wp-json\/wp\/v2\/media\/237696"}],"wp:attachment":[{"href":"https:\/\/arriendo.com\/co\/wp-json\/wp\/v2\/media?parent=237693"}],"wp:term":[{"taxonomy":"es_location","embeddable":true,"href":"https:\/\/arriendo.com\/co\/wp-json\/wp\/v2\/es_locations?post=237693"},{"taxonomy":"es_category","embeddable":true,"href":"https:\/\/arriendo.com\/co\/wp-json\/wp\/v2\/es_categories?post=237693"},{"taxonomy":"es_type","embeddable":true,"href":"https:\/\/arriendo.com\/co\/wp-json\/wp\/v2\/es_types?post=237693"},{"taxonomy":"es_rent_period","embeddable":true,"href":"https:\/\/arriendo.com\/co\/wp-json\/wp\/v2\/es_rent_periods?post=237693"},{"taxonomy":"es_label","embeddable":true,"href":"https:\/\/arriendo.com\/co\/wp-json\/wp\/v2\/es_labels?post=237693"},{"taxonomy":"es_status","embeddable":true,"href":"https:\/\/arriendo.com\/co\/wp-json\/wp\/v2\/es_statuses?post=237693"},{"taxonomy":"es_parking","embeddable":true,"href":"https:\/\/arriendo.com\/co\/wp-json\/wp\/v2\/es_parkings?post=237693"},{"taxonomy":"es_roof","embeddable":true,"href":"https:\/\/arriendo.com\/co\/wp-json\/wp\/v2\/es_roofs?post=237693"},{"taxonomy":"es_exterior_material","embeddable":true,"href":"https:\/\/arriendo.com\/co\/wp-json\/wp\/v2\/es_exterior_materials?post=237693"},{"taxonomy":"es_basement","embeddable":true,"href":"https:\/\/arriendo.com\/co\/wp-json\/wp\/v2\/es_basements?post=237693"},{"taxonomy":"es_floor_covering","embeddable":true,"href":"https:\/\/arriendo.com\/co\/wp-json\/wp\/v2\/es_floor_coverings?post=237693"},{"taxonomy":"es_feature","embeddable":true,"href":"https:\/\/arriendo.com\/co\/wp-json\/wp\/v2\/es_features?post=237693"},{"taxonomy":"es_amenity","embeddable":true,"href":"https:\/\/arriendo.com\/co\/wp-json\/wp\/v2\/es_amenities?post=237693"},{"taxonomy":"es_neighborhood","embeddable":true,"href":"https:\/\/arriendo.com\/co\/wp-json\/wp\/v2\/es_neighborhoods?post=237693"},{"taxonomy":"es_tag","embeddable":true,"href":"https:\/\/arriendo.com\/co\/wp-json\/wp\/v2\/es_tags?post=237693"}],"curies":[{"name":"wp","href":"https:\/\/api.w.org\/{rel}","templated":true}]}}

Apartamento en Arriendo en Rodeo Alto, Medellín

<p>Apartamento en la Urbanización Arboleda del Rodeo / Belen zona Rodeo Alto. Cuenta con 64 m2 de área construida, piso 29,   3 alcobas (la principal con baño independiente y vestier), 2 baños completos, cocina abierta con barra americana, zona de ropas, sala &#8211; comedor,  balcón (en zona social) con hermosa vista,  parqueadero cubierto para carro.  El apartamento es  fresco e iluminado.</p>
<p>El apartamento pertenece a un conjunto cerrado con portería 24 horas. En la Zona común cuenta con: piscina, turco, hermosas zonas verdes,  gimnasio, juegos infantiles, salon social, BBQ,  zona de mascotas, cancha polideportiva, parqueaderos para visitantes y sistema de vigilancia.. </p>
<p>La urbanización se encuentra ubicada cerca a zona de restaurantes y comida rapida, supermercado D1, cajero Bancolombia, farmacias. A cuatro minutos de la 80 en carro, al, centro comercial Arkadia, a la Cíinica las Americas y Pricesmart, a 5 minutos del Mall Gran Vía. El alimentador al metro pasa por la puerta de la unidad.</p>
<p>Sector con modernas vias de acceso.</p>
<p> Es realmente una unidad que enamora.</p>

Apartamento en la Urbanización Arboleda del Rodeo / Belen zona...
