{"id":237675,"date":"2026-01-28T09:15:07","date_gmt":"2026-01-28T14:15:07","guid":{"rendered":"https:\/\/arriendo.com\/co\/%es_type%\/%address_city%\/%neighborhood%\/medellin-laureles-apartaestudio-en-arriendo-en-bc3387\/"},"modified":"2026-01-28T09:15:07","modified_gmt":"2026-01-28T14:15:07","slug":"AR-237675","status":"publish","type":"properties","link":"https:\/\/arriendo.com\/co\/apartaestudios\/medellin\/laureles\/AR-237675\/","title":{"rendered":"Apartaestudio en Arriendo en Laureles, Medell\u00edn"},"content":{"rendered":"<p>Disfruta de un moderno aparta loft, $250.000 diario, amplio y lleno de luz natural, ubicado en el piso 12, area 45 metros cuadrados, con capacidad hasta para 4 personas. El espacio cuenta con aire acondicionado, una c\u00f3moda cama doble, sof\u00e1 cama, ba\u00f1o completo que incluye todo lo necesario para una estad\u00eda c\u00f3moda, ba\u00f1o social, cocina totalmente equipada, zona de ropas con lavadora, cuenta con, wifi, comedor, mesa de estudio y un amplio vestier completa este lugar pensado para tu comodidad. Perfecto para relajarte, trabajar o simplemente disfrutar de Medell\u00edn desde las alturas con una vista espectacular sobre Laureles.<\/p>\n<p> \u00a1Ubicaci\u00f3n y confort en un solo lugar!<\/p>\n<p>El apartamento pertenece a un edificio que cuenta con porteria las 24 horas, se encuentra ubicado en una de las mejores zonas de Medell\u00edn: Laureles sector Santa Teresita. Rodeado de caf\u00e9s, restaurantes y parques, con f\u00e1cil acceso a todo. <\/p>\n<p>Adem\u00e1s, el edificio ofrece una terraza   en el \u00faltimo piso con vista panor\u00e1mica y un gimnasio com\u00fan para disfrutar durante tu estancia.<\/p>\n<p>Para mayor detalle de la propiedad y realizar la reserva  a traves de AIRBNB dirijase al siguiente link: <\/p>\n<p>https:\/\/es-l.airbnb.com\/rooms\/1458135812476978188?viralityEntryPoint=1&#038;s=76<\/p>\n<p>Estaremos gustosos de atenderte!<\/p>\n","protected":false},"excerpt":{"rendered":"Disfruta de un moderno aparta loft, $250.000 diario, amplio y...","protected":false},"author":6952,"featured_media":237679,"template":"","es_locations":[79,311,305],"es_categories":[124],"es_types":[299],"es_rent_periods":[],"es_labels":[],"es_statuses":[],"es_parkings":[],"es_roofs":[],"es_exterior_materials":[],"es_basements":[],"es_floor_coverings":[],"es_features":[2292,149,2262,131,2212,2164,2145,2233,2166,2274,2146,2148,2312,2225,136,2179,145,2132,2272,2133,2181,2150,2136,144,2151,2152],"es_amenities":[2294,2329,2267,152,2217,2187,2153,2248,2189,2278,2155,2157,2314,2250,2158,154,2160,2140,2273,158,2161,2143,161,2289,162,2162],"es_neighborhoods":[],"es_tags":[],"class_list":["post-237675","properties","type-properties","status-publish","has-post-thumbnail","hentry","es_location-antioquia","es_location-laureles","es_location-medellin","es_category-arriendo","es_type-apartaestudios","es_feature-acceso-pavimentado","es_feature-aire-acondicionado","es_feature-amoblado","es_feature-ascensor","es_feature-bano-auxiliar","es_feature-bano-independiente","es_feature-calentador","es_feature-cerca-de-zona-urbana","es_feature-closet","es_feature-cocina-equipada","es_feature-cocina-integral","es_feature-colegios-universidades","es_feature-comedor-auxiliar","es_feature-despensa","es_feature-estudio","es_feature-gimnasio","es_feature-instalacion-de-gas","es_feature-parques-cercanos","es_feature-piso-en-baldosa-marmol","es_feature-porteria-recepcion","es_feature-porteria-vigilancia","es_feature-supermercados-c-comerciales","es_feature-trans-publico-cercano","es_feature-vista-panoramica","es_feature-zona-de-lavanderia","es_feature-zona-residencial","es_amenity-acceso-pavimentado","es_amenity-aire-acondicionado","es_amenity-amoblado","es_amenity-ascensor-privado","es_amenity-bano-auxiliar","es_amenity-bano-independiente","es_amenity-calentador","es_amenity-cerca-de-zona-urbana","es_amenity-closet","es_amenity-cocina-equipada","es_amenity-cocina-integral","es_amenity-colegios-universidades","es_amenity-comedor-auxiliar","es_amenity-despensa","es_amenity-estudio","es_amenity-gimnasio","es_amenity-instalacion-de-gas","es_amenity-parques-cercanos","es_amenity-piso-en-baldosa-marmol","es_amenity-porteria-recepcion","es_amenity-supermercados-c-comerciales","es_amenity-trans-publico-cercano","es_amenity-vigilancia-24-7","es_amenity-vista-panoramica","es_amenity-zona-de-lavanderia","es_amenity-zona-residencial","es-post-entity"],"_links":{"self":[{"href":"https:\/\/arriendo.com\/co\/wp-json\/wp\/v2\/properties\/237675","targetHints":{"allow":["GET"]}}],"collection":[{"href":"https:\/\/arriendo.com\/co\/wp-json\/wp\/v2\/properties"}],"about":[{"href":"https:\/\/arriendo.com\/co\/wp-json\/wp\/v2\/types\/properties"}],"author":[{"embeddable":true,"href":"https:\/\/arriendo.com\/co\/wp-json\/wp\/v2\/users\/6952"}],"version-history":[{"count":0,"href":"https:\/\/arriendo.com\/co\/wp-json\/wp\/v2\/properties\/237675\/revisions"}],"wp:featuredmedia":[{"embeddable":true,"href":"https:\/\/arriendo.com\/co\/wp-json\/wp\/v2\/media\/237679"}],"wp:attachment":[{"href":"https:\/\/arriendo.com\/co\/wp-json\/wp\/v2\/media?parent=237675"}],"wp:term":[{"taxonomy":"es_location","embeddable":true,"href":"https:\/\/arriendo.com\/co\/wp-json\/wp\/v2\/es_locations?post=237675"},{"taxonomy":"es_category","embeddable":true,"href":"https:\/\/arriendo.com\/co\/wp-json\/wp\/v2\/es_categories?post=237675"},{"taxonomy":"es_type","embeddable":true,"href":"https:\/\/arriendo.com\/co\/wp-json\/wp\/v2\/es_types?post=237675"},{"taxonomy":"es_rent_period","embeddable":true,"href":"https:\/\/arriendo.com\/co\/wp-json\/wp\/v2\/es_rent_periods?post=237675"},{"taxonomy":"es_label","embeddable":true,"href":"https:\/\/arriendo.com\/co\/wp-json\/wp\/v2\/es_labels?post=237675"},{"taxonomy":"es_status","embeddable":true,"href":"https:\/\/arriendo.com\/co\/wp-json\/wp\/v2\/es_statuses?post=237675"},{"taxonomy":"es_parking","embeddable":true,"href":"https:\/\/arriendo.com\/co\/wp-json\/wp\/v2\/es_parkings?post=237675"},{"taxonomy":"es_roof","embeddable":true,"href":"https:\/\/arriendo.com\/co\/wp-json\/wp\/v2\/es_roofs?post=237675"},{"taxonomy":"es_exterior_material","embeddable":true,"href":"https:\/\/arriendo.com\/co\/wp-json\/wp\/v2\/es_exterior_materials?post=237675"},{"taxonomy":"es_basement","embeddable":true,"href":"https:\/\/arriendo.com\/co\/wp-json\/wp\/v2\/es_basements?post=237675"},{"taxonomy":"es_floor_covering","embeddable":true,"href":"https:\/\/arriendo.com\/co\/wp-json\/wp\/v2\/es_floor_coverings?post=237675"},{"taxonomy":"es_feature","embeddable":true,"href":"https:\/\/arriendo.com\/co\/wp-json\/wp\/v2\/es_features?post=237675"},{"taxonomy":"es_amenity","embeddable":true,"href":"https:\/\/arriendo.com\/co\/wp-json\/wp\/v2\/es_amenities?post=237675"},{"taxonomy":"es_neighborhood","embeddable":true,"href":"https:\/\/arriendo.com\/co\/wp-json\/wp\/v2\/es_neighborhoods?post=237675"},{"taxonomy":"es_tag","embeddable":true,"href":"https:\/\/arriendo.com\/co\/wp-json\/wp\/v2\/es_tags?post=237675"}],"curies":[{"name":"wp","href":"https:\/\/api.w.org\/{rel}","templated":true}]}}

Apartaestudio en Arriendo en Laureles, Medellín

<p>Disfruta de un moderno aparta loft, $250.000 diario, amplio y lleno de luz natural, ubicado en el piso 12, area 45 metros cuadrados, con capacidad hasta para 4 personas. El espacio cuenta con aire acondicionado, una cómoda cama doble, sofá cama, baño completo que incluye todo lo necesario para una estadía cómoda, baño social, cocina totalmente equipada, zona de ropas con lavadora, cuenta con, wifi, comedor, mesa de estudio y un amplio vestier completa este lugar pensado para tu comodidad. Perfecto para relajarte, trabajar o simplemente disfrutar de Medellín desde las alturas con una vista espectacular sobre Laureles.</p>
<p> ¡Ubicación y confort en un solo lugar!</p>
<p>El apartamento pertenece a un edificio que cuenta con porteria las 24 horas, se encuentra ubicado en una de las mejores zonas de Medellín: Laureles sector Santa Teresita. Rodeado de cafés, restaurantes y parques, con fácil acceso a todo. </p>
<p>Además, el edificio ofrece una terraza   en el último piso con vista panorámica y un gimnasio común para disfrutar durante tu estancia.</p>
<p>Para mayor detalle de la propiedad y realizar la reserva  a traves de AIRBNB dirijase al siguiente link: </p>
<p>https://es-l.airbnb.com/rooms/1458135812476978188?viralityEntryPoint=1&#038;s=76</p>
<p>Estaremos gustosos de atenderte!</p>
