{"id":237352,"date":"2026-01-28T08:50:01","date_gmt":"2026-01-28T13:50:01","guid":{"rendered":"https:\/\/arriendo.com\/co\/%es_type%\/%address_city%\/%neighborhood%\/medellin-san-lucas-apartamento-en-arriendo-en-9b67a4\/"},"modified":"2026-01-28T08:50:02","modified_gmt":"2026-01-28T13:50:02","slug":"AR-237352","status":"publish","type":"properties","link":"https:\/\/arriendo.com\/co\/apartamentos\/medellin\/san-lucas\/AR-237352\/","title":{"rendered":"Apartamento en Arriendo en San Lucas, Medell\u00edn"},"content":{"rendered":"<p>Apartameto em arriendo sector SAN LUCAS  El apartamento consta de 2 habitaci\u00f3n con vestier, ba\u00f1o privado con cabina de ducha, sala-comedor, cocina integral y zona de ropas. Adem\u00e1s, cuenta con un balc\u00f3n y una vista espectacular . Se encuentra en una zona residencial tranquila, justo al lado de farmatodo de san lucas  y cerca de supermercados ol\u00edmpica . Adem\u00e1s, dispone de una buena disponibilidad de rutas de transporte p\u00fablico en las cercan\u00edas para mayor comodidad en el desplazamiento. 924-213<\/p>\n","protected":false},"excerpt":{"rendered":"Apartameto em arriendo sector SAN LUCAS El apartamento consta de...","protected":false},"author":6853,"featured_media":237355,"template":"","es_locations":[79,305,309],"es_categories":[124],"es_types":[114],"es_rent_periods":[],"es_labels":[],"es_statuses":[],"es_parkings":[],"es_roofs":[],"es_exterior_materials":[],"es_basements":[],"es_floor_coverings":[],"es_features":[2229,131,2265,2212,2275,2145,2200,2131,133,2166,2274,2146,2148,2213,2234,2296,2178,2216,2227,2135,2150,2136,2228,2241,2242],"es_amenities":[2261,152,2268,2217,2277,2153,2205,2139,2154,2189,2278,2155,2157,2218,2249,2298,2193,156,2255,2142,2161,2143,2258,2259,2260],"es_neighborhoods":[],"es_tags":[],"class_list":["post-237352","properties","type-properties","status-publish","has-post-thumbnail","hentry","es_location-antioquia","es_location-medellin","es_location-san-lucas","es_category-arriendo","es_type-apartamentos","es_feature-arboles-frutales","es_feature-ascensor","es_feature-bahia-exterior-de-parqueo","es_feature-bano-auxiliar","es_feature-bombas-de-gasolina","es_feature-calentador","es_feature-cerca-a-sector-comercial","es_feature-circuito-cerrado-de-tv","es_feature-citofono","es_feature-closet","es_feature-cocina-equipada","es_feature-cocina-integral","es_feature-colegios-universidades","es_feature-comedor","es_feature-comodas-vias-de-acceso","es_feature-en-edificio","es_feature-garaje-cubierto","es_feature-parqueadero-visitantes","es_feature-shut-de-basura","es_feature-sobre-via-principal","es_feature-supermercados-c-comerciales","es_feature-trans-publico-cercano","es_feature-ventilacion-natural","es_feature-vigilancia-24x7","es_feature-vigilancia-privada-247","es_amenity-arboles-frutales","es_amenity-ascensor-privado","es_amenity-bahia-exterior-de-parqueo","es_amenity-bano-auxiliar","es_amenity-bombas-de-gasolina","es_amenity-calentador","es_amenity-cerca-a-sector-comercial","es_amenity-circuito-cerrado-de-tv","es_amenity-citofono","es_amenity-closet","es_amenity-cocina-equipada","es_amenity-cocina-integral","es_amenity-colegios-universidades","es_amenity-comedor","es_amenity-comodas-vias-de-acceso","es_amenity-en-edificio","es_amenity-garaje-cubierto","es_amenity-parqueadero-visitantes","es_amenity-shut-de-basura","es_amenity-sobre-via-principal","es_amenity-supermercados-c-comerciales","es_amenity-trans-publico-cercano","es_amenity-ventilacion-natural","es_amenity-vigilancia-24x7","es_amenity-vigilancia-privada-247","es-post-entity"],"_links":{"self":[{"href":"https:\/\/arriendo.com\/co\/wp-json\/wp\/v2\/properties\/237352","targetHints":{"allow":["GET"]}}],"collection":[{"href":"https:\/\/arriendo.com\/co\/wp-json\/wp\/v2\/properties"}],"about":[{"href":"https:\/\/arriendo.com\/co\/wp-json\/wp\/v2\/types\/properties"}],"author":[{"embeddable":true,"href":"https:\/\/arriendo.com\/co\/wp-json\/wp\/v2\/users\/6853"}],"version-history":[{"count":0,"href":"https:\/\/arriendo.com\/co\/wp-json\/wp\/v2\/properties\/237352\/revisions"}],"wp:featuredmedia":[{"embeddable":true,"href":"https:\/\/arriendo.com\/co\/wp-json\/wp\/v2\/media\/237355"}],"wp:attachment":[{"href":"https:\/\/arriendo.com\/co\/wp-json\/wp\/v2\/media?parent=237352"}],"wp:term":[{"taxonomy":"es_location","embeddable":true,"href":"https:\/\/arriendo.com\/co\/wp-json\/wp\/v2\/es_locations?post=237352"},{"taxonomy":"es_category","embeddable":true,"href":"https:\/\/arriendo.com\/co\/wp-json\/wp\/v2\/es_categories?post=237352"},{"taxonomy":"es_type","embeddable":true,"href":"https:\/\/arriendo.com\/co\/wp-json\/wp\/v2\/es_types?post=237352"},{"taxonomy":"es_rent_period","embeddable":true,"href":"https:\/\/arriendo.com\/co\/wp-json\/wp\/v2\/es_rent_periods?post=237352"},{"taxonomy":"es_label","embeddable":true,"href":"https:\/\/arriendo.com\/co\/wp-json\/wp\/v2\/es_labels?post=237352"},{"taxonomy":"es_status","embeddable":true,"href":"https:\/\/arriendo.com\/co\/wp-json\/wp\/v2\/es_statuses?post=237352"},{"taxonomy":"es_parking","embeddable":true,"href":"https:\/\/arriendo.com\/co\/wp-json\/wp\/v2\/es_parkings?post=237352"},{"taxonomy":"es_roof","embeddable":true,"href":"https:\/\/arriendo.com\/co\/wp-json\/wp\/v2\/es_roofs?post=237352"},{"taxonomy":"es_exterior_material","embeddable":true,"href":"https:\/\/arriendo.com\/co\/wp-json\/wp\/v2\/es_exterior_materials?post=237352"},{"taxonomy":"es_basement","embeddable":true,"href":"https:\/\/arriendo.com\/co\/wp-json\/wp\/v2\/es_basements?post=237352"},{"taxonomy":"es_floor_covering","embeddable":true,"href":"https:\/\/arriendo.com\/co\/wp-json\/wp\/v2\/es_floor_coverings?post=237352"},{"taxonomy":"es_feature","embeddable":true,"href":"https:\/\/arriendo.com\/co\/wp-json\/wp\/v2\/es_features?post=237352"},{"taxonomy":"es_amenity","embeddable":true,"href":"https:\/\/arriendo.com\/co\/wp-json\/wp\/v2\/es_amenities?post=237352"},{"taxonomy":"es_neighborhood","embeddable":true,"href":"https:\/\/arriendo.com\/co\/wp-json\/wp\/v2\/es_neighborhoods?post=237352"},{"taxonomy":"es_tag","embeddable":true,"href":"https:\/\/arriendo.com\/co\/wp-json\/wp\/v2\/es_tags?post=237352"}],"curies":[{"name":"wp","href":"https:\/\/api.w.org\/{rel}","templated":true}]}}

Apartamento en Arriendo en San Lucas, Medellín

<p>Apartameto em arriendo sector SAN LUCAS  El apartamento consta de 2 habitación con vestier, baño privado con cabina de ducha, sala-comedor, cocina integral y zona de ropas. Además, cuenta con un balcón y una vista espectacular . Se encuentra en una zona residencial tranquila, justo al lado de farmatodo de san lucas  y cerca de supermercados olímpica . Además, dispone de una buena disponibilidad de rutas de transporte público en las cercanías para mayor comodidad en el desplazamiento. 924-213</p>
