{"id":237127,"date":"2026-01-28T08:35:12","date_gmt":"2026-01-28T13:35:12","guid":{"rendered":"https:\/\/arriendo.com\/co\/%es_type%\/%address_city%\/%neighborhood%\/ibague-centro-casa-en-arriendo-08247d\/"},"modified":"2026-01-28T08:35:12","modified_gmt":"2026-01-28T13:35:12","slug":"AR-237127","status":"publish","type":"properties","link":"https:\/\/arriendo.com\/co\/casas\/ibague\/centro\/AR-237127\/","title":{"rendered":"Casa en  Arriendo en Centro, Ibagu\u00e9"},"content":{"rendered":"<p>GRAN OPORTUNIDAD. Excelente casa ubicada en el Centro de Ibagu\u00e9, sobre la carrera 2\u00aa en renta!<\/p>\n<p>Excelente ubicaci\u00f3n, a solo una cuadra de la Alcald\u00eda y Gobernaci\u00f3n de Ibagu\u00e9, con f\u00e1ciles vias de acceso y en calle muy transitada. <\/p>\n<p>Un nivel, \u00e1rea 320 M2, cuenta con un local comercial amplio, el local tiene cocineta y ba\u00f1o. Tambi\u00e9n cuenta con excelentes espacios abiertos, 9 salones, 4 ba\u00f1os, cocina, bar, patio abierto, excelente iluminaci\u00f3n y ventilaci\u00f3n. <\/p>\n<p>Casa para uso comercial, ideal para restaurante por su tem\u00e1tica y adecuaciones.<\/p>\n","protected":false},"excerpt":{"rendered":"GRAN OPORTUNIDAD. Excelente casa ubicada en el Centro de Ibagu\u00e9,...","protected":false},"author":6453,"featured_media":237130,"template":"","es_locations":[505,337,106],"es_categories":[124],"es_types":[115],"es_rent_periods":[],"es_labels":[],"es_statuses":[],"es_parkings":[],"es_roofs":[],"es_exterior_materials":[],"es_basements":[],"es_floor_coverings":[],"es_features":[2148,2132,2135,2150,2136,2137,2152],"es_amenities":[2157,2140,2142,2161,2143,2144,2162],"es_neighborhoods":[],"es_tags":[],"class_list":["post-237127","properties","type-properties","status-publish","has-post-thumbnail","hentry","es_location-centro","es_location-ibague","es_location-tolima","es_category-arriendo","es_type-casas","es_feature-colegios-universidades","es_feature-parques-cercanos","es_feature-sobre-via-principal","es_feature-supermercados-c-comerciales","es_feature-trans-publico-cercano","es_feature-zona-comercial","es_feature-zona-residencial","es_amenity-colegios-universidades","es_amenity-parques-cercanos","es_amenity-sobre-via-principal","es_amenity-supermercados-c-comerciales","es_amenity-trans-publico-cercano","es_amenity-zona-comercial","es_amenity-zona-residencial","es-post-entity"],"_links":{"self":[{"href":"https:\/\/arriendo.com\/co\/wp-json\/wp\/v2\/properties\/237127","targetHints":{"allow":["GET"]}}],"collection":[{"href":"https:\/\/arriendo.com\/co\/wp-json\/wp\/v2\/properties"}],"about":[{"href":"https:\/\/arriendo.com\/co\/wp-json\/wp\/v2\/types\/properties"}],"author":[{"embeddable":true,"href":"https:\/\/arriendo.com\/co\/wp-json\/wp\/v2\/users\/6453"}],"version-history":[{"count":0,"href":"https:\/\/arriendo.com\/co\/wp-json\/wp\/v2\/properties\/237127\/revisions"}],"wp:featuredmedia":[{"embeddable":true,"href":"https:\/\/arriendo.com\/co\/wp-json\/wp\/v2\/media\/237130"}],"wp:attachment":[{"href":"https:\/\/arriendo.com\/co\/wp-json\/wp\/v2\/media?parent=237127"}],"wp:term":[{"taxonomy":"es_location","embeddable":true,"href":"https:\/\/arriendo.com\/co\/wp-json\/wp\/v2\/es_locations?post=237127"},{"taxonomy":"es_category","embeddable":true,"href":"https:\/\/arriendo.com\/co\/wp-json\/wp\/v2\/es_categories?post=237127"},{"taxonomy":"es_type","embeddable":true,"href":"https:\/\/arriendo.com\/co\/wp-json\/wp\/v2\/es_types?post=237127"},{"taxonomy":"es_rent_period","embeddable":true,"href":"https:\/\/arriendo.com\/co\/wp-json\/wp\/v2\/es_rent_periods?post=237127"},{"taxonomy":"es_label","embeddable":true,"href":"https:\/\/arriendo.com\/co\/wp-json\/wp\/v2\/es_labels?post=237127"},{"taxonomy":"es_status","embeddable":true,"href":"https:\/\/arriendo.com\/co\/wp-json\/wp\/v2\/es_statuses?post=237127"},{"taxonomy":"es_parking","embeddable":true,"href":"https:\/\/arriendo.com\/co\/wp-json\/wp\/v2\/es_parkings?post=237127"},{"taxonomy":"es_roof","embeddable":true,"href":"https:\/\/arriendo.com\/co\/wp-json\/wp\/v2\/es_roofs?post=237127"},{"taxonomy":"es_exterior_material","embeddable":true,"href":"https:\/\/arriendo.com\/co\/wp-json\/wp\/v2\/es_exterior_materials?post=237127"},{"taxonomy":"es_basement","embeddable":true,"href":"https:\/\/arriendo.com\/co\/wp-json\/wp\/v2\/es_basements?post=237127"},{"taxonomy":"es_floor_covering","embeddable":true,"href":"https:\/\/arriendo.com\/co\/wp-json\/wp\/v2\/es_floor_coverings?post=237127"},{"taxonomy":"es_feature","embeddable":true,"href":"https:\/\/arriendo.com\/co\/wp-json\/wp\/v2\/es_features?post=237127"},{"taxonomy":"es_amenity","embeddable":true,"href":"https:\/\/arriendo.com\/co\/wp-json\/wp\/v2\/es_amenities?post=237127"},{"taxonomy":"es_neighborhood","embeddable":true,"href":"https:\/\/arriendo.com\/co\/wp-json\/wp\/v2\/es_neighborhoods?post=237127"},{"taxonomy":"es_tag","embeddable":true,"href":"https:\/\/arriendo.com\/co\/wp-json\/wp\/v2\/es_tags?post=237127"}],"curies":[{"name":"wp","href":"https:\/\/api.w.org\/{rel}","templated":true}]}}

Casa en  Arriendo en Centro, Ibagué

<p>GRAN OPORTUNIDAD. Excelente casa ubicada en el Centro de Ibagué, sobre la carrera 2ª en renta!</p>
<p>Excelente ubicación, a solo una cuadra de la Alcaldía y Gobernación de Ibagué, con fáciles vias de acceso y en calle muy transitada. </p>
<p>Un nivel, área 320 M2, cuenta con un local comercial amplio, el local tiene cocineta y baño. También cuenta con excelentes espacios abiertos, 9 salones, 4 baños, cocina, bar, patio abierto, excelente iluminación y ventilación. </p>
<p>Casa para uso comercial, ideal para restaurante por su temática y adecuaciones.</p>

GRAN OPORTUNIDAD. Excelente casa ubicada en el Centro de Ibagué,...
