{"id":237110,"date":"2026-01-28T08:34:01","date_gmt":"2026-01-28T13:34:01","guid":{"rendered":"https:\/\/arriendo.com\/co\/%es_type%\/%address_city%\/%neighborhood%\/espinal-san-rafael-casa-en-arriendo-en-94b0ec\/"},"modified":"2026-01-28T08:34:01","modified_gmt":"2026-01-28T13:34:01","slug":"AR-237110","status":"publish","type":"properties","link":"https:\/\/arriendo.com\/co\/casas\/espinal\/san-rafael\/AR-237110\/","title":{"rendered":"Casa en Arriendo en San rafael, Espinal"},"content":{"rendered":"<p>Se arrienda amplia casa de tres niveles en el Espinal, Tolima, con un \u00e1rea total de 276 m\u00b2, ubicada estrat\u00e9gicamente frente a la Iglesia San Rafael, en un sector de f\u00e1cil acceso y gran visibilidad.<\/p>\n<p>El inmueble cuenta con 9 alcobas, 10 ba\u00f1os, cocina integral, local comercial en el primer nivel y dos parqueaderos.<\/p>\n<p>Sus generosos espacios y excelente ubicaci\u00f3n la convierten en una opci\u00f3n ideal para el desarrollo de diferentes actividades como casa cultural, cl\u00ednica, centro m\u00e9dico, vitrinas comerciales, oficinas o instituciones educativas.<\/p>\n","protected":false},"excerpt":{"rendered":"Se arrienda amplia casa de tres niveles en el Espinal,...","protected":false},"author":6453,"featured_media":237113,"template":"","es_locations":[2808,585,106],"es_categories":[124],"es_types":[115],"es_rent_periods":[],"es_labels":[],"es_statuses":[],"es_parkings":[],"es_roofs":[],"es_exterior_materials":[],"es_basements":[],"es_floor_coverings":[],"es_features":[2212,2263,2146,2147,2148,2282,2132,2220,2272,2135,2150,2136,2151],"es_amenities":[2217,2269,2155,2156,2157,2287,2140,2221,2273,2142,2161,2143,162],"es_neighborhoods":[],"es_tags":[],"class_list":["post-237110","properties","type-properties","status-publish","has-post-thumbnail","hentry","es_location-espinal","es_location-san-rafael","es_location-tolima","es_category-arriendo","es_type-casas","es_feature-bano-auxiliar","es_feature-barra-estilo-americano","es_feature-cocina-integral","es_feature-cocina-tipo-americano","es_feature-colegios-universidades","es_feature-hall-de-alcobas","es_feature-parques-cercanos","es_feature-patio","es_feature-piso-en-baldosa-marmol","es_feature-sobre-via-principal","es_feature-supermercados-c-comerciales","es_feature-trans-publico-cercano","es_feature-zona-de-lavanderia","es_amenity-bano-auxiliar","es_amenity-barra-estilo-americano","es_amenity-cocina-integral","es_amenity-cocina-tipo-americano","es_amenity-colegios-universidades","es_amenity-hall-de-alcobas","es_amenity-parques-cercanos","es_amenity-patio","es_amenity-piso-en-baldosa-marmol","es_amenity-sobre-via-principal","es_amenity-supermercados-c-comerciales","es_amenity-trans-publico-cercano","es_amenity-zona-de-lavanderia","es-post-entity"],"_links":{"self":[{"href":"https:\/\/arriendo.com\/co\/wp-json\/wp\/v2\/properties\/237110","targetHints":{"allow":["GET"]}}],"collection":[{"href":"https:\/\/arriendo.com\/co\/wp-json\/wp\/v2\/properties"}],"about":[{"href":"https:\/\/arriendo.com\/co\/wp-json\/wp\/v2\/types\/properties"}],"author":[{"embeddable":true,"href":"https:\/\/arriendo.com\/co\/wp-json\/wp\/v2\/users\/6453"}],"version-history":[{"count":0,"href":"https:\/\/arriendo.com\/co\/wp-json\/wp\/v2\/properties\/237110\/revisions"}],"wp:featuredmedia":[{"embeddable":true,"href":"https:\/\/arriendo.com\/co\/wp-json\/wp\/v2\/media\/237113"}],"wp:attachment":[{"href":"https:\/\/arriendo.com\/co\/wp-json\/wp\/v2\/media?parent=237110"}],"wp:term":[{"taxonomy":"es_location","embeddable":true,"href":"https:\/\/arriendo.com\/co\/wp-json\/wp\/v2\/es_locations?post=237110"},{"taxonomy":"es_category","embeddable":true,"href":"https:\/\/arriendo.com\/co\/wp-json\/wp\/v2\/es_categories?post=237110"},{"taxonomy":"es_type","embeddable":true,"href":"https:\/\/arriendo.com\/co\/wp-json\/wp\/v2\/es_types?post=237110"},{"taxonomy":"es_rent_period","embeddable":true,"href":"https:\/\/arriendo.com\/co\/wp-json\/wp\/v2\/es_rent_periods?post=237110"},{"taxonomy":"es_label","embeddable":true,"href":"https:\/\/arriendo.com\/co\/wp-json\/wp\/v2\/es_labels?post=237110"},{"taxonomy":"es_status","embeddable":true,"href":"https:\/\/arriendo.com\/co\/wp-json\/wp\/v2\/es_statuses?post=237110"},{"taxonomy":"es_parking","embeddable":true,"href":"https:\/\/arriendo.com\/co\/wp-json\/wp\/v2\/es_parkings?post=237110"},{"taxonomy":"es_roof","embeddable":true,"href":"https:\/\/arriendo.com\/co\/wp-json\/wp\/v2\/es_roofs?post=237110"},{"taxonomy":"es_exterior_material","embeddable":true,"href":"https:\/\/arriendo.com\/co\/wp-json\/wp\/v2\/es_exterior_materials?post=237110"},{"taxonomy":"es_basement","embeddable":true,"href":"https:\/\/arriendo.com\/co\/wp-json\/wp\/v2\/es_basements?post=237110"},{"taxonomy":"es_floor_covering","embeddable":true,"href":"https:\/\/arriendo.com\/co\/wp-json\/wp\/v2\/es_floor_coverings?post=237110"},{"taxonomy":"es_feature","embeddable":true,"href":"https:\/\/arriendo.com\/co\/wp-json\/wp\/v2\/es_features?post=237110"},{"taxonomy":"es_amenity","embeddable":true,"href":"https:\/\/arriendo.com\/co\/wp-json\/wp\/v2\/es_amenities?post=237110"},{"taxonomy":"es_neighborhood","embeddable":true,"href":"https:\/\/arriendo.com\/co\/wp-json\/wp\/v2\/es_neighborhoods?post=237110"},{"taxonomy":"es_tag","embeddable":true,"href":"https:\/\/arriendo.com\/co\/wp-json\/wp\/v2\/es_tags?post=237110"}],"curies":[{"name":"wp","href":"https:\/\/api.w.org\/{rel}","templated":true}]}}

<p>Se arrienda amplia casa de tres niveles en el Espinal, Tolima, con un área total de 276 m², ubicada estratégicamente frente a la Iglesia San Rafael, en un sector de fácil acceso y gran visibilidad.</p>
<p>El inmueble cuenta con 9 alcobas, 10 baños, cocina integral, local comercial en el primer nivel y dos parqueaderos.</p>
<p>Sus generosos espacios y excelente ubicación la convierten en una opción ideal para el desarrollo de diferentes actividades como casa cultural, clínica, centro médico, vitrinas comerciales, oficinas o instituciones educativas.</p>
