{"id":237093,"date":"2026-01-28T08:32:10","date_gmt":"2026-01-28T13:32:10","guid":{"rendered":"https:\/\/arriendo.com\/co\/%es_type%\/%address_city%\/%neighborhood%\/ibague-picalena-y-mirolindo-casa-en-arriendo-en-ad87f5\/"},"modified":"2026-01-28T08:32:10","modified_gmt":"2026-01-28T13:32:10","slug":"AR-237093","status":"publish","type":"properties","link":"https:\/\/arriendo.com\/co\/casas\/ibague\/picalena-y-mirolindo\/AR-237093\/","title":{"rendered":"Casa en Arriendo en Picale\u00f1a y Mirolindo, Ibagu\u00e9"},"content":{"rendered":"<p>Excelente casa en arriendo para uso comercial, sector Jord\u00e1n 1 Etapa. Ubicada en una excelente zona, a pocos pasos de la paralela de la quinta y del sector comercial, esta propiedad ofrece una oportunidad \u00fanica para establecer tu negocio u oficina.<\/p>\n<p>Con 140 m\u00b2 de construcci\u00f3n en un solo nivel, la casa se distribuye de manera amplia, lo que la convierte en el espacio ideal para m\u00faltiples usos comerciales. Cuenta con una sala comedor, cocina, 4 alcobas, 1 ba\u00f1o y un amplio patio. Su cercan\u00eda a v\u00edas principales y al sector comercial le garantiza una excelente visibilidad y f\u00e1cil acceso. Consta de un solo nivel.<\/p>\n","protected":false},"excerpt":{"rendered":"Excelente casa en arriendo para uso comercial, sector Jord\u00e1n 1...","protected":false},"author":6453,"featured_media":237096,"template":"","es_locations":[337,2686,106],"es_categories":[124],"es_types":[115],"es_rent_periods":[],"es_labels":[],"es_statuses":[],"es_parkings":[],"es_roofs":[],"es_exterior_materials":[],"es_basements":[],"es_floor_coverings":[],"es_features":[2263,2220,2272,2135,2150,2136,2152],"es_amenities":[2269,2221,2273,2142,2161,2143,2162],"es_neighborhoods":[],"es_tags":[],"class_list":["post-237093","properties","type-properties","status-publish","has-post-thumbnail","hentry","es_location-ibague","es_location-picalena-y-mirolindo","es_location-tolima","es_category-arriendo","es_type-casas","es_feature-barra-estilo-americano","es_feature-patio","es_feature-piso-en-baldosa-marmol","es_feature-sobre-via-principal","es_feature-supermercados-c-comerciales","es_feature-trans-publico-cercano","es_feature-zona-residencial","es_amenity-barra-estilo-americano","es_amenity-patio","es_amenity-piso-en-baldosa-marmol","es_amenity-sobre-via-principal","es_amenity-supermercados-c-comerciales","es_amenity-trans-publico-cercano","es_amenity-zona-residencial","es-post-entity"],"_links":{"self":[{"href":"https:\/\/arriendo.com\/co\/wp-json\/wp\/v2\/properties\/237093","targetHints":{"allow":["GET"]}}],"collection":[{"href":"https:\/\/arriendo.com\/co\/wp-json\/wp\/v2\/properties"}],"about":[{"href":"https:\/\/arriendo.com\/co\/wp-json\/wp\/v2\/types\/properties"}],"author":[{"embeddable":true,"href":"https:\/\/arriendo.com\/co\/wp-json\/wp\/v2\/users\/6453"}],"version-history":[{"count":0,"href":"https:\/\/arriendo.com\/co\/wp-json\/wp\/v2\/properties\/237093\/revisions"}],"wp:featuredmedia":[{"embeddable":true,"href":"https:\/\/arriendo.com\/co\/wp-json\/wp\/v2\/media\/237096"}],"wp:attachment":[{"href":"https:\/\/arriendo.com\/co\/wp-json\/wp\/v2\/media?parent=237093"}],"wp:term":[{"taxonomy":"es_location","embeddable":true,"href":"https:\/\/arriendo.com\/co\/wp-json\/wp\/v2\/es_locations?post=237093"},{"taxonomy":"es_category","embeddable":true,"href":"https:\/\/arriendo.com\/co\/wp-json\/wp\/v2\/es_categories?post=237093"},{"taxonomy":"es_type","embeddable":true,"href":"https:\/\/arriendo.com\/co\/wp-json\/wp\/v2\/es_types?post=237093"},{"taxonomy":"es_rent_period","embeddable":true,"href":"https:\/\/arriendo.com\/co\/wp-json\/wp\/v2\/es_rent_periods?post=237093"},{"taxonomy":"es_label","embeddable":true,"href":"https:\/\/arriendo.com\/co\/wp-json\/wp\/v2\/es_labels?post=237093"},{"taxonomy":"es_status","embeddable":true,"href":"https:\/\/arriendo.com\/co\/wp-json\/wp\/v2\/es_statuses?post=237093"},{"taxonomy":"es_parking","embeddable":true,"href":"https:\/\/arriendo.com\/co\/wp-json\/wp\/v2\/es_parkings?post=237093"},{"taxonomy":"es_roof","embeddable":true,"href":"https:\/\/arriendo.com\/co\/wp-json\/wp\/v2\/es_roofs?post=237093"},{"taxonomy":"es_exterior_material","embeddable":true,"href":"https:\/\/arriendo.com\/co\/wp-json\/wp\/v2\/es_exterior_materials?post=237093"},{"taxonomy":"es_basement","embeddable":true,"href":"https:\/\/arriendo.com\/co\/wp-json\/wp\/v2\/es_basements?post=237093"},{"taxonomy":"es_floor_covering","embeddable":true,"href":"https:\/\/arriendo.com\/co\/wp-json\/wp\/v2\/es_floor_coverings?post=237093"},{"taxonomy":"es_feature","embeddable":true,"href":"https:\/\/arriendo.com\/co\/wp-json\/wp\/v2\/es_features?post=237093"},{"taxonomy":"es_amenity","embeddable":true,"href":"https:\/\/arriendo.com\/co\/wp-json\/wp\/v2\/es_amenities?post=237093"},{"taxonomy":"es_neighborhood","embeddable":true,"href":"https:\/\/arriendo.com\/co\/wp-json\/wp\/v2\/es_neighborhoods?post=237093"},{"taxonomy":"es_tag","embeddable":true,"href":"https:\/\/arriendo.com\/co\/wp-json\/wp\/v2\/es_tags?post=237093"}],"curies":[{"name":"wp","href":"https:\/\/api.w.org\/{rel}","templated":true}]}}

Casa en Arriendo en Picaleña y Mirolindo, Ibagué

<p>Excelente casa en arriendo para uso comercial, sector Jordán 1 Etapa. Ubicada en una excelente zona, a pocos pasos de la paralela de la quinta y del sector comercial, esta propiedad ofrece una oportunidad única para establecer tu negocio u oficina.</p>
<p>Con 140 m² de construcción en un solo nivel, la casa se distribuye de manera amplia, lo que la convierte en el espacio ideal para múltiples usos comerciales. Cuenta con una sala comedor, cocina, 4 alcobas, 1 baño y un amplio patio. Su cercanía a vías principales y al sector comercial le garantiza una excelente visibilidad y fácil acceso. Consta de un solo nivel.</p>

Excelente casa en arriendo para uso comercial, sector Jordán 1...
