{"id":237045,"date":"2026-01-28T08:27:54","date_gmt":"2026-01-28T13:27:54","guid":{"rendered":"https:\/\/arriendo.com\/co\/%es_type%\/%address_city%\/%neighborhood%\/ibague-prados-del-norte-oficina-en-arriendo-en-a9c1a1\/"},"modified":"2026-01-28T08:27:54","modified_gmt":"2026-01-28T13:27:54","slug":"AR-237045","status":"publish","type":"properties","link":"https:\/\/arriendo.com\/co\/oficinas\/ibague\/prados-del-norte\/AR-237045\/","title":{"rendered":"Oficina en Arriendo en Prados del norte, Ibagu\u00e9"},"content":{"rendered":"<p>Oficina amoblada en el CC Acqua WTC, Ibagu\u00e9. Piso 10 con vista panor\u00e1mica.<\/p>\n<p>Moderna y amplia oficina de 130 m\u00b2. Cuenta con una magnifica vista panor\u00e1mica e iluminaci\u00f3n natural, 4 oficinas, un total para 24 personas para laborar, archivo, cocineta y nevera. <\/p>\n<p>El edificio es inteligente, con tecnolog\u00eda de punta y servicios premium ideales para empresas que buscan proyecci\u00f3n, confort y ubicaci\u00f3n estrat\u00e9gica. Una excelente oportunidad para tu empresa.<\/p>\n<p>Cont\u00e1<\/p>\n","protected":false},"excerpt":{"rendered":"Oficina amoblada en el CC Acqua WTC, Ibagu\u00e9. Piso 10...","protected":false},"author":6453,"featured_media":237048,"template":"","es_locations":[337,358,106],"es_categories":[124],"es_types":[116],"es_rent_periods":[],"es_labels":[],"es_statuses":[],"es_parkings":[],"es_roofs":[],"es_exterior_materials":[],"es_basements":[],"es_floor_coverings":[],"es_features":[131,2392,2328,2302,2132,2135,2239,2136],"es_amenities":[152,2394,2330,2303,2140,2142,2256,2143],"es_neighborhoods":[],"es_tags":[],"class_list":["post-237045","properties","type-properties","status-publish","has-post-thumbnail","hentry","es_location-ibague","es_location-prados-del-norte","es_location-tolima","es_category-arriendo","es_type-oficinas","es_feature-ascensor","es_feature-ascensores-inteligentes","es_feature-banos-mixtos","es_feature-cocineta","es_feature-parques-cercanos","es_feature-sobre-via-principal","es_feature-sobre-via-secundaria","es_feature-trans-publico-cercano","es_amenity-ascensor-privado","es_amenity-ascensores-inteligentes","es_amenity-banos-mixtos","es_amenity-cocineta","es_amenity-parques-cercanos","es_amenity-sobre-via-principal","es_amenity-sobre-via-secundaria","es_amenity-trans-publico-cercano","es-post-entity"],"_links":{"self":[{"href":"https:\/\/arriendo.com\/co\/wp-json\/wp\/v2\/properties\/237045","targetHints":{"allow":["GET"]}}],"collection":[{"href":"https:\/\/arriendo.com\/co\/wp-json\/wp\/v2\/properties"}],"about":[{"href":"https:\/\/arriendo.com\/co\/wp-json\/wp\/v2\/types\/properties"}],"author":[{"embeddable":true,"href":"https:\/\/arriendo.com\/co\/wp-json\/wp\/v2\/users\/6453"}],"version-history":[{"count":0,"href":"https:\/\/arriendo.com\/co\/wp-json\/wp\/v2\/properties\/237045\/revisions"}],"wp:featuredmedia":[{"embeddable":true,"href":"https:\/\/arriendo.com\/co\/wp-json\/wp\/v2\/media\/237048"}],"wp:attachment":[{"href":"https:\/\/arriendo.com\/co\/wp-json\/wp\/v2\/media?parent=237045"}],"wp:term":[{"taxonomy":"es_location","embeddable":true,"href":"https:\/\/arriendo.com\/co\/wp-json\/wp\/v2\/es_locations?post=237045"},{"taxonomy":"es_category","embeddable":true,"href":"https:\/\/arriendo.com\/co\/wp-json\/wp\/v2\/es_categories?post=237045"},{"taxonomy":"es_type","embeddable":true,"href":"https:\/\/arriendo.com\/co\/wp-json\/wp\/v2\/es_types?post=237045"},{"taxonomy":"es_rent_period","embeddable":true,"href":"https:\/\/arriendo.com\/co\/wp-json\/wp\/v2\/es_rent_periods?post=237045"},{"taxonomy":"es_label","embeddable":true,"href":"https:\/\/arriendo.com\/co\/wp-json\/wp\/v2\/es_labels?post=237045"},{"taxonomy":"es_status","embeddable":true,"href":"https:\/\/arriendo.com\/co\/wp-json\/wp\/v2\/es_statuses?post=237045"},{"taxonomy":"es_parking","embeddable":true,"href":"https:\/\/arriendo.com\/co\/wp-json\/wp\/v2\/es_parkings?post=237045"},{"taxonomy":"es_roof","embeddable":true,"href":"https:\/\/arriendo.com\/co\/wp-json\/wp\/v2\/es_roofs?post=237045"},{"taxonomy":"es_exterior_material","embeddable":true,"href":"https:\/\/arriendo.com\/co\/wp-json\/wp\/v2\/es_exterior_materials?post=237045"},{"taxonomy":"es_basement","embeddable":true,"href":"https:\/\/arriendo.com\/co\/wp-json\/wp\/v2\/es_basements?post=237045"},{"taxonomy":"es_floor_covering","embeddable":true,"href":"https:\/\/arriendo.com\/co\/wp-json\/wp\/v2\/es_floor_coverings?post=237045"},{"taxonomy":"es_feature","embeddable":true,"href":"https:\/\/arriendo.com\/co\/wp-json\/wp\/v2\/es_features?post=237045"},{"taxonomy":"es_amenity","embeddable":true,"href":"https:\/\/arriendo.com\/co\/wp-json\/wp\/v2\/es_amenities?post=237045"},{"taxonomy":"es_neighborhood","embeddable":true,"href":"https:\/\/arriendo.com\/co\/wp-json\/wp\/v2\/es_neighborhoods?post=237045"},{"taxonomy":"es_tag","embeddable":true,"href":"https:\/\/arriendo.com\/co\/wp-json\/wp\/v2\/es_tags?post=237045"}],"curies":[{"name":"wp","href":"https:\/\/api.w.org\/{rel}","templated":true}]}}

Oficina en Arriendo en Prados del norte, Ibagué

<p>Oficina amoblada en el CC Acqua WTC, Ibagué. Piso 10 con vista panorámica.</p>
<p>Moderna y amplia oficina de 130 m². Cuenta con una magnifica vista panorámica e iluminación natural, 4 oficinas, un total para 24 personas para laborar, archivo, cocineta y nevera. </p>
<p>El edificio es inteligente, con tecnología de punta y servicios premium ideales para empresas que buscan proyección, confort y ubicación estratégica. Una excelente oportunidad para tu empresa.</p>
<p>Contá</p>

Oficina amoblada en el CC Acqua WTC, Ibagué. Piso 10...
