{"id":236925,"date":"2026-01-28T08:18:34","date_gmt":"2026-01-28T13:18:34","guid":{"rendered":"https:\/\/arriendo.com\/co\/%es_type%\/%address_city%\/%neighborhood%\/bucaramanga-san-francisco-local-en-arriendo-en-ace062\/"},"modified":"2026-01-28T08:18:34","modified_gmt":"2026-01-28T13:18:34","slug":"AR-236925","status":"publish","type":"properties","link":"https:\/\/arriendo.com\/co\/locales\/bucaramanga\/san-francisco\/AR-236925\/","title":{"rendered":"Local en Arriendo en San francisco, Bucaramanga"},"content":{"rendered":"<p>Se arrienda hermoso local comercial estrat\u00e9gicamente ubicado en el coraz\u00f3n de San Francisco, una zona reconocida por su vibrante actividad comercial y su constante flujo de clientes. Este espacio ofrece una excelente oportunidad para establecer o expandir su negocio, benefici\u00e1ndose de una ubicaci\u00f3n privilegiada que garantiza alta visibilidad y f\u00e1cil acceso. El local cuenta con un dise\u00f1o vers\u00e1til que se adapta a diversas necesidades empresariales, desde tiendas minoristas hasta oficinas o consultorios. Su entorno din\u00e1mico y la proximidad a otros comercios, servicios y transporte p\u00fablico lo convierten en una opci\u00f3n inmejorable para aquellos que buscan maximizar su potencial de crecimiento y asegurar una presencia destacada en el mercado.<\/p>\n","protected":false},"excerpt":{"rendered":"Se arrienda hermoso local comercial estrat\u00e9gicamente ubicado en el coraz\u00f3n...","protected":false},"author":6792,"featured_media":236928,"template":"","es_locations":[175,1080,104],"es_categories":[124],"es_types":[117],"es_rent_periods":[],"es_labels":[],"es_statuses":[],"es_parkings":[],"es_roofs":[],"es_exterior_materials":[],"es_basements":[],"es_floor_coverings":[],"es_features":[2265,2454,2176,2203,2385,2455,2132,2272,2365,2135,2239,2137,2300,2152],"es_amenities":[2268,2456,2191,2208,2386,2457,2140,2273,2366,2142,2256,2144,2301,2162],"es_neighborhoods":[],"es_tags":[],"class_list":["post-236925","properties","type-properties","status-publish","has-post-thumbnail","hentry","es_location-bucaramanga","es_location-san-francisco","es_location-santander","es_category-arriendo","es_type-locales","es_feature-bahia-exterior-de-parqueo","es_feature-en-centro-comercial","es_feature-en-zona-residencial","es_feature-jardines-exteriores","es_feature-local-exterior","es_feature-local-interior","es_feature-parques-cercanos","es_feature-piso-en-baldosa-marmol","es_feature-planta-electrica","es_feature-sobre-via-principal","es_feature-sobre-via-secundaria","es_feature-zona-comercial","es_feature-zona-industrial","es_feature-zona-residencial","es_amenity-bahia-exterior-de-parqueo","es_amenity-en-centro-comercial","es_amenity-en-zona-residencial","es_amenity-jardines-exteriores","es_amenity-local-exterior","es_amenity-local-interior","es_amenity-parques-cercanos","es_amenity-piso-en-baldosa-marmol","es_amenity-planta-electrica","es_amenity-sobre-via-principal","es_amenity-sobre-via-secundaria","es_amenity-zona-comercial","es_amenity-zona-industrial","es_amenity-zona-residencial","es-post-entity"],"_links":{"self":[{"href":"https:\/\/arriendo.com\/co\/wp-json\/wp\/v2\/properties\/236925","targetHints":{"allow":["GET"]}}],"collection":[{"href":"https:\/\/arriendo.com\/co\/wp-json\/wp\/v2\/properties"}],"about":[{"href":"https:\/\/arriendo.com\/co\/wp-json\/wp\/v2\/types\/properties"}],"author":[{"embeddable":true,"href":"https:\/\/arriendo.com\/co\/wp-json\/wp\/v2\/users\/6792"}],"version-history":[{"count":0,"href":"https:\/\/arriendo.com\/co\/wp-json\/wp\/v2\/properties\/236925\/revisions"}],"wp:featuredmedia":[{"embeddable":true,"href":"https:\/\/arriendo.com\/co\/wp-json\/wp\/v2\/media\/236928"}],"wp:attachment":[{"href":"https:\/\/arriendo.com\/co\/wp-json\/wp\/v2\/media?parent=236925"}],"wp:term":[{"taxonomy":"es_location","embeddable":true,"href":"https:\/\/arriendo.com\/co\/wp-json\/wp\/v2\/es_locations?post=236925"},{"taxonomy":"es_category","embeddable":true,"href":"https:\/\/arriendo.com\/co\/wp-json\/wp\/v2\/es_categories?post=236925"},{"taxonomy":"es_type","embeddable":true,"href":"https:\/\/arriendo.com\/co\/wp-json\/wp\/v2\/es_types?post=236925"},{"taxonomy":"es_rent_period","embeddable":true,"href":"https:\/\/arriendo.com\/co\/wp-json\/wp\/v2\/es_rent_periods?post=236925"},{"taxonomy":"es_label","embeddable":true,"href":"https:\/\/arriendo.com\/co\/wp-json\/wp\/v2\/es_labels?post=236925"},{"taxonomy":"es_status","embeddable":true,"href":"https:\/\/arriendo.com\/co\/wp-json\/wp\/v2\/es_statuses?post=236925"},{"taxonomy":"es_parking","embeddable":true,"href":"https:\/\/arriendo.com\/co\/wp-json\/wp\/v2\/es_parkings?post=236925"},{"taxonomy":"es_roof","embeddable":true,"href":"https:\/\/arriendo.com\/co\/wp-json\/wp\/v2\/es_roofs?post=236925"},{"taxonomy":"es_exterior_material","embeddable":true,"href":"https:\/\/arriendo.com\/co\/wp-json\/wp\/v2\/es_exterior_materials?post=236925"},{"taxonomy":"es_basement","embeddable":true,"href":"https:\/\/arriendo.com\/co\/wp-json\/wp\/v2\/es_basements?post=236925"},{"taxonomy":"es_floor_covering","embeddable":true,"href":"https:\/\/arriendo.com\/co\/wp-json\/wp\/v2\/es_floor_coverings?post=236925"},{"taxonomy":"es_feature","embeddable":true,"href":"https:\/\/arriendo.com\/co\/wp-json\/wp\/v2\/es_features?post=236925"},{"taxonomy":"es_amenity","embeddable":true,"href":"https:\/\/arriendo.com\/co\/wp-json\/wp\/v2\/es_amenities?post=236925"},{"taxonomy":"es_neighborhood","embeddable":true,"href":"https:\/\/arriendo.com\/co\/wp-json\/wp\/v2\/es_neighborhoods?post=236925"},{"taxonomy":"es_tag","embeddable":true,"href":"https:\/\/arriendo.com\/co\/wp-json\/wp\/v2\/es_tags?post=236925"}],"curies":[{"name":"wp","href":"https:\/\/api.w.org\/{rel}","templated":true}]}}

<p>Se arrienda hermoso local comercial estratégicamente ubicado en el corazón de San Francisco, una zona reconocida por su vibrante actividad comercial y su constante flujo de clientes. Este espacio ofrece una excelente oportunidad para establecer o expandir su negocio, beneficiándose de una ubicación privilegiada que garantiza alta visibilidad y fácil acceso. El local cuenta con un diseño versátil que se adapta a diversas necesidades empresariales, desde tiendas minoristas hasta oficinas o consultorios. Su entorno dinámico y la proximidad a otros comercios, servicios y transporte público lo convierten en una opción inmejorable para aquellos que buscan maximizar su potencial de crecimiento y asegurar una presencia destacada en el mercado.</p>

Se arrienda hermoso local comercial estratégicamente ubicado en el corazón...
