{"id":236861,"date":"2026-01-28T08:13:14","date_gmt":"2026-01-28T13:13:14","guid":{"rendered":"https:\/\/arriendo.com\/co\/%es_type%\/%address_city%\/%neighborhood%\/bucaramanga-san-francisco-apartamento-en-arriendo-en-a494d8\/"},"modified":"2026-01-28T08:13:14","modified_gmt":"2026-01-28T13:13:14","slug":"AR-236861","status":"publish","type":"properties","link":"https:\/\/arriendo.com\/co\/apartamentos\/bucaramanga\/san-francisco\/AR-236861\/","title":{"rendered":"Apartamento en Arriendo en San francisco, Bucaramanga"},"content":{"rendered":"<p>Descubra la esencia de la vida urbana moderna en este excepcional apartamento de 68 m\u00b2 en arriendo, estrat\u00e9gicamente ubicado en el vibrante y codiciado sector de San Francisco, Bucaramanga, Santander. Con una construcci\u00f3n reciente, este inmueble redefine la funcionalidad con un dise\u00f1o contempor\u00e1neo y una luminosidad que invita a disfrutar cada momento.<\/p>\n<p>El coraz\u00f3n de este hogar es su impresionante cocina integral de concepto abierto, un espacio donde la elegancia se encuentra con la practicidad. Sus gabinetes de madera clara y encimeras de granito se complementan a la perfecci\u00f3n con una moderna barra estilo americano, ideal para desayunos r\u00e1pidos o reuniones informales. Un amplio ventanal no solo inunda el espacio de luz natural, sino que tambi\u00e9n ofrece vistas agradables que inspiran. El apartamento cuenta con dos ba\u00f1os elegantemente dise\u00f1ados, garantizando comodidad y privacidad. El dormitorio secundario, con su ambiente neutro, es un lienzo en blanco esperando ser transformado en su santuario personal.<\/p>\n<p>Imag\u00ednese disfrutando de un caf\u00e9 matutino o un atardecer tranquilo en su balc\u00f3n privado, un oasis urbano con vistas a la ciudad y abundante vegetaci\u00f3n, perfecto para relajarse y desconectar del ajetreo diario. Los pisos en baldosa\/m\u00e1rmol, la ventilaci\u00f3n natural y las cautivadoras vistas urbanas realzan la sofisticaci\u00f3n de esta propiedad. Adem\u00e1s, un jard\u00edn que a\u00f1ade un toque de verdor y funcionalidad, creando un espacio vers\u00e1til para sus necesidades.<\/p>\n<p>Este apartamento no es solo un lugar para vivir; es una invitaci\u00f3n a experimentar un estilo de vida moderno y pr\u00e1ctico en una de las zonas m\u00e1s din\u00e1micas de Bucaramanga. Combina un dise\u00f1o inteligente con una ubicaci\u00f3n inmejorable, ofreciendo una oportunidad \u00fanica para quienes buscan calidad, confort y un entorno vibrante.<\/p>\n","protected":false},"excerpt":{"rendered":"Descubra la esencia de la vida urbana moderna en este...","protected":false},"author":6792,"featured_media":236864,"template":"","es_locations":[175,1080,104],"es_categories":[124],"es_types":[114],"es_rent_periods":[],"es_labels":[],"es_statuses":[],"es_parkings":[],"es_roofs":[],"es_exterior_materials":[],"es_basements":[],"es_floor_coverings":[],"es_features":[149,132,2212,133,2146,2148,2179,2203,2216,2132,2272,2135,2150,2136,144,2376,2306,2137,2151,2300,2152,2204],"es_amenities":[2329,2186,2217,2154,2155,2157,154,2208,156,2140,2273,2142,2161,2143,2289,2377,2308,2144,162,2301,2162,2209],"es_neighborhoods":[],"es_tags":[],"class_list":["post-236861","properties","type-properties","status-publish","has-post-thumbnail","hentry","es_location-bucaramanga","es_location-san-francisco","es_location-santander","es_category-arriendo","es_type-apartamentos","es_feature-aire-acondicionado","es_feature-balcon","es_feature-bano-auxiliar","es_feature-citofono","es_feature-cocina-integral","es_feature-colegios-universidades","es_feature-gimnasio","es_feature-jardines-exteriores","es_feature-parqueadero-visitantes","es_feature-parques-cercanos","es_feature-piso-en-baldosa-marmol","es_feature-sobre-via-principal","es_feature-supermercados-c-comerciales","es_feature-trans-publico-cercano","es_feature-vista-panoramica","es_feature-vivienda-multifamiliar","es_feature-zona-campestre","es_feature-zona-comercial","es_feature-zona-de-lavanderia","es_feature-zona-industrial","es_feature-zona-residencial","es_feature-zonas-verdes","es_amenity-aire-acondicionado","es_amenity-balcon","es_amenity-bano-auxiliar","es_amenity-citofono","es_amenity-cocina-integral","es_amenity-colegios-universidades","es_amenity-gimnasio","es_amenity-jardines-exteriores","es_amenity-parqueadero-visitantes","es_amenity-parques-cercanos","es_amenity-piso-en-baldosa-marmol","es_amenity-sobre-via-principal","es_amenity-supermercados-c-comerciales","es_amenity-trans-publico-cercano","es_amenity-vista-panoramica","es_amenity-vivienda-multifamiliar","es_amenity-zona-campestre","es_amenity-zona-comercial","es_amenity-zona-de-lavanderia","es_amenity-zona-industrial","es_amenity-zona-residencial","es_amenity-zonas-verdes","es-post-entity"],"_links":{"self":[{"href":"https:\/\/arriendo.com\/co\/wp-json\/wp\/v2\/properties\/236861","targetHints":{"allow":["GET"]}}],"collection":[{"href":"https:\/\/arriendo.com\/co\/wp-json\/wp\/v2\/properties"}],"about":[{"href":"https:\/\/arriendo.com\/co\/wp-json\/wp\/v2\/types\/properties"}],"author":[{"embeddable":true,"href":"https:\/\/arriendo.com\/co\/wp-json\/wp\/v2\/users\/6792"}],"version-history":[{"count":0,"href":"https:\/\/arriendo.com\/co\/wp-json\/wp\/v2\/properties\/236861\/revisions"}],"wp:featuredmedia":[{"embeddable":true,"href":"https:\/\/arriendo.com\/co\/wp-json\/wp\/v2\/media\/236864"}],"wp:attachment":[{"href":"https:\/\/arriendo.com\/co\/wp-json\/wp\/v2\/media?parent=236861"}],"wp:term":[{"taxonomy":"es_location","embeddable":true,"href":"https:\/\/arriendo.com\/co\/wp-json\/wp\/v2\/es_locations?post=236861"},{"taxonomy":"es_category","embeddable":true,"href":"https:\/\/arriendo.com\/co\/wp-json\/wp\/v2\/es_categories?post=236861"},{"taxonomy":"es_type","embeddable":true,"href":"https:\/\/arriendo.com\/co\/wp-json\/wp\/v2\/es_types?post=236861"},{"taxonomy":"es_rent_period","embeddable":true,"href":"https:\/\/arriendo.com\/co\/wp-json\/wp\/v2\/es_rent_periods?post=236861"},{"taxonomy":"es_label","embeddable":true,"href":"https:\/\/arriendo.com\/co\/wp-json\/wp\/v2\/es_labels?post=236861"},{"taxonomy":"es_status","embeddable":true,"href":"https:\/\/arriendo.com\/co\/wp-json\/wp\/v2\/es_statuses?post=236861"},{"taxonomy":"es_parking","embeddable":true,"href":"https:\/\/arriendo.com\/co\/wp-json\/wp\/v2\/es_parkings?post=236861"},{"taxonomy":"es_roof","embeddable":true,"href":"https:\/\/arriendo.com\/co\/wp-json\/wp\/v2\/es_roofs?post=236861"},{"taxonomy":"es_exterior_material","embeddable":true,"href":"https:\/\/arriendo.com\/co\/wp-json\/wp\/v2\/es_exterior_materials?post=236861"},{"taxonomy":"es_basement","embeddable":true,"href":"https:\/\/arriendo.com\/co\/wp-json\/wp\/v2\/es_basements?post=236861"},{"taxonomy":"es_floor_covering","embeddable":true,"href":"https:\/\/arriendo.com\/co\/wp-json\/wp\/v2\/es_floor_coverings?post=236861"},{"taxonomy":"es_feature","embeddable":true,"href":"https:\/\/arriendo.com\/co\/wp-json\/wp\/v2\/es_features?post=236861"},{"taxonomy":"es_amenity","embeddable":true,"href":"https:\/\/arriendo.com\/co\/wp-json\/wp\/v2\/es_amenities?post=236861"},{"taxonomy":"es_neighborhood","embeddable":true,"href":"https:\/\/arriendo.com\/co\/wp-json\/wp\/v2\/es_neighborhoods?post=236861"},{"taxonomy":"es_tag","embeddable":true,"href":"https:\/\/arriendo.com\/co\/wp-json\/wp\/v2\/es_tags?post=236861"}],"curies":[{"name":"wp","href":"https:\/\/api.w.org\/{rel}","templated":true}]}}

<p>Descubra la esencia de la vida urbana moderna en este excepcional apartamento de 68 m² en arriendo, estratégicamente ubicado en el vibrante y codiciado sector de San Francisco, Bucaramanga, Santander. Con una construcción reciente, este inmueble redefine la funcionalidad con un diseño contemporáneo y una luminosidad que invita a disfrutar cada momento.</p>
<p>El corazón de este hogar es su impresionante cocina integral de concepto abierto, un espacio donde la elegancia se encuentra con la practicidad. Sus gabinetes de madera clara y encimeras de granito se complementan a la perfección con una moderna barra estilo americano, ideal para desayunos rápidos o reuniones informales. Un amplio ventanal no solo inunda el espacio de luz natural, sino que también ofrece vistas agradables que inspiran. El apartamento cuenta con dos baños elegantemente diseñados, garantizando comodidad y privacidad. El dormitorio secundario, con su ambiente neutro, es un lienzo en blanco esperando ser transformado en su santuario personal.</p>
<p>Imagínese disfrutando de un café matutino o un atardecer tranquilo en su balcón privado, un oasis urbano con vistas a la ciudad y abundante vegetación, perfecto para relajarse y desconectar del ajetreo diario. Los pisos en baldosa/mármol, la ventilación natural y las cautivadoras vistas urbanas realzan la sofisticación de esta propiedad. Además, un jardín que añade un toque de verdor y funcionalidad, creando un espacio versátil para sus necesidades.</p>
<p>Este apartamento no es solo un lugar para vivir; es una invitación a experimentar un estilo de vida moderno y práctico en una de las zonas más dinámicas de Bucaramanga. Combina un diseño inteligente con una ubicación inmejorable, ofreciendo una oportunidad única para quienes buscan calidad, confort y un entorno vibrante.</p>
