{"id":236521,"date":"2026-01-27T20:31:59","date_gmt":"2026-01-28T01:31:59","guid":{"rendered":"https:\/\/arriendo.com\/co\/%es_type%\/%address_city%\/%neighborhood%\/bogota-chapinero-oficina-en-arriendo-en-f14a29\/"},"modified":"2026-01-27T20:31:59","modified_gmt":"2026-01-28T01:31:59","slug":"AR-236521","status":"publish","type":"properties","link":"https:\/\/arriendo.com\/co\/oficinas\/bogota\/chapinero\/AR-236521\/","title":{"rendered":"Oficina en arriendo en Chapinero, Bogot\u00e1"},"content":{"rendered":"<p>Espaciosa,  C\u00e1lida y Acogedora,  Oficina de 41 m\u00b2,  con Tres Ambientes,  Ba\u00f1o Privado y Garaje Cubierto Independiente. Piso 4 Exterior,  Vigilancia 24 Horas,  Excelente Ubicaci\u00f3n,  Sector Muy Recursivo,  Cerca de Zonas Comerciales,  Amplia Oferta de Transporte P\u00fablico. Incluye las divisiones. Se entrega sin mobiliario. El valor del canon incluye administraci\u00f3n.<\/p>\n","protected":false},"excerpt":{"rendered":"Espaciosa, C\u00e1lida y Acogedora, Oficina de 41 m\u00b2, con Tres...","protected":false},"author":4102,"featured_media":236524,"template":"","es_locations":[110,77,261],"es_categories":[124],"es_types":[116],"es_rent_periods":[],"es_labels":[],"es_statuses":[],"es_parkings":[],"es_roofs":[],"es_exterior_materials":[],"es_basements":[],"es_floor_coverings":[],"es_features":[131,133,2178,2132,2400,2133,2134,2239,2136,2297,2137],"es_amenities":[152,2154,2193,2140,2403,158,2141,2256,2143,2299,2144],"es_neighborhoods":[],"es_tags":[],"class_list":["post-236521","properties","type-properties","status-publish","has-post-thumbnail","hentry","es_location-bogota","es_location-bogota-d-c","es_location-chapinero","es_category-arriendo","es_type-oficinas","es_feature-ascensor","es_feature-citofono","es_feature-garaje-cubierto","es_feature-parques-cercanos","es_feature-piso-en-alfombra","es_feature-porteria-recepcion","es_feature-servicios-publicos","es_feature-sobre-via-secundaria","es_feature-trans-publico-cercano","es_feature-ubicada-en-edificio","es_feature-zona-comercial","es_amenity-ascensor-privado","es_amenity-citofono","es_amenity-garaje-cubierto","es_amenity-parques-cercanos","es_amenity-piso-en-alfombra","es_amenity-porteria-recepcion","es_amenity-servicios-publicos","es_amenity-sobre-via-secundaria","es_amenity-trans-publico-cercano","es_amenity-ubicada-en-edificio","es_amenity-zona-comercial","es-post-entity"],"_links":{"self":[{"href":"https:\/\/arriendo.com\/co\/wp-json\/wp\/v2\/properties\/236521","targetHints":{"allow":["GET"]}}],"collection":[{"href":"https:\/\/arriendo.com\/co\/wp-json\/wp\/v2\/properties"}],"about":[{"href":"https:\/\/arriendo.com\/co\/wp-json\/wp\/v2\/types\/properties"}],"author":[{"embeddable":true,"href":"https:\/\/arriendo.com\/co\/wp-json\/wp\/v2\/users\/4102"}],"version-history":[{"count":0,"href":"https:\/\/arriendo.com\/co\/wp-json\/wp\/v2\/properties\/236521\/revisions"}],"wp:featuredmedia":[{"embeddable":true,"href":"https:\/\/arriendo.com\/co\/wp-json\/wp\/v2\/media\/236524"}],"wp:attachment":[{"href":"https:\/\/arriendo.com\/co\/wp-json\/wp\/v2\/media?parent=236521"}],"wp:term":[{"taxonomy":"es_location","embeddable":true,"href":"https:\/\/arriendo.com\/co\/wp-json\/wp\/v2\/es_locations?post=236521"},{"taxonomy":"es_category","embeddable":true,"href":"https:\/\/arriendo.com\/co\/wp-json\/wp\/v2\/es_categories?post=236521"},{"taxonomy":"es_type","embeddable":true,"href":"https:\/\/arriendo.com\/co\/wp-json\/wp\/v2\/es_types?post=236521"},{"taxonomy":"es_rent_period","embeddable":true,"href":"https:\/\/arriendo.com\/co\/wp-json\/wp\/v2\/es_rent_periods?post=236521"},{"taxonomy":"es_label","embeddable":true,"href":"https:\/\/arriendo.com\/co\/wp-json\/wp\/v2\/es_labels?post=236521"},{"taxonomy":"es_status","embeddable":true,"href":"https:\/\/arriendo.com\/co\/wp-json\/wp\/v2\/es_statuses?post=236521"},{"taxonomy":"es_parking","embeddable":true,"href":"https:\/\/arriendo.com\/co\/wp-json\/wp\/v2\/es_parkings?post=236521"},{"taxonomy":"es_roof","embeddable":true,"href":"https:\/\/arriendo.com\/co\/wp-json\/wp\/v2\/es_roofs?post=236521"},{"taxonomy":"es_exterior_material","embeddable":true,"href":"https:\/\/arriendo.com\/co\/wp-json\/wp\/v2\/es_exterior_materials?post=236521"},{"taxonomy":"es_basement","embeddable":true,"href":"https:\/\/arriendo.com\/co\/wp-json\/wp\/v2\/es_basements?post=236521"},{"taxonomy":"es_floor_covering","embeddable":true,"href":"https:\/\/arriendo.com\/co\/wp-json\/wp\/v2\/es_floor_coverings?post=236521"},{"taxonomy":"es_feature","embeddable":true,"href":"https:\/\/arriendo.com\/co\/wp-json\/wp\/v2\/es_features?post=236521"},{"taxonomy":"es_amenity","embeddable":true,"href":"https:\/\/arriendo.com\/co\/wp-json\/wp\/v2\/es_amenities?post=236521"},{"taxonomy":"es_neighborhood","embeddable":true,"href":"https:\/\/arriendo.com\/co\/wp-json\/wp\/v2\/es_neighborhoods?post=236521"},{"taxonomy":"es_tag","embeddable":true,"href":"https:\/\/arriendo.com\/co\/wp-json\/wp\/v2\/es_tags?post=236521"}],"curies":[{"name":"wp","href":"https:\/\/api.w.org\/{rel}","templated":true}]}}

Oficina en arriendo en Chapinero, Bogotá

<p>Espaciosa,  Cálida y Acogedora,  Oficina de 41 m²,  con Tres Ambientes,  Baño Privado y Garaje Cubierto Independiente. Piso 4 Exterior,  Vigilancia 24 Horas,  Excelente Ubicación,  Sector Muy Recursivo,  Cerca de Zonas Comerciales,  Amplia Oferta de Transporte Público. Incluye las divisiones. Se entrega sin mobiliario. El valor del canon incluye administración.</p>

Espaciosa, Cálida y Acogedora, Oficina de 41 m², con Tres...
