{"id":236505,"date":"2026-01-27T20:29:59","date_gmt":"2026-01-28T01:29:59","guid":{"rendered":"https:\/\/arriendo.com\/co\/%es_type%\/%address_city%\/%neighborhood%\/bogota-restrepo-occidental-local-en-arriendo-en-71ec78\/"},"modified":"2026-01-27T20:29:59","modified_gmt":"2026-01-28T01:29:59","slug":"AR-236505","status":"publish","type":"properties","link":"https:\/\/arriendo.com\/co\/locales\/bogota\/restrepo-occidental\/AR-236505\/","title":{"rendered":"Local en Arriendo en Restrepo occidental, Bogot\u00e1"},"content":{"rendered":"<p>Destacado Local Comercial de 23 m\u00b2, \u00a1vistoso!, con bah\u00eda de parqueo en frente. En sector comercial del Barrio Restrepo, excelente ubicaci\u00f3n sobre la Avenida Carrera 27 en sentido sur a norte, antes del round point de la Calle 11 sur y Calle 1. Cerca de Avenida Carrera 30, Avenida Primero de Mayo, Avenida Caracas. El sector se caracteriza por la importante afluencia de p\u00fablico y la numerosa oferta de bienes y servicios alrededor. Cuenta con amplia capacidad de transporte p\u00fablico que ser\u00e1, pr\u00f3ximamente, integrada con el Metro de Bogot\u00e1. Aproveche esta oportunidad \u00a1\u00fanica! El canon incluye administraci\u00f3n.<\/p>\n","protected":false},"excerpt":{"rendered":"Destacado Local Comercial de 23 m\u00b2, \u00a1vistoso!, con bah\u00eda de...","protected":false},"author":4102,"featured_media":236508,"template":"","es_locations":[110,77,2561],"es_categories":[124],"es_types":[117],"es_rent_periods":[],"es_labels":[],"es_statuses":[],"es_parkings":[],"es_roofs":[],"es_exterior_materials":[],"es_basements":[],"es_floor_coverings":[],"es_features":[2296,2201,2385,2132,2272,2239,2137,2152],"es_amenities":[2298,2206,2386,2140,2273,2256,2144,2162],"es_neighborhoods":[],"es_tags":[],"class_list":["post-236505","properties","type-properties","status-publish","has-post-thumbnail","hentry","es_location-bogota","es_location-bogota-d-c","es_location-restrepo-occidental","es_category-arriendo","es_type-locales","es_feature-en-edificio","es_feature-en-zona-comercial","es_feature-local-exterior","es_feature-parques-cercanos","es_feature-piso-en-baldosa-marmol","es_feature-sobre-via-secundaria","es_feature-zona-comercial","es_feature-zona-residencial","es_amenity-en-edificio","es_amenity-en-zona-comercial","es_amenity-local-exterior","es_amenity-parques-cercanos","es_amenity-piso-en-baldosa-marmol","es_amenity-sobre-via-secundaria","es_amenity-zona-comercial","es_amenity-zona-residencial","es-post-entity"],"_links":{"self":[{"href":"https:\/\/arriendo.com\/co\/wp-json\/wp\/v2\/properties\/236505","targetHints":{"allow":["GET"]}}],"collection":[{"href":"https:\/\/arriendo.com\/co\/wp-json\/wp\/v2\/properties"}],"about":[{"href":"https:\/\/arriendo.com\/co\/wp-json\/wp\/v2\/types\/properties"}],"author":[{"embeddable":true,"href":"https:\/\/arriendo.com\/co\/wp-json\/wp\/v2\/users\/4102"}],"version-history":[{"count":0,"href":"https:\/\/arriendo.com\/co\/wp-json\/wp\/v2\/properties\/236505\/revisions"}],"wp:featuredmedia":[{"embeddable":true,"href":"https:\/\/arriendo.com\/co\/wp-json\/wp\/v2\/media\/236508"}],"wp:attachment":[{"href":"https:\/\/arriendo.com\/co\/wp-json\/wp\/v2\/media?parent=236505"}],"wp:term":[{"taxonomy":"es_location","embeddable":true,"href":"https:\/\/arriendo.com\/co\/wp-json\/wp\/v2\/es_locations?post=236505"},{"taxonomy":"es_category","embeddable":true,"href":"https:\/\/arriendo.com\/co\/wp-json\/wp\/v2\/es_categories?post=236505"},{"taxonomy":"es_type","embeddable":true,"href":"https:\/\/arriendo.com\/co\/wp-json\/wp\/v2\/es_types?post=236505"},{"taxonomy":"es_rent_period","embeddable":true,"href":"https:\/\/arriendo.com\/co\/wp-json\/wp\/v2\/es_rent_periods?post=236505"},{"taxonomy":"es_label","embeddable":true,"href":"https:\/\/arriendo.com\/co\/wp-json\/wp\/v2\/es_labels?post=236505"},{"taxonomy":"es_status","embeddable":true,"href":"https:\/\/arriendo.com\/co\/wp-json\/wp\/v2\/es_statuses?post=236505"},{"taxonomy":"es_parking","embeddable":true,"href":"https:\/\/arriendo.com\/co\/wp-json\/wp\/v2\/es_parkings?post=236505"},{"taxonomy":"es_roof","embeddable":true,"href":"https:\/\/arriendo.com\/co\/wp-json\/wp\/v2\/es_roofs?post=236505"},{"taxonomy":"es_exterior_material","embeddable":true,"href":"https:\/\/arriendo.com\/co\/wp-json\/wp\/v2\/es_exterior_materials?post=236505"},{"taxonomy":"es_basement","embeddable":true,"href":"https:\/\/arriendo.com\/co\/wp-json\/wp\/v2\/es_basements?post=236505"},{"taxonomy":"es_floor_covering","embeddable":true,"href":"https:\/\/arriendo.com\/co\/wp-json\/wp\/v2\/es_floor_coverings?post=236505"},{"taxonomy":"es_feature","embeddable":true,"href":"https:\/\/arriendo.com\/co\/wp-json\/wp\/v2\/es_features?post=236505"},{"taxonomy":"es_amenity","embeddable":true,"href":"https:\/\/arriendo.com\/co\/wp-json\/wp\/v2\/es_amenities?post=236505"},{"taxonomy":"es_neighborhood","embeddable":true,"href":"https:\/\/arriendo.com\/co\/wp-json\/wp\/v2\/es_neighborhoods?post=236505"},{"taxonomy":"es_tag","embeddable":true,"href":"https:\/\/arriendo.com\/co\/wp-json\/wp\/v2\/es_tags?post=236505"}],"curies":[{"name":"wp","href":"https:\/\/api.w.org\/{rel}","templated":true}]}}

Local en Arriendo en Restrepo occidental, Bogotá

<p>Destacado Local Comercial de 23 m², ¡vistoso!, con bahía de parqueo en frente. En sector comercial del Barrio Restrepo, excelente ubicación sobre la Avenida Carrera 27 en sentido sur a norte, antes del round point de la Calle 11 sur y Calle 1. Cerca de Avenida Carrera 30, Avenida Primero de Mayo, Avenida Caracas. El sector se caracteriza por la importante afluencia de público y la numerosa oferta de bienes y servicios alrededor. Cuenta con amplia capacidad de transporte público que será, próximamente, integrada con el Metro de Bogotá. Aproveche esta oportunidad ¡única! El canon incluye administración.</p>

Destacado Local Comercial de 23 m², ¡vistoso!, con bahía de...
