{"id":236069,"date":"2026-01-27T19:40:58","date_gmt":"2026-01-28T00:40:58","guid":{"rendered":"https:\/\/arriendo.com\/co\/%es_type%\/%address_city%\/%neighborhood%\/bogota-santa-ana-oriental-apartamento-en-arriendo-ab166f\/"},"modified":"2026-01-27T19:40:58","modified_gmt":"2026-01-28T00:40:58","slug":"AR-236069","status":"publish","type":"properties","link":"https:\/\/arriendo.com\/co\/apartamentos\/bogota\/santa-ana-oriental\/AR-236069\/","title":{"rendered":"Apartamento en  Arriendo en Santa ana oriental, Bogot\u00e1"},"content":{"rendered":"<p>AMPLIO APTO DE 296 M2 EN EXCLUSIVO EDIFICIO, CON EXCELENTE VISTA PANOR\u00c1MICA, ASCENSOR PRIVADO, UN APTO POR PISO, DE TRES ALCOBAS CON BA\u00d1O PRIVADO Y VESTIER CADA UNA, LA PRINCIPAL CON WALKIN CLOSET Y TERRAZA, RECIBIDOR, BA\u00d1O SOCIAL, ESTUDIO CON TERRAZA, SALA CON CHIMENEA, ESTAR DE TV., COMEDOR INDEPENDIENTE, COCINA INTEGRAL , CUARTO Y BA\u00d1O DE SERVICIO, ZONA DE LAVANDER\u00cdA INDEPENDIENTE  CON TERRAZA, GARAJE PARA CUATRO CARROS (TRES INDEPENDIENTES), CALDERA<\/p>\n","protected":false},"excerpt":{"rendered":"AMPLIO APTO DE 296 M2 EN EXCLUSIVO EDIFICIO, CON EXCELENTE...","protected":false},"author":4102,"featured_media":236072,"template":"","es_locations":[110,77,454],"es_categories":[124],"es_types":[114],"es_rent_periods":[],"es_labels":[],"es_statuses":[],"es_parkings":[],"es_roofs":[],"es_exterior_materials":[],"es_basements":[],"es_floor_coverings":[],"es_features":[131,132,2212,2165,2145,134,2131,133,2146,2312,2331,136,2149,2282,145,2216,2220,2365,2133,2181,143,144,2151,2152],"es_amenities":[152,2186,2217,2188,2153,2313,2139,2154,2155,2314,2332,2158,2159,2287,2160,156,2221,2366,158,2290,161,2289,162,2162],"es_neighborhoods":[],"es_tags":[],"class_list":["post-236069","properties","type-properties","status-publish","has-post-thumbnail","hentry","es_location-bogota","es_location-bogota-d-c","es_location-santa-ana-oriental","es_category-arriendo","es_type-apartamentos","es_feature-ascensor","es_feature-balcon","es_feature-bano-auxiliar","es_feature-caldera","es_feature-calentador","es_feature-chimenea","es_feature-circuito-cerrado-de-tv","es_feature-citofono","es_feature-cocina-integral","es_feature-comedor-auxiliar","es_feature-cuarto-de-servicio","es_feature-estudio","es_feature-garajes","es_feature-hall-de-alcobas","es_feature-instalacion-de-gas","es_feature-parqueadero-visitantes","es_feature-patio","es_feature-planta-electrica","es_feature-porteria-recepcion","es_feature-porteria-vigilancia","es_feature-terraza","es_feature-vista-panoramica","es_feature-zona-de-lavanderia","es_feature-zona-residencial","es_amenity-ascensor-privado","es_amenity-balcon","es_amenity-bano-auxiliar","es_amenity-caldera","es_amenity-calentador","es_amenity-chimenea","es_amenity-circuito-cerrado-de-tv","es_amenity-citofono","es_amenity-cocina-integral","es_amenity-comedor-auxiliar","es_amenity-cuarto-de-servicio","es_amenity-estudio","es_amenity-garajes","es_amenity-hall-de-alcobas","es_amenity-instalacion-de-gas","es_amenity-parqueadero-visitantes","es_amenity-patio","es_amenity-planta-electrica","es_amenity-porteria-recepcion","es_amenity-terraza","es_amenity-vigilancia-24-7","es_amenity-vista-panoramica","es_amenity-zona-de-lavanderia","es_amenity-zona-residencial","es-post-entity"],"_links":{"self":[{"href":"https:\/\/arriendo.com\/co\/wp-json\/wp\/v2\/properties\/236069","targetHints":{"allow":["GET"]}}],"collection":[{"href":"https:\/\/arriendo.com\/co\/wp-json\/wp\/v2\/properties"}],"about":[{"href":"https:\/\/arriendo.com\/co\/wp-json\/wp\/v2\/types\/properties"}],"author":[{"embeddable":true,"href":"https:\/\/arriendo.com\/co\/wp-json\/wp\/v2\/users\/4102"}],"version-history":[{"count":0,"href":"https:\/\/arriendo.com\/co\/wp-json\/wp\/v2\/properties\/236069\/revisions"}],"wp:featuredmedia":[{"embeddable":true,"href":"https:\/\/arriendo.com\/co\/wp-json\/wp\/v2\/media\/236072"}],"wp:attachment":[{"href":"https:\/\/arriendo.com\/co\/wp-json\/wp\/v2\/media?parent=236069"}],"wp:term":[{"taxonomy":"es_location","embeddable":true,"href":"https:\/\/arriendo.com\/co\/wp-json\/wp\/v2\/es_locations?post=236069"},{"taxonomy":"es_category","embeddable":true,"href":"https:\/\/arriendo.com\/co\/wp-json\/wp\/v2\/es_categories?post=236069"},{"taxonomy":"es_type","embeddable":true,"href":"https:\/\/arriendo.com\/co\/wp-json\/wp\/v2\/es_types?post=236069"},{"taxonomy":"es_rent_period","embeddable":true,"href":"https:\/\/arriendo.com\/co\/wp-json\/wp\/v2\/es_rent_periods?post=236069"},{"taxonomy":"es_label","embeddable":true,"href":"https:\/\/arriendo.com\/co\/wp-json\/wp\/v2\/es_labels?post=236069"},{"taxonomy":"es_status","embeddable":true,"href":"https:\/\/arriendo.com\/co\/wp-json\/wp\/v2\/es_statuses?post=236069"},{"taxonomy":"es_parking","embeddable":true,"href":"https:\/\/arriendo.com\/co\/wp-json\/wp\/v2\/es_parkings?post=236069"},{"taxonomy":"es_roof","embeddable":true,"href":"https:\/\/arriendo.com\/co\/wp-json\/wp\/v2\/es_roofs?post=236069"},{"taxonomy":"es_exterior_material","embeddable":true,"href":"https:\/\/arriendo.com\/co\/wp-json\/wp\/v2\/es_exterior_materials?post=236069"},{"taxonomy":"es_basement","embeddable":true,"href":"https:\/\/arriendo.com\/co\/wp-json\/wp\/v2\/es_basements?post=236069"},{"taxonomy":"es_floor_covering","embeddable":true,"href":"https:\/\/arriendo.com\/co\/wp-json\/wp\/v2\/es_floor_coverings?post=236069"},{"taxonomy":"es_feature","embeddable":true,"href":"https:\/\/arriendo.com\/co\/wp-json\/wp\/v2\/es_features?post=236069"},{"taxonomy":"es_amenity","embeddable":true,"href":"https:\/\/arriendo.com\/co\/wp-json\/wp\/v2\/es_amenities?post=236069"},{"taxonomy":"es_neighborhood","embeddable":true,"href":"https:\/\/arriendo.com\/co\/wp-json\/wp\/v2\/es_neighborhoods?post=236069"},{"taxonomy":"es_tag","embeddable":true,"href":"https:\/\/arriendo.com\/co\/wp-json\/wp\/v2\/es_tags?post=236069"}],"curies":[{"name":"wp","href":"https:\/\/api.w.org\/{rel}","templated":true}]}}

Apartamento en  Arriendo en Santa ana oriental, Bogotá

<p>AMPLIO APTO DE 296 M2 EN EXCLUSIVO EDIFICIO, CON EXCELENTE VISTA PANORÁMICA, ASCENSOR PRIVADO, UN APTO POR PISO, DE TRES ALCOBAS CON BAÑO PRIVADO Y VESTIER CADA UNA, LA PRINCIPAL CON WALKIN CLOSET Y TERRAZA, RECIBIDOR, BAÑO SOCIAL, ESTUDIO CON TERRAZA, SALA CON CHIMENEA, ESTAR DE TV., COMEDOR INDEPENDIENTE, COCINA INTEGRAL , CUARTO Y BAÑO DE SERVICIO, ZONA DE LAVANDERÍA INDEPENDIENTE  CON TERRAZA, GARAJE PARA CUATRO CARROS (TRES INDEPENDIENTES), CALDERA</p>
