{"id":235338,"date":"2026-01-27T18:28:59","date_gmt":"2026-01-27T23:28:59","guid":{"rendered":"https:\/\/arriendo.com\/co\/%es_type%\/%address_city%\/%neighborhood%\/bogota-gran-america-apartamento-en-arriendo-bb185b\/"},"modified":"2026-01-27T18:28:59","modified_gmt":"2026-01-27T23:28:59","slug":"AR-235338","status":"publish","type":"properties","link":"https:\/\/arriendo.com\/co\/apartamentos\/bogota\/gran-america\/AR-235338\/","title":{"rendered":"Apartamento en  Arriendo en Gran america, Bogot\u00e1"},"content":{"rendered":"<p>Ronda Virtual Inmobiliaria tiene el placer de darte a conocer este hermoso APARTAESTUDIO TIPO LOFT\u00a0en la zona de EL RECUERDO\u00a0(Bogot\u00e1). Este predio\u00a0 est\u00e1 distribuido por una habitaci\u00f3n, cocina semi integral y un ba\u00f1o. Ubicado en el piso tres del edificio, por lo que goza de una excelente iluminaci\u00f3n natural y\u00a0una tranquila vista interior.<\/p>\n<p>Contar\u00e1s con una variedad de zonas sociales como terraza\u00a0 con una hermosa vista a la ciudad la cual tiene\u00a0fogata y teppanyaki, co working, zona de juegos, una\u00a0fuente\u00a0y dos patios\u00a0con ba\u00f1o para disfrutar con familia y amigos.<\/p>\n<p>Estar\u00e1s en una excelente ubicaci\u00f3n ya que se encuentra en un punto central de la ciudad, con amplias vias de acceso como la Av.Carrera 30,\u00a0 Av. Americas y Av. Calle 26.<\/p>\n","protected":false},"excerpt":{"rendered":"Ronda Virtual Inmobiliaria tiene el placer de darte a conocer...","protected":false},"author":4102,"featured_media":235341,"template":"","es_locations":[110,77,2684],"es_categories":[124],"es_types":[114],"es_rent_periods":[],"es_labels":[],"es_statuses":[],"es_parkings":[],"es_roofs":[],"es_exterior_materials":[],"es_basements":[],"es_floor_coverings":[],"es_features":[2262,2368,2181,143],"es_amenities":[2267,2369,2290,161],"es_neighborhoods":[],"es_tags":[],"class_list":["post-235338","properties","type-properties","status-publish","has-post-thumbnail","hentry","es_location-bogota","es_location-bogota-d-c","es_location-gran-america","es_category-arriendo","es_type-apartamentos","es_feature-amoblado","es_feature-loft","es_feature-porteria-vigilancia","es_feature-terraza","es_amenity-amoblado","es_amenity-loft","es_amenity-terraza","es_amenity-vigilancia-24-7","es-post-entity"],"_links":{"self":[{"href":"https:\/\/arriendo.com\/co\/wp-json\/wp\/v2\/properties\/235338","targetHints":{"allow":["GET"]}}],"collection":[{"href":"https:\/\/arriendo.com\/co\/wp-json\/wp\/v2\/properties"}],"about":[{"href":"https:\/\/arriendo.com\/co\/wp-json\/wp\/v2\/types\/properties"}],"author":[{"embeddable":true,"href":"https:\/\/arriendo.com\/co\/wp-json\/wp\/v2\/users\/4102"}],"version-history":[{"count":0,"href":"https:\/\/arriendo.com\/co\/wp-json\/wp\/v2\/properties\/235338\/revisions"}],"wp:featuredmedia":[{"embeddable":true,"href":"https:\/\/arriendo.com\/co\/wp-json\/wp\/v2\/media\/235341"}],"wp:attachment":[{"href":"https:\/\/arriendo.com\/co\/wp-json\/wp\/v2\/media?parent=235338"}],"wp:term":[{"taxonomy":"es_location","embeddable":true,"href":"https:\/\/arriendo.com\/co\/wp-json\/wp\/v2\/es_locations?post=235338"},{"taxonomy":"es_category","embeddable":true,"href":"https:\/\/arriendo.com\/co\/wp-json\/wp\/v2\/es_categories?post=235338"},{"taxonomy":"es_type","embeddable":true,"href":"https:\/\/arriendo.com\/co\/wp-json\/wp\/v2\/es_types?post=235338"},{"taxonomy":"es_rent_period","embeddable":true,"href":"https:\/\/arriendo.com\/co\/wp-json\/wp\/v2\/es_rent_periods?post=235338"},{"taxonomy":"es_label","embeddable":true,"href":"https:\/\/arriendo.com\/co\/wp-json\/wp\/v2\/es_labels?post=235338"},{"taxonomy":"es_status","embeddable":true,"href":"https:\/\/arriendo.com\/co\/wp-json\/wp\/v2\/es_statuses?post=235338"},{"taxonomy":"es_parking","embeddable":true,"href":"https:\/\/arriendo.com\/co\/wp-json\/wp\/v2\/es_parkings?post=235338"},{"taxonomy":"es_roof","embeddable":true,"href":"https:\/\/arriendo.com\/co\/wp-json\/wp\/v2\/es_roofs?post=235338"},{"taxonomy":"es_exterior_material","embeddable":true,"href":"https:\/\/arriendo.com\/co\/wp-json\/wp\/v2\/es_exterior_materials?post=235338"},{"taxonomy":"es_basement","embeddable":true,"href":"https:\/\/arriendo.com\/co\/wp-json\/wp\/v2\/es_basements?post=235338"},{"taxonomy":"es_floor_covering","embeddable":true,"href":"https:\/\/arriendo.com\/co\/wp-json\/wp\/v2\/es_floor_coverings?post=235338"},{"taxonomy":"es_feature","embeddable":true,"href":"https:\/\/arriendo.com\/co\/wp-json\/wp\/v2\/es_features?post=235338"},{"taxonomy":"es_amenity","embeddable":true,"href":"https:\/\/arriendo.com\/co\/wp-json\/wp\/v2\/es_amenities?post=235338"},{"taxonomy":"es_neighborhood","embeddable":true,"href":"https:\/\/arriendo.com\/co\/wp-json\/wp\/v2\/es_neighborhoods?post=235338"},{"taxonomy":"es_tag","embeddable":true,"href":"https:\/\/arriendo.com\/co\/wp-json\/wp\/v2\/es_tags?post=235338"}],"curies":[{"name":"wp","href":"https:\/\/api.w.org\/{rel}","templated":true}]}}

Apartamento en  Arriendo en Gran america, Bogotá

<p>Ronda Virtual Inmobiliaria tiene el placer de darte a conocer este hermoso APARTAESTUDIO TIPO LOFT en la zona de EL RECUERDO (Bogotá). Este predio  está distribuido por una habitación, cocina semi integral y un baño. Ubicado en el piso tres del edificio, por lo que goza de una excelente iluminación natural y una tranquila vista interior.</p>
<p>Contarás con una variedad de zonas sociales como terraza  con una hermosa vista a la ciudad la cual tiene fogata y teppanyaki, co working, zona de juegos, una fuente y dos patios con baño para disfrutar con familia y amigos.</p>
<p>Estarás en una excelente ubicación ya que se encuentra en un punto central de la ciudad, con amplias vias de acceso como la Av.Carrera 30,  Av. Americas y Av. Calle 26.</p>
