{"id":235188,"date":"2026-01-27T18:13:58","date_gmt":"2026-01-27T23:13:58","guid":{"rendered":"https:\/\/arriendo.com\/co\/%es_type%\/%address_city%\/%neighborhood%\/cali-guayaquil-local-en-arriendo-6bebd2\/"},"modified":"2026-01-27T18:13:58","modified_gmt":"2026-01-27T23:13:58","slug":"AR-235188","status":"publish","type":"properties","link":"https:\/\/arriendo.com\/co\/locales\/cali\/guayaquil\/AR-235188\/","title":{"rendered":"Local en  Arriendo en Guayaquil, Cali"},"content":{"rendered":"<p>Extraordinario local comercial esquinero, estrat\u00e9gicamente ubicado en el coraz\u00f3n del vibrante sector de Jun\u00edn, en la intersecci\u00f3n de la Calle 13 con Carrera 23 (SUR-OCCIDENTAL), direcci\u00f3n Carrera 23 # 12 A 46. Esta propiedad de alto perfil se asienta sobre un generoso lote de 140 m\u00b2, con un frente de 7 metros y un fondo de 20 metros, ofreciendo una visibilidad inigualable.<\/p>\n<p>La construcci\u00f3n se distribuye en dos niveles excepcionales. El primer piso, con 119 m\u00b2 (7m de frente x 16.50m de fondo), presenta un espacio di\u00e1fano ideal para cualquier configuraci\u00f3n comercial, complementado con dos ba\u00f1os y una pr\u00e1ctica cocineta. El segundo piso, de 123.75 m\u00b2 (7.50m x 16.50m), tambi\u00e9n ofrece un amplio espacio abierto y dos ba\u00f1os adicionales, brindando flexibilidad para diversas operaciones. Un punto fijo de escaleras de 5 m\u00b2 conecta ambos niveles eficientemente.<\/p>\n<p>Con un \u00e1rea libre total de 229 m\u00b2 (110 m\u00b2 en el primer piso y 118 m\u00b2 en el segundo), este local es perfecto para negocios que buscan amplitud y versatilidad. Su ubicaci\u00f3n privilegiada en un sector comercial y central garantiza un flujo constante de clientes, con f\u00e1cil acceso a la Autopista Sur-Oriental, Carrera 15, Calle 15 y el centro de Cali. Una oportunidad imperdible para establecer o expandir su negocio en una de las zonas m\u00e1s din\u00e1micas de la ciudad. Canon de arrendamiento: $11\u2019000.000.<\/p>\n","protected":false},"excerpt":{"rendered":"Extraordinario local comercial esquinero, estrat\u00e9gicamente ubicado en el coraz\u00f3n del...","protected":false},"author":4102,"featured_media":235191,"template":"","es_locations":[179,756],"es_categories":[124],"es_types":[117],"es_rent_periods":[],"es_labels":[],"es_statuses":[],"es_parkings":[],"es_roofs":[],"es_exterior_materials":[],"es_basements":[],"es_floor_coverings":[],"es_features":[2302,2201,2176,2385,2455,2216,2272,2135,2239,2228,2137,2152],"es_amenities":[2303,2206,2191,2386,2457,156,2273,2142,2256,2258,2144,2162],"es_neighborhoods":[],"es_tags":[],"class_list":["post-235188","properties","type-properties","status-publish","has-post-thumbnail","hentry","es_location-cali","es_location-guayaquil","es_category-arriendo","es_type-locales","es_feature-cocineta","es_feature-en-zona-comercial","es_feature-en-zona-residencial","es_feature-local-exterior","es_feature-local-interior","es_feature-parqueadero-visitantes","es_feature-piso-en-baldosa-marmol","es_feature-sobre-via-principal","es_feature-sobre-via-secundaria","es_feature-ventilacion-natural","es_feature-zona-comercial","es_feature-zona-residencial","es_amenity-cocineta","es_amenity-en-zona-comercial","es_amenity-en-zona-residencial","es_amenity-local-exterior","es_amenity-local-interior","es_amenity-parqueadero-visitantes","es_amenity-piso-en-baldosa-marmol","es_amenity-sobre-via-principal","es_amenity-sobre-via-secundaria","es_amenity-ventilacion-natural","es_amenity-zona-comercial","es_amenity-zona-residencial","es-post-entity"],"_links":{"self":[{"href":"https:\/\/arriendo.com\/co\/wp-json\/wp\/v2\/properties\/235188","targetHints":{"allow":["GET"]}}],"collection":[{"href":"https:\/\/arriendo.com\/co\/wp-json\/wp\/v2\/properties"}],"about":[{"href":"https:\/\/arriendo.com\/co\/wp-json\/wp\/v2\/types\/properties"}],"author":[{"embeddable":true,"href":"https:\/\/arriendo.com\/co\/wp-json\/wp\/v2\/users\/4102"}],"version-history":[{"count":0,"href":"https:\/\/arriendo.com\/co\/wp-json\/wp\/v2\/properties\/235188\/revisions"}],"wp:featuredmedia":[{"embeddable":true,"href":"https:\/\/arriendo.com\/co\/wp-json\/wp\/v2\/media\/235191"}],"wp:attachment":[{"href":"https:\/\/arriendo.com\/co\/wp-json\/wp\/v2\/media?parent=235188"}],"wp:term":[{"taxonomy":"es_location","embeddable":true,"href":"https:\/\/arriendo.com\/co\/wp-json\/wp\/v2\/es_locations?post=235188"},{"taxonomy":"es_category","embeddable":true,"href":"https:\/\/arriendo.com\/co\/wp-json\/wp\/v2\/es_categories?post=235188"},{"taxonomy":"es_type","embeddable":true,"href":"https:\/\/arriendo.com\/co\/wp-json\/wp\/v2\/es_types?post=235188"},{"taxonomy":"es_rent_period","embeddable":true,"href":"https:\/\/arriendo.com\/co\/wp-json\/wp\/v2\/es_rent_periods?post=235188"},{"taxonomy":"es_label","embeddable":true,"href":"https:\/\/arriendo.com\/co\/wp-json\/wp\/v2\/es_labels?post=235188"},{"taxonomy":"es_status","embeddable":true,"href":"https:\/\/arriendo.com\/co\/wp-json\/wp\/v2\/es_statuses?post=235188"},{"taxonomy":"es_parking","embeddable":true,"href":"https:\/\/arriendo.com\/co\/wp-json\/wp\/v2\/es_parkings?post=235188"},{"taxonomy":"es_roof","embeddable":true,"href":"https:\/\/arriendo.com\/co\/wp-json\/wp\/v2\/es_roofs?post=235188"},{"taxonomy":"es_exterior_material","embeddable":true,"href":"https:\/\/arriendo.com\/co\/wp-json\/wp\/v2\/es_exterior_materials?post=235188"},{"taxonomy":"es_basement","embeddable":true,"href":"https:\/\/arriendo.com\/co\/wp-json\/wp\/v2\/es_basements?post=235188"},{"taxonomy":"es_floor_covering","embeddable":true,"href":"https:\/\/arriendo.com\/co\/wp-json\/wp\/v2\/es_floor_coverings?post=235188"},{"taxonomy":"es_feature","embeddable":true,"href":"https:\/\/arriendo.com\/co\/wp-json\/wp\/v2\/es_features?post=235188"},{"taxonomy":"es_amenity","embeddable":true,"href":"https:\/\/arriendo.com\/co\/wp-json\/wp\/v2\/es_amenities?post=235188"},{"taxonomy":"es_neighborhood","embeddable":true,"href":"https:\/\/arriendo.com\/co\/wp-json\/wp\/v2\/es_neighborhoods?post=235188"},{"taxonomy":"es_tag","embeddable":true,"href":"https:\/\/arriendo.com\/co\/wp-json\/wp\/v2\/es_tags?post=235188"}],"curies":[{"name":"wp","href":"https:\/\/api.w.org\/{rel}","templated":true}]}}

<p>Extraordinario local comercial esquinero, estratégicamente ubicado en el corazón del vibrante sector de Junín, en la intersección de la Calle 13 con Carrera 23 (SUR-OCCIDENTAL), dirección Carrera 23 # 12 A 46. Esta propiedad de alto perfil se asienta sobre un generoso lote de 140 m², con un frente de 7 metros y un fondo de 20 metros, ofreciendo una visibilidad inigualable.</p>
<p>La construcción se distribuye en dos niveles excepcionales. El primer piso, con 119 m² (7m de frente x 16.50m de fondo), presenta un espacio diáfano ideal para cualquier configuración comercial, complementado con dos baños y una práctica cocineta. El segundo piso, de 123.75 m² (7.50m x 16.50m), también ofrece un amplio espacio abierto y dos baños adicionales, brindando flexibilidad para diversas operaciones. Un punto fijo de escaleras de 5 m² conecta ambos niveles eficientemente.</p>
<p>Con un área libre total de 229 m² (110 m² en el primer piso y 118 m² en el segundo), este local es perfecto para negocios que buscan amplitud y versatilidad. Su ubicación privilegiada en un sector comercial y central garantiza un flujo constante de clientes, con fácil acceso a la Autopista Sur-Oriental, Carrera 15, Calle 15 y el centro de Cali. Una oportunidad imperdible para establecer o expandir su negocio en una de las zonas más dinámicas de la ciudad. Canon de arrendamiento: $11’000.000.</p>

Extraordinario local comercial esquinero, estratégicamente ubicado en el corazón del...
