{"id":235181,"date":"2026-01-27T18:12:58","date_gmt":"2026-01-27T23:12:58","guid":{"rendered":"https:\/\/arriendo.com\/co\/%es_type%\/%address_city%\/%neighborhood%\/cali-canaveralejo-local-en-arriendo-a8aa02\/"},"modified":"2026-01-27T18:12:58","modified_gmt":"2026-01-27T23:12:58","slug":"AR-235181","status":"publish","type":"properties","link":"https:\/\/arriendo.com\/co\/locales\/cali\/canaveralejo\/AR-235181\/","title":{"rendered":"Local en  Arriendo en Ca\u00f1averalejo, Cali"},"content":{"rendered":"<p>Excepcional local comercial ubicado estrat\u00e9gicamente en el prestigioso Centro Comercial &#8220;Cosmocentro&#8221;. Este inmueble destaca por su inmejorable ubicaci\u00f3n en el primer piso y su configuraci\u00f3n esquinera, garantizando m\u00e1xima visibilidad y un flujo constante de clientes. Con una generosa superficie de 60 m\u00b2, ofrece un espacio amplio y vers\u00e1til, ideal para una variedad de negocios que buscan posicionarse en un entorno comercial de alto nivel. El valor de arrendamiento es de $12.000.000 + IVA, m\u00e1s una cuota de administraci\u00f3n de $1.858.069. Una oportunidad \u00fanica para establecer o expandir su negocio en uno de los centros comerciales m\u00e1s concurridos y reconocidos.<\/p>\n","protected":false},"excerpt":{"rendered":"Excepcional local comercial ubicado estrat\u00e9gicamente en el prestigioso Centro Comercial...","protected":false},"author":4102,"featured_media":235184,"template":"","es_locations":[179,2350],"es_categories":[124],"es_types":[117],"es_rent_periods":[],"es_labels":[],"es_statuses":[],"es_parkings":[],"es_roofs":[],"es_exterior_materials":[],"es_basements":[],"es_floor_coverings":[],"es_features":[149,2131,2454,2201,2176,2455,2216,2132,2272,2365,2135,2241,2242,2137,2152],"es_amenities":[2329,2139,2456,2206,2191,2457,156,2140,2273,2366,2142,2259,2260,2144,2162],"es_neighborhoods":[],"es_tags":[],"class_list":["post-235181","properties","type-properties","status-publish","has-post-thumbnail","hentry","es_location-cali","es_location-canaveralejo","es_category-arriendo","es_type-locales","es_feature-aire-acondicionado","es_feature-circuito-cerrado-de-tv","es_feature-en-centro-comercial","es_feature-en-zona-comercial","es_feature-en-zona-residencial","es_feature-local-interior","es_feature-parqueadero-visitantes","es_feature-parques-cercanos","es_feature-piso-en-baldosa-marmol","es_feature-planta-electrica","es_feature-sobre-via-principal","es_feature-vigilancia-24x7","es_feature-vigilancia-privada-247","es_feature-zona-comercial","es_feature-zona-residencial","es_amenity-aire-acondicionado","es_amenity-circuito-cerrado-de-tv","es_amenity-en-centro-comercial","es_amenity-en-zona-comercial","es_amenity-en-zona-residencial","es_amenity-local-interior","es_amenity-parqueadero-visitantes","es_amenity-parques-cercanos","es_amenity-piso-en-baldosa-marmol","es_amenity-planta-electrica","es_amenity-sobre-via-principal","es_amenity-vigilancia-24x7","es_amenity-vigilancia-privada-247","es_amenity-zona-comercial","es_amenity-zona-residencial","es-post-entity"],"_links":{"self":[{"href":"https:\/\/arriendo.com\/co\/wp-json\/wp\/v2\/properties\/235181","targetHints":{"allow":["GET"]}}],"collection":[{"href":"https:\/\/arriendo.com\/co\/wp-json\/wp\/v2\/properties"}],"about":[{"href":"https:\/\/arriendo.com\/co\/wp-json\/wp\/v2\/types\/properties"}],"author":[{"embeddable":true,"href":"https:\/\/arriendo.com\/co\/wp-json\/wp\/v2\/users\/4102"}],"version-history":[{"count":0,"href":"https:\/\/arriendo.com\/co\/wp-json\/wp\/v2\/properties\/235181\/revisions"}],"wp:featuredmedia":[{"embeddable":true,"href":"https:\/\/arriendo.com\/co\/wp-json\/wp\/v2\/media\/235184"}],"wp:attachment":[{"href":"https:\/\/arriendo.com\/co\/wp-json\/wp\/v2\/media?parent=235181"}],"wp:term":[{"taxonomy":"es_location","embeddable":true,"href":"https:\/\/arriendo.com\/co\/wp-json\/wp\/v2\/es_locations?post=235181"},{"taxonomy":"es_category","embeddable":true,"href":"https:\/\/arriendo.com\/co\/wp-json\/wp\/v2\/es_categories?post=235181"},{"taxonomy":"es_type","embeddable":true,"href":"https:\/\/arriendo.com\/co\/wp-json\/wp\/v2\/es_types?post=235181"},{"taxonomy":"es_rent_period","embeddable":true,"href":"https:\/\/arriendo.com\/co\/wp-json\/wp\/v2\/es_rent_periods?post=235181"},{"taxonomy":"es_label","embeddable":true,"href":"https:\/\/arriendo.com\/co\/wp-json\/wp\/v2\/es_labels?post=235181"},{"taxonomy":"es_status","embeddable":true,"href":"https:\/\/arriendo.com\/co\/wp-json\/wp\/v2\/es_statuses?post=235181"},{"taxonomy":"es_parking","embeddable":true,"href":"https:\/\/arriendo.com\/co\/wp-json\/wp\/v2\/es_parkings?post=235181"},{"taxonomy":"es_roof","embeddable":true,"href":"https:\/\/arriendo.com\/co\/wp-json\/wp\/v2\/es_roofs?post=235181"},{"taxonomy":"es_exterior_material","embeddable":true,"href":"https:\/\/arriendo.com\/co\/wp-json\/wp\/v2\/es_exterior_materials?post=235181"},{"taxonomy":"es_basement","embeddable":true,"href":"https:\/\/arriendo.com\/co\/wp-json\/wp\/v2\/es_basements?post=235181"},{"taxonomy":"es_floor_covering","embeddable":true,"href":"https:\/\/arriendo.com\/co\/wp-json\/wp\/v2\/es_floor_coverings?post=235181"},{"taxonomy":"es_feature","embeddable":true,"href":"https:\/\/arriendo.com\/co\/wp-json\/wp\/v2\/es_features?post=235181"},{"taxonomy":"es_amenity","embeddable":true,"href":"https:\/\/arriendo.com\/co\/wp-json\/wp\/v2\/es_amenities?post=235181"},{"taxonomy":"es_neighborhood","embeddable":true,"href":"https:\/\/arriendo.com\/co\/wp-json\/wp\/v2\/es_neighborhoods?post=235181"},{"taxonomy":"es_tag","embeddable":true,"href":"https:\/\/arriendo.com\/co\/wp-json\/wp\/v2\/es_tags?post=235181"}],"curies":[{"name":"wp","href":"https:\/\/api.w.org\/{rel}","templated":true}]}}

Local en  Arriendo en Cañaveralejo, Cali

<p>Excepcional local comercial ubicado estratégicamente en el prestigioso Centro Comercial &#8220;Cosmocentro&#8221;. Este inmueble destaca por su inmejorable ubicación en el primer piso y su configuración esquinera, garantizando máxima visibilidad y un flujo constante de clientes. Con una generosa superficie de 60 m², ofrece un espacio amplio y versátil, ideal para una variedad de negocios que buscan posicionarse en un entorno comercial de alto nivel. El valor de arrendamiento es de $12.000.000 + IVA, más una cuota de administración de $1.858.069. Una oportunidad única para establecer o expandir su negocio en uno de los centros comerciales más concurridos y reconocidos.</p>

Excepcional local comercial ubicado estratégicamente en el prestigioso Centro Comercial...
