{"id":235157,"date":"2026-01-27T18:09:58","date_gmt":"2026-01-27T23:09:58","guid":{"rendered":"https:\/\/arriendo.com\/co\/%es_type%\/%address_city%\/%neighborhood%\/bogota-villa-del-rio-local-en-arriendo-en-6962be\/"},"modified":"2026-01-27T18:09:58","modified_gmt":"2026-01-27T23:09:58","slug":"AR-235157","status":"publish","type":"properties","link":"https:\/\/arriendo.com\/co\/locales\/bogota\/villa-del-rio\/AR-235157\/","title":{"rendered":"Local en Arriendo en Villa del rio, Bogot\u00e1"},"content":{"rendered":"<p>Descubre Isla I (25) &#8211; Centro Comercial Paseo Villa del R\u00edo<\/p>\n<p>Ubicada en un corredor estrat\u00e9gico del segundo piso, esta isla ofrece m\u00e1xima visibilidad gracias a su cercan\u00eda con bancos, concesionarios de motos (Yamaha, Bajaj, UMA) y servicios de alto tr\u00e1fico. Su localizaci\u00f3n frente a amplias zonas de paso y \u00e1reas de descanso garantiza un flujo constante de visitantes que buscan soluciones r\u00e1pidas, compras impulsivas y experiencias pr\u00e1cticas.<\/p>\n<p>Al ser un espacio nuevo y sin uso previo, se adapta 100% a la identidad de tu marca. Ideal para conceptos como cafeter\u00edas el\u00e9ctricas, helader\u00edas, jugos y smoothies, postres, accesorios tecnol\u00f3gicos, servicios financieros o retail de impulso.<\/p>\n<p>Con un entorno moderno, din\u00e1mico y en plena expansi\u00f3n, esta isla es la oportunidad perfecta para posicionar tu negocio en uno de los centros comerciales m\u00e1s atractivos del sur de Bogot\u00e1.<\/p>\n","protected":false},"excerpt":{"rendered":"Descubre Isla I (25) &#8211; Centro Comercial Paseo Villa del...","protected":false},"author":4102,"featured_media":235160,"template":"","es_locations":[110,77,1482],"es_categories":[124],"es_types":[117],"es_rent_periods":[],"es_labels":[],"es_statuses":[],"es_parkings":[],"es_roofs":[],"es_exterior_materials":[],"es_basements":[],"es_floor_coverings":[],"es_features":[131,2454,2201,2455,2216,2132,2488,2135,2241,2137],"es_amenities":[152,2456,2206,2457,156,2140,2489,2142,2259,2144],"es_neighborhoods":[],"es_tags":[],"class_list":["post-235157","properties","type-properties","status-publish","has-post-thumbnail","hentry","es_location-bogota","es_location-bogota-d-c","es_location-villa-del-rio","es_category-arriendo","es_type-locales","es_feature-ascensor","es_feature-en-centro-comercial","es_feature-en-zona-comercial","es_feature-local-interior","es_feature-parqueadero-visitantes","es_feature-parques-cercanos","es_feature-pasaje-comercial","es_feature-sobre-via-principal","es_feature-vigilancia-24x7","es_feature-zona-comercial","es_amenity-ascensor-privado","es_amenity-en-centro-comercial","es_amenity-en-zona-comercial","es_amenity-local-interior","es_amenity-parqueadero-visitantes","es_amenity-parques-cercanos","es_amenity-pasaje-comercial","es_amenity-sobre-via-principal","es_amenity-vigilancia-24x7","es_amenity-zona-comercial","es-post-entity"],"_links":{"self":[{"href":"https:\/\/arriendo.com\/co\/wp-json\/wp\/v2\/properties\/235157","targetHints":{"allow":["GET"]}}],"collection":[{"href":"https:\/\/arriendo.com\/co\/wp-json\/wp\/v2\/properties"}],"about":[{"href":"https:\/\/arriendo.com\/co\/wp-json\/wp\/v2\/types\/properties"}],"author":[{"embeddable":true,"href":"https:\/\/arriendo.com\/co\/wp-json\/wp\/v2\/users\/4102"}],"version-history":[{"count":0,"href":"https:\/\/arriendo.com\/co\/wp-json\/wp\/v2\/properties\/235157\/revisions"}],"wp:featuredmedia":[{"embeddable":true,"href":"https:\/\/arriendo.com\/co\/wp-json\/wp\/v2\/media\/235160"}],"wp:attachment":[{"href":"https:\/\/arriendo.com\/co\/wp-json\/wp\/v2\/media?parent=235157"}],"wp:term":[{"taxonomy":"es_location","embeddable":true,"href":"https:\/\/arriendo.com\/co\/wp-json\/wp\/v2\/es_locations?post=235157"},{"taxonomy":"es_category","embeddable":true,"href":"https:\/\/arriendo.com\/co\/wp-json\/wp\/v2\/es_categories?post=235157"},{"taxonomy":"es_type","embeddable":true,"href":"https:\/\/arriendo.com\/co\/wp-json\/wp\/v2\/es_types?post=235157"},{"taxonomy":"es_rent_period","embeddable":true,"href":"https:\/\/arriendo.com\/co\/wp-json\/wp\/v2\/es_rent_periods?post=235157"},{"taxonomy":"es_label","embeddable":true,"href":"https:\/\/arriendo.com\/co\/wp-json\/wp\/v2\/es_labels?post=235157"},{"taxonomy":"es_status","embeddable":true,"href":"https:\/\/arriendo.com\/co\/wp-json\/wp\/v2\/es_statuses?post=235157"},{"taxonomy":"es_parking","embeddable":true,"href":"https:\/\/arriendo.com\/co\/wp-json\/wp\/v2\/es_parkings?post=235157"},{"taxonomy":"es_roof","embeddable":true,"href":"https:\/\/arriendo.com\/co\/wp-json\/wp\/v2\/es_roofs?post=235157"},{"taxonomy":"es_exterior_material","embeddable":true,"href":"https:\/\/arriendo.com\/co\/wp-json\/wp\/v2\/es_exterior_materials?post=235157"},{"taxonomy":"es_basement","embeddable":true,"href":"https:\/\/arriendo.com\/co\/wp-json\/wp\/v2\/es_basements?post=235157"},{"taxonomy":"es_floor_covering","embeddable":true,"href":"https:\/\/arriendo.com\/co\/wp-json\/wp\/v2\/es_floor_coverings?post=235157"},{"taxonomy":"es_feature","embeddable":true,"href":"https:\/\/arriendo.com\/co\/wp-json\/wp\/v2\/es_features?post=235157"},{"taxonomy":"es_amenity","embeddable":true,"href":"https:\/\/arriendo.com\/co\/wp-json\/wp\/v2\/es_amenities?post=235157"},{"taxonomy":"es_neighborhood","embeddable":true,"href":"https:\/\/arriendo.com\/co\/wp-json\/wp\/v2\/es_neighborhoods?post=235157"},{"taxonomy":"es_tag","embeddable":true,"href":"https:\/\/arriendo.com\/co\/wp-json\/wp\/v2\/es_tags?post=235157"}],"curies":[{"name":"wp","href":"https:\/\/api.w.org\/{rel}","templated":true}]}}

Local en Arriendo en Villa del rio, Bogotá

<p>Descubre Isla I (25) &#8211; Centro Comercial Paseo Villa del Río</p>
<p>Ubicada en un corredor estratégico del segundo piso, esta isla ofrece máxima visibilidad gracias a su cercanía con bancos, concesionarios de motos (Yamaha, Bajaj, UMA) y servicios de alto tráfico. Su localización frente a amplias zonas de paso y áreas de descanso garantiza un flujo constante de visitantes que buscan soluciones rápidas, compras impulsivas y experiencias prácticas.</p>
<p>Al ser un espacio nuevo y sin uso previo, se adapta 100% a la identidad de tu marca. Ideal para conceptos como cafeterías eléctricas, heladerías, jugos y smoothies, postres, accesorios tecnológicos, servicios financieros o retail de impulso.</p>
<p>Con un entorno moderno, dinámico y en plena expansión, esta isla es la oportunidad perfecta para posicionar tu negocio en uno de los centros comerciales más atractivos del sur de Bogotá.</p>
