{"id":235148,"date":"2026-01-27T18:08:58","date_gmt":"2026-01-27T23:08:58","guid":{"rendered":"https:\/\/arriendo.com\/co\/%es_type%\/%address_city%\/%neighborhood%\/bogota-villa-del-rio-local-en-arriendo-en-a7c62b\/"},"modified":"2026-01-27T18:08:58","modified_gmt":"2026-01-27T23:08:58","slug":"AR-235148","status":"publish","type":"properties","link":"https:\/\/arriendo.com\/co\/locales\/bogota\/villa-del-rio\/AR-235148\/","title":{"rendered":"Local en Arriendo en Villa del rio, Bogot\u00e1"},"content":{"rendered":"<p>El Centro Comercial Paseo Villa del R\u00edo se ha consolidado como el principal destino comercial y de entretenimiento del sur de Bogot\u00e1. Con m\u00e1s de 350 marcas, zonas de ocio, servicios, gastronom\u00eda y certificaci\u00f3n EDGE en sostenibilidad, es un ecosistema dise\u00f1ado para atraer y fidelizar clientes.<\/p>\n<p>La isla en el piso 2, junto a las escaleras el\u00e9ctricas, garantiza m\u00e1xima visibilidad y flujo peatonal constante, convirti\u00e9ndose en una plataforma de posicionamiento ideal para marcas emergentes y emprendedores que buscan crecer.<\/p>\n<p>Razones para Invertir<\/p>\n<p>&#8211; Alta afluencia diaria: Paseo Villa del R\u00edo recibe miles de visitantes que combinan entretenimiento, compras y servicios en un solo lugar.<\/p>\n<p>&#8211; Formato vers\u00e1til: la isla es un punto focal en corredores de flujo, ideal para captar compras por impulso.<\/p>\n<p>&#8211; Oportunidad para emprendedores: un espacio accesible que impulsa el crecimiento de negocios nuevos y consolidados.<\/p>\n<p>&#8211; Proyecci\u00f3n de valorizaci\u00f3n: el centro comercial contin\u00faa expandiendo su mix comercial y actividades, fortaleciendo el potencial de rentabilidad.<\/p>\n","protected":false},"excerpt":{"rendered":"El Centro Comercial Paseo Villa del R\u00edo se ha consolidado...","protected":false},"author":4102,"featured_media":235151,"template":"","es_locations":[110,77,1482],"es_categories":[124],"es_types":[117],"es_rent_periods":[],"es_labels":[],"es_statuses":[],"es_parkings":[],"es_roofs":[],"es_exterior_materials":[],"es_basements":[],"es_floor_coverings":[],"es_features":[131,2454,2201,2455,2216,2132,2488,2272,2181,2135,2239,2241,2242,2137],"es_amenities":[152,2456,2206,2457,156,2140,2489,2273,2142,2256,161,2259,2260,2144],"es_neighborhoods":[],"es_tags":[],"class_list":["post-235148","properties","type-properties","status-publish","has-post-thumbnail","hentry","es_location-bogota","es_location-bogota-d-c","es_location-villa-del-rio","es_category-arriendo","es_type-locales","es_feature-ascensor","es_feature-en-centro-comercial","es_feature-en-zona-comercial","es_feature-local-interior","es_feature-parqueadero-visitantes","es_feature-parques-cercanos","es_feature-pasaje-comercial","es_feature-piso-en-baldosa-marmol","es_feature-porteria-vigilancia","es_feature-sobre-via-principal","es_feature-sobre-via-secundaria","es_feature-vigilancia-24x7","es_feature-vigilancia-privada-247","es_feature-zona-comercial","es_amenity-ascensor-privado","es_amenity-en-centro-comercial","es_amenity-en-zona-comercial","es_amenity-local-interior","es_amenity-parqueadero-visitantes","es_amenity-parques-cercanos","es_amenity-pasaje-comercial","es_amenity-piso-en-baldosa-marmol","es_amenity-sobre-via-principal","es_amenity-sobre-via-secundaria","es_amenity-vigilancia-24-7","es_amenity-vigilancia-24x7","es_amenity-vigilancia-privada-247","es_amenity-zona-comercial","es-post-entity"],"_links":{"self":[{"href":"https:\/\/arriendo.com\/co\/wp-json\/wp\/v2\/properties\/235148","targetHints":{"allow":["GET"]}}],"collection":[{"href":"https:\/\/arriendo.com\/co\/wp-json\/wp\/v2\/properties"}],"about":[{"href":"https:\/\/arriendo.com\/co\/wp-json\/wp\/v2\/types\/properties"}],"author":[{"embeddable":true,"href":"https:\/\/arriendo.com\/co\/wp-json\/wp\/v2\/users\/4102"}],"version-history":[{"count":0,"href":"https:\/\/arriendo.com\/co\/wp-json\/wp\/v2\/properties\/235148\/revisions"}],"wp:featuredmedia":[{"embeddable":true,"href":"https:\/\/arriendo.com\/co\/wp-json\/wp\/v2\/media\/235151"}],"wp:attachment":[{"href":"https:\/\/arriendo.com\/co\/wp-json\/wp\/v2\/media?parent=235148"}],"wp:term":[{"taxonomy":"es_location","embeddable":true,"href":"https:\/\/arriendo.com\/co\/wp-json\/wp\/v2\/es_locations?post=235148"},{"taxonomy":"es_category","embeddable":true,"href":"https:\/\/arriendo.com\/co\/wp-json\/wp\/v2\/es_categories?post=235148"},{"taxonomy":"es_type","embeddable":true,"href":"https:\/\/arriendo.com\/co\/wp-json\/wp\/v2\/es_types?post=235148"},{"taxonomy":"es_rent_period","embeddable":true,"href":"https:\/\/arriendo.com\/co\/wp-json\/wp\/v2\/es_rent_periods?post=235148"},{"taxonomy":"es_label","embeddable":true,"href":"https:\/\/arriendo.com\/co\/wp-json\/wp\/v2\/es_labels?post=235148"},{"taxonomy":"es_status","embeddable":true,"href":"https:\/\/arriendo.com\/co\/wp-json\/wp\/v2\/es_statuses?post=235148"},{"taxonomy":"es_parking","embeddable":true,"href":"https:\/\/arriendo.com\/co\/wp-json\/wp\/v2\/es_parkings?post=235148"},{"taxonomy":"es_roof","embeddable":true,"href":"https:\/\/arriendo.com\/co\/wp-json\/wp\/v2\/es_roofs?post=235148"},{"taxonomy":"es_exterior_material","embeddable":true,"href":"https:\/\/arriendo.com\/co\/wp-json\/wp\/v2\/es_exterior_materials?post=235148"},{"taxonomy":"es_basement","embeddable":true,"href":"https:\/\/arriendo.com\/co\/wp-json\/wp\/v2\/es_basements?post=235148"},{"taxonomy":"es_floor_covering","embeddable":true,"href":"https:\/\/arriendo.com\/co\/wp-json\/wp\/v2\/es_floor_coverings?post=235148"},{"taxonomy":"es_feature","embeddable":true,"href":"https:\/\/arriendo.com\/co\/wp-json\/wp\/v2\/es_features?post=235148"},{"taxonomy":"es_amenity","embeddable":true,"href":"https:\/\/arriendo.com\/co\/wp-json\/wp\/v2\/es_amenities?post=235148"},{"taxonomy":"es_neighborhood","embeddable":true,"href":"https:\/\/arriendo.com\/co\/wp-json\/wp\/v2\/es_neighborhoods?post=235148"},{"taxonomy":"es_tag","embeddable":true,"href":"https:\/\/arriendo.com\/co\/wp-json\/wp\/v2\/es_tags?post=235148"}],"curies":[{"name":"wp","href":"https:\/\/api.w.org\/{rel}","templated":true}]}}

Local en Arriendo en Villa del rio, Bogotá

<p>El Centro Comercial Paseo Villa del Río se ha consolidado como el principal destino comercial y de entretenimiento del sur de Bogotá. Con más de 350 marcas, zonas de ocio, servicios, gastronomía y certificación EDGE en sostenibilidad, es un ecosistema diseñado para atraer y fidelizar clientes.</p>
<p>La isla en el piso 2, junto a las escaleras eléctricas, garantiza máxima visibilidad y flujo peatonal constante, convirtiéndose en una plataforma de posicionamiento ideal para marcas emergentes y emprendedores que buscan crecer.</p>
<p>Razones para Invertir</p>
<p>&#8211; Alta afluencia diaria: Paseo Villa del Río recibe miles de visitantes que combinan entretenimiento, compras y servicios en un solo lugar.</p>
<p>&#8211; Formato versátil: la isla es un punto focal en corredores de flujo, ideal para captar compras por impulso.</p>
<p>&#8211; Oportunidad para emprendedores: un espacio accesible que impulsa el crecimiento de negocios nuevos y consolidados.</p>
<p>&#8211; Proyección de valorización: el centro comercial continúa expandiendo su mix comercial y actividades, fortaleciendo el potencial de rentabilidad.</p>

El Centro Comercial Paseo Villa del Río se ha consolidado...
