{"id":235134,"date":"2026-01-27T18:07:58","date_gmt":"2026-01-27T23:07:58","guid":{"rendered":"https:\/\/arriendo.com\/co\/%es_type%\/%address_city%\/%neighborhood%\/bogota-los-martires-local-en-arriendo-en-ec3b18\/"},"modified":"2026-01-27T18:07:58","modified_gmt":"2026-01-27T23:07:58","slug":"AR-235134","status":"publish","type":"properties","link":"https:\/\/arriendo.com\/co\/locales\/bogota\/los-martires\/AR-235134\/","title":{"rendered":"Local en Arriendo en Los martires, Bogot\u00e1"},"content":{"rendered":"<p>Local comercial \u201cLienzo en Blanco\u201d  Ricaurte, Bogot\u00e1<\/p>\n<p>Local nuevo en arriendo, 34,75 m\u00b2 con altura de 4,23 m (ideal para mezzanine). Ubicaci\u00f3n esquinera frente a TransMilenio Ricaurte, garantizando flujo peatonal y alta visibilidad. Se entrega en obra gris, con todos los puntos de servicios listos. Perfecto para cafeter\u00eda, impresi\u00f3n r\u00e1pida, accesorios, salud, retail, comidas y m\u00e1s.<\/p>\n<p> .\u00a1Tu marca en el coraz\u00f3n comercial de Bogot\u00e1!.<\/p>\n","protected":false},"excerpt":{"rendered":"Local comercial \u201cLienzo en Blanco\u201d Ricaurte, Bogot\u00e1 Local nuevo en...","protected":false},"author":4102,"featured_media":235137,"template":"","es_locations":[110,77,245],"es_categories":[124],"es_types":[117],"es_rent_periods":[],"es_labels":[],"es_statuses":[],"es_parkings":[],"es_roofs":[],"es_exterior_materials":[],"es_basements":[],"es_floor_coverings":[],"es_features":[2292,2212,2233,145,2132,2181,2135,2150,2136,2137],"es_amenities":[2294,2217,2248,2160,2140,2142,2161,2143,161,2144],"es_neighborhoods":[],"es_tags":[],"class_list":["post-235134","properties","type-properties","status-publish","has-post-thumbnail","hentry","es_location-bogota","es_location-bogota-d-c","es_location-los-martires","es_category-arriendo","es_type-locales","es_feature-acceso-pavimentado","es_feature-bano-auxiliar","es_feature-cerca-de-zona-urbana","es_feature-instalacion-de-gas","es_feature-parques-cercanos","es_feature-porteria-vigilancia","es_feature-sobre-via-principal","es_feature-supermercados-c-comerciales","es_feature-trans-publico-cercano","es_feature-zona-comercial","es_amenity-acceso-pavimentado","es_amenity-bano-auxiliar","es_amenity-cerca-de-zona-urbana","es_amenity-instalacion-de-gas","es_amenity-parques-cercanos","es_amenity-sobre-via-principal","es_amenity-supermercados-c-comerciales","es_amenity-trans-publico-cercano","es_amenity-vigilancia-24-7","es_amenity-zona-comercial","es-post-entity"],"_links":{"self":[{"href":"https:\/\/arriendo.com\/co\/wp-json\/wp\/v2\/properties\/235134","targetHints":{"allow":["GET"]}}],"collection":[{"href":"https:\/\/arriendo.com\/co\/wp-json\/wp\/v2\/properties"}],"about":[{"href":"https:\/\/arriendo.com\/co\/wp-json\/wp\/v2\/types\/properties"}],"author":[{"embeddable":true,"href":"https:\/\/arriendo.com\/co\/wp-json\/wp\/v2\/users\/4102"}],"version-history":[{"count":0,"href":"https:\/\/arriendo.com\/co\/wp-json\/wp\/v2\/properties\/235134\/revisions"}],"wp:featuredmedia":[{"embeddable":true,"href":"https:\/\/arriendo.com\/co\/wp-json\/wp\/v2\/media\/235137"}],"wp:attachment":[{"href":"https:\/\/arriendo.com\/co\/wp-json\/wp\/v2\/media?parent=235134"}],"wp:term":[{"taxonomy":"es_location","embeddable":true,"href":"https:\/\/arriendo.com\/co\/wp-json\/wp\/v2\/es_locations?post=235134"},{"taxonomy":"es_category","embeddable":true,"href":"https:\/\/arriendo.com\/co\/wp-json\/wp\/v2\/es_categories?post=235134"},{"taxonomy":"es_type","embeddable":true,"href":"https:\/\/arriendo.com\/co\/wp-json\/wp\/v2\/es_types?post=235134"},{"taxonomy":"es_rent_period","embeddable":true,"href":"https:\/\/arriendo.com\/co\/wp-json\/wp\/v2\/es_rent_periods?post=235134"},{"taxonomy":"es_label","embeddable":true,"href":"https:\/\/arriendo.com\/co\/wp-json\/wp\/v2\/es_labels?post=235134"},{"taxonomy":"es_status","embeddable":true,"href":"https:\/\/arriendo.com\/co\/wp-json\/wp\/v2\/es_statuses?post=235134"},{"taxonomy":"es_parking","embeddable":true,"href":"https:\/\/arriendo.com\/co\/wp-json\/wp\/v2\/es_parkings?post=235134"},{"taxonomy":"es_roof","embeddable":true,"href":"https:\/\/arriendo.com\/co\/wp-json\/wp\/v2\/es_roofs?post=235134"},{"taxonomy":"es_exterior_material","embeddable":true,"href":"https:\/\/arriendo.com\/co\/wp-json\/wp\/v2\/es_exterior_materials?post=235134"},{"taxonomy":"es_basement","embeddable":true,"href":"https:\/\/arriendo.com\/co\/wp-json\/wp\/v2\/es_basements?post=235134"},{"taxonomy":"es_floor_covering","embeddable":true,"href":"https:\/\/arriendo.com\/co\/wp-json\/wp\/v2\/es_floor_coverings?post=235134"},{"taxonomy":"es_feature","embeddable":true,"href":"https:\/\/arriendo.com\/co\/wp-json\/wp\/v2\/es_features?post=235134"},{"taxonomy":"es_amenity","embeddable":true,"href":"https:\/\/arriendo.com\/co\/wp-json\/wp\/v2\/es_amenities?post=235134"},{"taxonomy":"es_neighborhood","embeddable":true,"href":"https:\/\/arriendo.com\/co\/wp-json\/wp\/v2\/es_neighborhoods?post=235134"},{"taxonomy":"es_tag","embeddable":true,"href":"https:\/\/arriendo.com\/co\/wp-json\/wp\/v2\/es_tags?post=235134"}],"curies":[{"name":"wp","href":"https:\/\/api.w.org\/{rel}","templated":true}]}}

Local en Arriendo en Los martires, Bogotá

<p>Local comercial “Lienzo en Blanco”  Ricaurte, Bogotá</p>
<p>Local nuevo en arriendo, 34,75 m² con altura de 4,23 m (ideal para mezzanine). Ubicación esquinera frente a TransMilenio Ricaurte, garantizando flujo peatonal y alta visibilidad. Se entrega en obra gris, con todos los puntos de servicios listos. Perfecto para cafetería, impresión rápida, accesorios, salud, retail, comidas y más.</p>
<p> .¡Tu marca en el corazón comercial de Bogotá!.</p>

Local comercial “Lienzo en Blanco” Ricaurte, Bogotá Local nuevo en...
