{"id":234730,"date":"2026-01-27T17:27:58","date_gmt":"2026-01-27T22:27:58","guid":{"rendered":"https:\/\/arriendo.com\/co\/%es_type%\/%address_city%\/%neighborhood%\/barranquilla-alameda-apartamento-en-arriendo-en-e71b08\/"},"modified":"2026-01-27T17:27:58","modified_gmt":"2026-01-27T22:27:58","slug":"AR-234730","status":"publish","type":"properties","link":"https:\/\/arriendo.com\/co\/apartamentos\/barranquilla\/alameda\/AR-234730\/","title":{"rendered":"Apartamento en Arriendo en Alameda, Barranquilla"},"content":{"rendered":"<p>El precio publicado incluye el valor de la administraci\u00f3n<\/p>\n<p>\u00a1Acogedor apartamento de PRIMER PISO en Arriendo en el Conjunto Residencial Amazilia, ubicado en el sector de Alameda del R\u00edo en Barranquilla! Este acogedor apartamento en primer piso te ofrece comodidad, funcionalidad y un espacio interior exclusivo: un patio privado ideal para tener una zona de labores amplia o incluso adaptar un peque\u00f1o jard\u00edn.<\/p>\n<p>Con una excelente distribuci\u00f3n de 52,5 m\u00b2, el inmueble cuenta con 2 habitaciones con cl\u00f3sets, 2 ba\u00f1os (uno de ellos en la habitaci\u00f3n principal), una sala-comedor amplia y luminosa y cocina integral. Al estar ubicado en el primer piso, disfrutar\u00e1s de un acceso f\u00e1cil y directo, lo que lo hace perfecto para familias con ni\u00f1os o personas mayores.<\/p>\n<p>El conjunto Amazilia es reconocido por su entorno familiar, seguro y tranquilo. Ofrece zonas comunes como piscina, gimnasio, parque infantil, sal\u00f3n social y vigilancia 24\/7. Adem\u00e1s, su ubicaci\u00f3n estrat\u00e9gica permite r\u00e1pido acceso a v\u00edas principales, transporte p\u00fablico, el centro comercial Jard\u00edn del Rio donde podr\u00e1s encontrar todo lo que necesitas, lo que lo convierte en una excelente opci\u00f3n tanto para vivir. El apartamento es estrato 3 y cuenta con parqueadero comunal.<\/p>\n<p>No dejes pasar esta oportunidad de vivir en uno de los conjuntos m\u00e1s completos de Alameda del R\u00edo. \u00a1Cont\u00e1ctanos para agendar una visita!<\/p>\n","protected":false},"excerpt":{"rendered":"El precio publicado incluye el valor de la administraci\u00f3n \u00a1Acogedor...","protected":false},"author":6506,"featured_media":234733,"template":"","es_locations":[1345,81,281],"es_categories":[124],"es_types":[114],"es_rent_periods":[],"es_labels":[],"es_statuses":[],"es_parkings":[],"es_roofs":[],"es_exterior_materials":[],"es_basements":[],"es_floor_coverings":[],"es_features":[131,2211,2131,2146,2148,2196,2149,2179,2282,145,2203,2216,2132,2220,2180,2272,2365,2133,2181,2182,2135,2150,143,2136,144,2306,2137,2151,2300,2185,2152,2204],"es_amenities":[152,2210,2139,2155,2157,2197,2159,154,2287,2160,2208,156,2140,2221,157,2273,2366,158,159,2142,2161,2290,2143,161,2289,2308,2144,162,2301,2173,2162,2209],"es_neighborhoods":[],"es_tags":[],"class_list":["post-234730","properties","type-properties","status-publish","has-post-thumbnail","hentry","es_location-alameda","es_location-atlantico","es_location-barranquilla","es_category-arriendo","es_type-apartamentos","es_feature-ascensor","es_feature-canchas-deportivas","es_feature-circuito-cerrado-de-tv","es_feature-cocina-integral","es_feature-colegios-universidades","es_feature-en-conjunto-cerrado","es_feature-garajes","es_feature-gimnasio","es_feature-hall-de-alcobas","es_feature-instalacion-de-gas","es_feature-jardines-exteriores","es_feature-parqueadero-visitantes","es_feature-parques-cercanos","es_feature-patio","es_feature-piscina","es_feature-piso-en-baldosa-marmol","es_feature-planta-electrica","es_feature-porteria-recepcion","es_feature-porteria-vigilancia","es_feature-salon-comunal","es_feature-sobre-via-principal","es_feature-supermercados-c-comerciales","es_feature-terraza","es_feature-trans-publico-cercano","es_feature-vista-panoramica","es_feature-zona-campestre","es_feature-zona-comercial","es_feature-zona-de-lavanderia","es_feature-zona-industrial","es_feature-zona-infantil","es_feature-zona-residencial","es_feature-zonas-verdes","es_amenity-ascensor-privado","es_amenity-canchas-deportivas","es_amenity-circuito-cerrado-de-tv","es_amenity-cocina-integral","es_amenity-colegios-universidades","es_amenity-en-conjunto-cerrado","es_amenity-garajes","es_amenity-gimnasio","es_amenity-hall-de-alcobas","es_amenity-instalacion-de-gas","es_amenity-jardines-exteriores","es_amenity-parqueadero-visitantes","es_amenity-parques-cercanos","es_amenity-patio","es_amenity-piscina","es_amenity-piso-en-baldosa-marmol","es_amenity-planta-electrica","es_amenity-porteria-recepcion","es_amenity-salon-comunal","es_amenity-sobre-via-principal","es_amenity-supermercados-c-comerciales","es_amenity-terraza","es_amenity-trans-publico-cercano","es_amenity-vigilancia-24-7","es_amenity-vista-panoramica","es_amenity-zona-campestre","es_amenity-zona-comercial","es_amenity-zona-de-lavanderia","es_amenity-zona-industrial","es_amenity-zona-infantil","es_amenity-zona-residencial","es_amenity-zonas-verdes","es-post-entity"],"_links":{"self":[{"href":"https:\/\/arriendo.com\/co\/wp-json\/wp\/v2\/properties\/234730","targetHints":{"allow":["GET"]}}],"collection":[{"href":"https:\/\/arriendo.com\/co\/wp-json\/wp\/v2\/properties"}],"about":[{"href":"https:\/\/arriendo.com\/co\/wp-json\/wp\/v2\/types\/properties"}],"author":[{"embeddable":true,"href":"https:\/\/arriendo.com\/co\/wp-json\/wp\/v2\/users\/6506"}],"version-history":[{"count":0,"href":"https:\/\/arriendo.com\/co\/wp-json\/wp\/v2\/properties\/234730\/revisions"}],"wp:featuredmedia":[{"embeddable":true,"href":"https:\/\/arriendo.com\/co\/wp-json\/wp\/v2\/media\/234733"}],"wp:attachment":[{"href":"https:\/\/arriendo.com\/co\/wp-json\/wp\/v2\/media?parent=234730"}],"wp:term":[{"taxonomy":"es_location","embeddable":true,"href":"https:\/\/arriendo.com\/co\/wp-json\/wp\/v2\/es_locations?post=234730"},{"taxonomy":"es_category","embeddable":true,"href":"https:\/\/arriendo.com\/co\/wp-json\/wp\/v2\/es_categories?post=234730"},{"taxonomy":"es_type","embeddable":true,"href":"https:\/\/arriendo.com\/co\/wp-json\/wp\/v2\/es_types?post=234730"},{"taxonomy":"es_rent_period","embeddable":true,"href":"https:\/\/arriendo.com\/co\/wp-json\/wp\/v2\/es_rent_periods?post=234730"},{"taxonomy":"es_label","embeddable":true,"href":"https:\/\/arriendo.com\/co\/wp-json\/wp\/v2\/es_labels?post=234730"},{"taxonomy":"es_status","embeddable":true,"href":"https:\/\/arriendo.com\/co\/wp-json\/wp\/v2\/es_statuses?post=234730"},{"taxonomy":"es_parking","embeddable":true,"href":"https:\/\/arriendo.com\/co\/wp-json\/wp\/v2\/es_parkings?post=234730"},{"taxonomy":"es_roof","embeddable":true,"href":"https:\/\/arriendo.com\/co\/wp-json\/wp\/v2\/es_roofs?post=234730"},{"taxonomy":"es_exterior_material","embeddable":true,"href":"https:\/\/arriendo.com\/co\/wp-json\/wp\/v2\/es_exterior_materials?post=234730"},{"taxonomy":"es_basement","embeddable":true,"href":"https:\/\/arriendo.com\/co\/wp-json\/wp\/v2\/es_basements?post=234730"},{"taxonomy":"es_floor_covering","embeddable":true,"href":"https:\/\/arriendo.com\/co\/wp-json\/wp\/v2\/es_floor_coverings?post=234730"},{"taxonomy":"es_feature","embeddable":true,"href":"https:\/\/arriendo.com\/co\/wp-json\/wp\/v2\/es_features?post=234730"},{"taxonomy":"es_amenity","embeddable":true,"href":"https:\/\/arriendo.com\/co\/wp-json\/wp\/v2\/es_amenities?post=234730"},{"taxonomy":"es_neighborhood","embeddable":true,"href":"https:\/\/arriendo.com\/co\/wp-json\/wp\/v2\/es_neighborhoods?post=234730"},{"taxonomy":"es_tag","embeddable":true,"href":"https:\/\/arriendo.com\/co\/wp-json\/wp\/v2\/es_tags?post=234730"}],"curies":[{"name":"wp","href":"https:\/\/api.w.org\/{rel}","templated":true}]}}

<p>El precio publicado incluye el valor de la administración</p>
<p>¡Acogedor apartamento de PRIMER PISO en Arriendo en el Conjunto Residencial Amazilia, ubicado en el sector de Alameda del Río en Barranquilla! Este acogedor apartamento en primer piso te ofrece comodidad, funcionalidad y un espacio interior exclusivo: un patio privado ideal para tener una zona de labores amplia o incluso adaptar un pequeño jardín.</p>
<p>Con una excelente distribución de 52,5 m², el inmueble cuenta con 2 habitaciones con clósets, 2 baños (uno de ellos en la habitación principal), una sala-comedor amplia y luminosa y cocina integral. Al estar ubicado en el primer piso, disfrutarás de un acceso fácil y directo, lo que lo hace perfecto para familias con niños o personas mayores.</p>
<p>El conjunto Amazilia es reconocido por su entorno familiar, seguro y tranquilo. Ofrece zonas comunes como piscina, gimnasio, parque infantil, salón social y vigilancia 24/7. Además, su ubicación estratégica permite rápido acceso a vías principales, transporte público, el centro comercial Jardín del Rio donde podrás encontrar todo lo que necesitas, lo que lo convierte en una excelente opción tanto para vivir. El apartamento es estrato 3 y cuenta con parqueadero comunal.</p>
<p>No dejes pasar esta oportunidad de vivir en uno de los conjuntos más completos de Alameda del Río. ¡Contáctanos para agendar una visita!</p>

El precio publicado incluye el valor de la administración ¡Acogedor...
