{"id":234605,"date":"2026-01-27T17:16:08","date_gmt":"2026-01-27T22:16:08","guid":{"rendered":"https:\/\/arriendo.com\/co\/%es_type%\/%address_city%\/%neighborhood%\/dosquebradas-los-guaduales-local-en-arriendo-en-828cbc\/"},"modified":"2026-01-27T17:16:08","modified_gmt":"2026-01-27T22:16:08","slug":"AR-234605","status":"publish","type":"properties","link":"https:\/\/arriendo.com\/co\/locales\/dosquebradas\/los-guaduales\/AR-234605\/","title":{"rendered":"Local en Arriendo en Los guaduales, Dosquebradas"},"content":{"rendered":"<p>Se alquila espectacular local comercial ubicado en el sector la Romelia el pollo, este local con una media da 141,77 MTS2 de construido y una terraza de 35 MTS2 cuenta con la caracter\u00edstica de no tener columnas ni buitrones, esta propiedad tiene un ba\u00f1o bastante amplio, zona de parqueo, tablero electr\u00f3nico con acometida para 30 KBA (con certificado retie), la red de gas pasa por uno de sus costados y cuenta con acometidas de agua. Su ubicaci\u00f3n es excepcional ya que se encuentra al lado de una estaci\u00f3n de servicio y un tr\u00e1fico vehicular asegurado (26,000 veh\u00edculos por d\u00eda) siendo esto un gran plus para desarrollar su activad comercial.<\/p>\n","protected":false},"excerpt":{"rendered":"Se alquila espectacular local comercial ubicado en el sector la...","protected":false},"author":8280,"featured_media":234608,"template":"","es_locations":[727,2790,102],"es_categories":[124],"es_types":[117],"es_rent_periods":[],"es_labels":[],"es_statuses":[],"es_parkings":[],"es_roofs":[],"es_exterior_materials":[],"es_basements":[],"es_floor_coverings":[],"es_features":[2265,2201,2176,2385,2216,2488,2181,2135,143,2228,2300,2152],"es_amenities":[2268,2206,2191,2386,156,2489,2142,2290,2258,161,2301,2162],"es_neighborhoods":[],"es_tags":[],"class_list":["post-234605","properties","type-properties","status-publish","has-post-thumbnail","hentry","es_location-dosquebradas","es_location-los-guaduales","es_location-risaralda","es_category-arriendo","es_type-locales","es_feature-bahia-exterior-de-parqueo","es_feature-en-zona-comercial","es_feature-en-zona-residencial","es_feature-local-exterior","es_feature-parqueadero-visitantes","es_feature-pasaje-comercial","es_feature-porteria-vigilancia","es_feature-sobre-via-principal","es_feature-terraza","es_feature-ventilacion-natural","es_feature-zona-industrial","es_feature-zona-residencial","es_amenity-bahia-exterior-de-parqueo","es_amenity-en-zona-comercial","es_amenity-en-zona-residencial","es_amenity-local-exterior","es_amenity-parqueadero-visitantes","es_amenity-pasaje-comercial","es_amenity-sobre-via-principal","es_amenity-terraza","es_amenity-ventilacion-natural","es_amenity-vigilancia-24-7","es_amenity-zona-industrial","es_amenity-zona-residencial","es-post-entity"],"_links":{"self":[{"href":"https:\/\/arriendo.com\/co\/wp-json\/wp\/v2\/properties\/234605","targetHints":{"allow":["GET"]}}],"collection":[{"href":"https:\/\/arriendo.com\/co\/wp-json\/wp\/v2\/properties"}],"about":[{"href":"https:\/\/arriendo.com\/co\/wp-json\/wp\/v2\/types\/properties"}],"author":[{"embeddable":true,"href":"https:\/\/arriendo.com\/co\/wp-json\/wp\/v2\/users\/8280"}],"version-history":[{"count":0,"href":"https:\/\/arriendo.com\/co\/wp-json\/wp\/v2\/properties\/234605\/revisions"}],"wp:featuredmedia":[{"embeddable":true,"href":"https:\/\/arriendo.com\/co\/wp-json\/wp\/v2\/media\/234608"}],"wp:attachment":[{"href":"https:\/\/arriendo.com\/co\/wp-json\/wp\/v2\/media?parent=234605"}],"wp:term":[{"taxonomy":"es_location","embeddable":true,"href":"https:\/\/arriendo.com\/co\/wp-json\/wp\/v2\/es_locations?post=234605"},{"taxonomy":"es_category","embeddable":true,"href":"https:\/\/arriendo.com\/co\/wp-json\/wp\/v2\/es_categories?post=234605"},{"taxonomy":"es_type","embeddable":true,"href":"https:\/\/arriendo.com\/co\/wp-json\/wp\/v2\/es_types?post=234605"},{"taxonomy":"es_rent_period","embeddable":true,"href":"https:\/\/arriendo.com\/co\/wp-json\/wp\/v2\/es_rent_periods?post=234605"},{"taxonomy":"es_label","embeddable":true,"href":"https:\/\/arriendo.com\/co\/wp-json\/wp\/v2\/es_labels?post=234605"},{"taxonomy":"es_status","embeddable":true,"href":"https:\/\/arriendo.com\/co\/wp-json\/wp\/v2\/es_statuses?post=234605"},{"taxonomy":"es_parking","embeddable":true,"href":"https:\/\/arriendo.com\/co\/wp-json\/wp\/v2\/es_parkings?post=234605"},{"taxonomy":"es_roof","embeddable":true,"href":"https:\/\/arriendo.com\/co\/wp-json\/wp\/v2\/es_roofs?post=234605"},{"taxonomy":"es_exterior_material","embeddable":true,"href":"https:\/\/arriendo.com\/co\/wp-json\/wp\/v2\/es_exterior_materials?post=234605"},{"taxonomy":"es_basement","embeddable":true,"href":"https:\/\/arriendo.com\/co\/wp-json\/wp\/v2\/es_basements?post=234605"},{"taxonomy":"es_floor_covering","embeddable":true,"href":"https:\/\/arriendo.com\/co\/wp-json\/wp\/v2\/es_floor_coverings?post=234605"},{"taxonomy":"es_feature","embeddable":true,"href":"https:\/\/arriendo.com\/co\/wp-json\/wp\/v2\/es_features?post=234605"},{"taxonomy":"es_amenity","embeddable":true,"href":"https:\/\/arriendo.com\/co\/wp-json\/wp\/v2\/es_amenities?post=234605"},{"taxonomy":"es_neighborhood","embeddable":true,"href":"https:\/\/arriendo.com\/co\/wp-json\/wp\/v2\/es_neighborhoods?post=234605"},{"taxonomy":"es_tag","embeddable":true,"href":"https:\/\/arriendo.com\/co\/wp-json\/wp\/v2\/es_tags?post=234605"}],"curies":[{"name":"wp","href":"https:\/\/api.w.org\/{rel}","templated":true}]}}

<p>Se alquila espectacular local comercial ubicado en el sector la Romelia el pollo, este local con una media da 141,77 MTS2 de construido y una terraza de 35 MTS2 cuenta con la característica de no tener columnas ni buitrones, esta propiedad tiene un baño bastante amplio, zona de parqueo, tablero electrónico con acometida para 30 KBA (con certificado retie), la red de gas pasa por uno de sus costados y cuenta con acometidas de agua. Su ubicación es excepcional ya que se encuentra al lado de una estación de servicio y un tráfico vehicular asegurado (26,000 vehículos por día) siendo esto un gran plus para desarrollar su activad comercial.</p>
