{"id":234566,"date":"2026-01-27T17:11:59","date_gmt":"2026-01-27T22:11:59","guid":{"rendered":"https:\/\/arriendo.com\/co\/%es_type%\/%address_city%\/%neighborhood%\/pereira-cerritos-local-en-arriendo-en-f0d439\/"},"modified":"2026-01-27T17:11:59","modified_gmt":"2026-01-27T22:11:59","slug":"AR-234566","status":"publish","type":"properties","link":"https:\/\/arriendo.com\/co\/locales\/pereira\/cerritos\/AR-234566\/","title":{"rendered":"Local en Arriendo en Cerritos, Pereira"},"content":{"rendered":"<p>? Local Comercial en Cerritos<br \/>\n? Ubicado en la Estaci\u00f3n de Comercio, uno de los sectores con mayor valorizaci\u00f3n y proyecci\u00f3n de Pereira.<br \/>\nDescubre esta excelente oportunidad de inversi\u00f3n en Cerritos: un moderno local comercial de 205 m\u00b2 distribuidos en dos niveles, ideal para negocios que buscan visibilidad, comodidad y crecimiento.<br \/>\n? Caracter\u00edsticas destacadas:<br \/>\n&#8211; \u00c1rea total: 205 m\u00b2<br \/>\n&#8211; Dos pisos funcionales y vers\u00e1tiles<br \/>\n&#8211; Bah\u00eda de parqueo privada para clientes y visitantes<br \/>\n&#8211; Ubicaci\u00f3n estrat\u00e9gica en zona de alto desarrollo comercial y residencial<br \/>\n&#8211; Rodeado de proyectos urban\u00edsticos, colegios, cl\u00ednicas y v\u00edas principales<\/p>\n<p>Este espacio es perfecto para restaurantes, oficinas, boutiques, consultorios o cualquier negocio que quiera posicionarse en una zona de alto tr\u00e1fico y prestigio.<\/p>\n","protected":false},"excerpt":{"rendered":"? Local Comercial en Cerritos ? Ubicado en la Estaci\u00f3n...","protected":false},"author":8280,"featured_media":234569,"template":"","es_locations":[232,231,102],"es_categories":[124],"es_types":[117],"es_rent_periods":[],"es_labels":[],"es_statuses":[],"es_parkings":[],"es_roofs":[],"es_exterior_materials":[],"es_basements":[],"es_floor_coverings":[],"es_features":[2265,2131,151,2454,2201,2455,2216,2488,2272,2181,2135,2241,2242,2137],"es_amenities":[2268,2139,2270,2456,2206,2457,156,2489,2273,2142,161,2259,2260,2144],"es_neighborhoods":[],"es_tags":[],"class_list":["post-234566","properties","type-properties","status-publish","has-post-thumbnail","hentry","es_location-cerritos","es_location-pereira","es_location-risaralda","es_category-arriendo","es_type-locales","es_feature-bahia-exterior-de-parqueo","es_feature-circuito-cerrado-de-tv","es_feature-deposito-bodega","es_feature-en-centro-comercial","es_feature-en-zona-comercial","es_feature-local-interior","es_feature-parqueadero-visitantes","es_feature-pasaje-comercial","es_feature-piso-en-baldosa-marmol","es_feature-porteria-vigilancia","es_feature-sobre-via-principal","es_feature-vigilancia-24x7","es_feature-vigilancia-privada-247","es_feature-zona-comercial","es_amenity-bahia-exterior-de-parqueo","es_amenity-circuito-cerrado-de-tv","es_amenity-deposito-bodega","es_amenity-en-centro-comercial","es_amenity-en-zona-comercial","es_amenity-local-interior","es_amenity-parqueadero-visitantes","es_amenity-pasaje-comercial","es_amenity-piso-en-baldosa-marmol","es_amenity-sobre-via-principal","es_amenity-vigilancia-24-7","es_amenity-vigilancia-24x7","es_amenity-vigilancia-privada-247","es_amenity-zona-comercial","es-post-entity"],"_links":{"self":[{"href":"https:\/\/arriendo.com\/co\/wp-json\/wp\/v2\/properties\/234566","targetHints":{"allow":["GET"]}}],"collection":[{"href":"https:\/\/arriendo.com\/co\/wp-json\/wp\/v2\/properties"}],"about":[{"href":"https:\/\/arriendo.com\/co\/wp-json\/wp\/v2\/types\/properties"}],"author":[{"embeddable":true,"href":"https:\/\/arriendo.com\/co\/wp-json\/wp\/v2\/users\/8280"}],"version-history":[{"count":0,"href":"https:\/\/arriendo.com\/co\/wp-json\/wp\/v2\/properties\/234566\/revisions"}],"wp:featuredmedia":[{"embeddable":true,"href":"https:\/\/arriendo.com\/co\/wp-json\/wp\/v2\/media\/234569"}],"wp:attachment":[{"href":"https:\/\/arriendo.com\/co\/wp-json\/wp\/v2\/media?parent=234566"}],"wp:term":[{"taxonomy":"es_location","embeddable":true,"href":"https:\/\/arriendo.com\/co\/wp-json\/wp\/v2\/es_locations?post=234566"},{"taxonomy":"es_category","embeddable":true,"href":"https:\/\/arriendo.com\/co\/wp-json\/wp\/v2\/es_categories?post=234566"},{"taxonomy":"es_type","embeddable":true,"href":"https:\/\/arriendo.com\/co\/wp-json\/wp\/v2\/es_types?post=234566"},{"taxonomy":"es_rent_period","embeddable":true,"href":"https:\/\/arriendo.com\/co\/wp-json\/wp\/v2\/es_rent_periods?post=234566"},{"taxonomy":"es_label","embeddable":true,"href":"https:\/\/arriendo.com\/co\/wp-json\/wp\/v2\/es_labels?post=234566"},{"taxonomy":"es_status","embeddable":true,"href":"https:\/\/arriendo.com\/co\/wp-json\/wp\/v2\/es_statuses?post=234566"},{"taxonomy":"es_parking","embeddable":true,"href":"https:\/\/arriendo.com\/co\/wp-json\/wp\/v2\/es_parkings?post=234566"},{"taxonomy":"es_roof","embeddable":true,"href":"https:\/\/arriendo.com\/co\/wp-json\/wp\/v2\/es_roofs?post=234566"},{"taxonomy":"es_exterior_material","embeddable":true,"href":"https:\/\/arriendo.com\/co\/wp-json\/wp\/v2\/es_exterior_materials?post=234566"},{"taxonomy":"es_basement","embeddable":true,"href":"https:\/\/arriendo.com\/co\/wp-json\/wp\/v2\/es_basements?post=234566"},{"taxonomy":"es_floor_covering","embeddable":true,"href":"https:\/\/arriendo.com\/co\/wp-json\/wp\/v2\/es_floor_coverings?post=234566"},{"taxonomy":"es_feature","embeddable":true,"href":"https:\/\/arriendo.com\/co\/wp-json\/wp\/v2\/es_features?post=234566"},{"taxonomy":"es_amenity","embeddable":true,"href":"https:\/\/arriendo.com\/co\/wp-json\/wp\/v2\/es_amenities?post=234566"},{"taxonomy":"es_neighborhood","embeddable":true,"href":"https:\/\/arriendo.com\/co\/wp-json\/wp\/v2\/es_neighborhoods?post=234566"},{"taxonomy":"es_tag","embeddable":true,"href":"https:\/\/arriendo.com\/co\/wp-json\/wp\/v2\/es_tags?post=234566"}],"curies":[{"name":"wp","href":"https:\/\/api.w.org\/{rel}","templated":true}]}}

<p>? Local Comercial en Cerritos<br />
? Ubicado en la Estación de Comercio, uno de los sectores con mayor valorización y proyección de Pereira.<br />
Descubre esta excelente oportunidad de inversión en Cerritos: un moderno local comercial de 205 m² distribuidos en dos niveles, ideal para negocios que buscan visibilidad, comodidad y crecimiento.<br />
? Características destacadas:<br />
&#8211; Área total: 205 m²<br />
&#8211; Dos pisos funcionales y versátiles<br />
&#8211; Bahía de parqueo privada para clientes y visitantes<br />
&#8211; Ubicación estratégica en zona de alto desarrollo comercial y residencial<br />
&#8211; Rodeado de proyectos urbanísticos, colegios, clínicas y vías principales</p>
<p>Este espacio es perfecto para restaurantes, oficinas, boutiques, consultorios o cualquier negocio que quiera posicionarse en una zona de alto tráfico y prestigio.</p>

? Local Comercial en Cerritos ? Ubicado en la Estación...
