{"id":234382,"date":"2026-01-27T16:48:58","date_gmt":"2026-01-27T21:48:58","guid":{"rendered":"https:\/\/arriendo.com\/co\/%es_type%\/%address_city%\/%neighborhood%\/bogota-tindalito-et-ii-local-en-arriendo-a514d6\/"},"modified":"2026-01-27T16:48:58","modified_gmt":"2026-01-27T21:48:58","slug":"AR-234382","status":"publish","type":"properties","link":"https:\/\/arriendo.com\/co\/locales\/bogota\/tindalito-et-ii\/AR-234382\/","title":{"rendered":"Local en  Arriendo en Tindalito et. ii, Bogot\u00e1"},"content":{"rendered":"<p>\u00a1Impulsa tu Negocio en el Coraz\u00f3n del Centro Comercial Milenio Plaza!<br \/>\nArrienda este local estrat\u00e9gicamente ubicado en el segundo piso del Centro Comercial Milenio Plaza por $6.000.000 (estrato 2, administraci\u00f3n $600.000) y asegura la visibilidad que tu marca necesita. Con 39 m\u00b2, este espacio es ideal para negocios de servicios bancarios, art\u00edculos de uso comercial y el din\u00e1mico sector de comidas r\u00e1pidas.<br \/>\nTu Negocio en el Lugar Correcto:<br \/>\nAcceso directo y visible: Su ubicaci\u00f3n con ingreso por la rampa al segundo piso te asegura un flujo constante de potenciales clientes.<br \/>\nVersatilidad comercial: Un espacio adaptable para diferentes tipos de negocios con alto potencial de crecimiento.<br \/>\nConexi\u00f3n vial estrat\u00e9gica: Disfruta de la cercan\u00eda a las principales arterias viales de la ciudad: Avda. Ciudad de Cali, Avda. Ciudad de Villavicencio, Avda. El Tintal, Avda. Dagoberto Mej\u00eda y Avda. de las Am\u00e9ricas.<br \/>\nMovilidad garantizada: Excelentes conexiones con el sistema Transmilenio a trav\u00e9s de las estaciones Avda. Ciudad de Cali y Patio Bonito.<br \/>\nTrayectoria y reconocimiento: Milenio Plaza, con su trayectoria desde el a\u00f1o 2000, es un centro comercial establecido y concurrido.<br \/>\n\u00a1Este es el momento de llevar tu negocio al siguiente nivel! Cont\u00e1ctanos para conocer m\u00e1s sobre este local con un potencial incre\u00edble.<\/p>\n","protected":false},"excerpt":{"rendered":"\u00a1Impulsa tu Negocio en el Coraz\u00f3n del Centro Comercial Milenio...","protected":false},"author":8255,"featured_media":234385,"template":"","es_locations":[110,77,2787],"es_categories":[124],"es_types":[117],"es_rent_periods":[],"es_labels":[],"es_statuses":[],"es_parkings":[],"es_roofs":[],"es_exterior_materials":[],"es_basements":[],"es_floor_coverings":[],"es_features":[150,131,2131,2454,2201,2149,2455,2216,2272,2365,2181,2228,2241,2242],"es_amenities":[2387,152,2139,2456,2206,2159,2457,156,2273,2366,2258,161,2259,2260],"es_neighborhoods":[],"es_tags":[],"class_list":["post-234382","properties","type-properties","status-publish","has-post-thumbnail","hentry","es_location-bogota","es_location-bogota-d-c","es_location-tindalito-et-ii","es_category-arriendo","es_type-locales","es_feature-alarma","es_feature-ascensor","es_feature-circuito-cerrado-de-tv","es_feature-en-centro-comercial","es_feature-en-zona-comercial","es_feature-garajes","es_feature-local-interior","es_feature-parqueadero-visitantes","es_feature-piso-en-baldosa-marmol","es_feature-planta-electrica","es_feature-porteria-vigilancia","es_feature-ventilacion-natural","es_feature-vigilancia-24x7","es_feature-vigilancia-privada-247","es_amenity-alarma","es_amenity-ascensor-privado","es_amenity-circuito-cerrado-de-tv","es_amenity-en-centro-comercial","es_amenity-en-zona-comercial","es_amenity-garajes","es_amenity-local-interior","es_amenity-parqueadero-visitantes","es_amenity-piso-en-baldosa-marmol","es_amenity-planta-electrica","es_amenity-ventilacion-natural","es_amenity-vigilancia-24-7","es_amenity-vigilancia-24x7","es_amenity-vigilancia-privada-247","es-post-entity"],"_links":{"self":[{"href":"https:\/\/arriendo.com\/co\/wp-json\/wp\/v2\/properties\/234382","targetHints":{"allow":["GET"]}}],"collection":[{"href":"https:\/\/arriendo.com\/co\/wp-json\/wp\/v2\/properties"}],"about":[{"href":"https:\/\/arriendo.com\/co\/wp-json\/wp\/v2\/types\/properties"}],"author":[{"embeddable":true,"href":"https:\/\/arriendo.com\/co\/wp-json\/wp\/v2\/users\/8255"}],"version-history":[{"count":0,"href":"https:\/\/arriendo.com\/co\/wp-json\/wp\/v2\/properties\/234382\/revisions"}],"wp:featuredmedia":[{"embeddable":true,"href":"https:\/\/arriendo.com\/co\/wp-json\/wp\/v2\/media\/234385"}],"wp:attachment":[{"href":"https:\/\/arriendo.com\/co\/wp-json\/wp\/v2\/media?parent=234382"}],"wp:term":[{"taxonomy":"es_location","embeddable":true,"href":"https:\/\/arriendo.com\/co\/wp-json\/wp\/v2\/es_locations?post=234382"},{"taxonomy":"es_category","embeddable":true,"href":"https:\/\/arriendo.com\/co\/wp-json\/wp\/v2\/es_categories?post=234382"},{"taxonomy":"es_type","embeddable":true,"href":"https:\/\/arriendo.com\/co\/wp-json\/wp\/v2\/es_types?post=234382"},{"taxonomy":"es_rent_period","embeddable":true,"href":"https:\/\/arriendo.com\/co\/wp-json\/wp\/v2\/es_rent_periods?post=234382"},{"taxonomy":"es_label","embeddable":true,"href":"https:\/\/arriendo.com\/co\/wp-json\/wp\/v2\/es_labels?post=234382"},{"taxonomy":"es_status","embeddable":true,"href":"https:\/\/arriendo.com\/co\/wp-json\/wp\/v2\/es_statuses?post=234382"},{"taxonomy":"es_parking","embeddable":true,"href":"https:\/\/arriendo.com\/co\/wp-json\/wp\/v2\/es_parkings?post=234382"},{"taxonomy":"es_roof","embeddable":true,"href":"https:\/\/arriendo.com\/co\/wp-json\/wp\/v2\/es_roofs?post=234382"},{"taxonomy":"es_exterior_material","embeddable":true,"href":"https:\/\/arriendo.com\/co\/wp-json\/wp\/v2\/es_exterior_materials?post=234382"},{"taxonomy":"es_basement","embeddable":true,"href":"https:\/\/arriendo.com\/co\/wp-json\/wp\/v2\/es_basements?post=234382"},{"taxonomy":"es_floor_covering","embeddable":true,"href":"https:\/\/arriendo.com\/co\/wp-json\/wp\/v2\/es_floor_coverings?post=234382"},{"taxonomy":"es_feature","embeddable":true,"href":"https:\/\/arriendo.com\/co\/wp-json\/wp\/v2\/es_features?post=234382"},{"taxonomy":"es_amenity","embeddable":true,"href":"https:\/\/arriendo.com\/co\/wp-json\/wp\/v2\/es_amenities?post=234382"},{"taxonomy":"es_neighborhood","embeddable":true,"href":"https:\/\/arriendo.com\/co\/wp-json\/wp\/v2\/es_neighborhoods?post=234382"},{"taxonomy":"es_tag","embeddable":true,"href":"https:\/\/arriendo.com\/co\/wp-json\/wp\/v2\/es_tags?post=234382"}],"curies":[{"name":"wp","href":"https:\/\/api.w.org\/{rel}","templated":true}]}}

Local en  Arriendo en Tindalito et. ii, Bogotá

<p>¡Impulsa tu Negocio en el Corazón del Centro Comercial Milenio Plaza!<br />
Arrienda este local estratégicamente ubicado en el segundo piso del Centro Comercial Milenio Plaza por $6.000.000 (estrato 2, administración $600.000) y asegura la visibilidad que tu marca necesita. Con 39 m², este espacio es ideal para negocios de servicios bancarios, artículos de uso comercial y el dinámico sector de comidas rápidas.<br />
Tu Negocio en el Lugar Correcto:<br />
Acceso directo y visible: Su ubicación con ingreso por la rampa al segundo piso te asegura un flujo constante de potenciales clientes.<br />
Versatilidad comercial: Un espacio adaptable para diferentes tipos de negocios con alto potencial de crecimiento.<br />
Conexión vial estratégica: Disfruta de la cercanía a las principales arterias viales de la ciudad: Avda. Ciudad de Cali, Avda. Ciudad de Villavicencio, Avda. El Tintal, Avda. Dagoberto Mejía y Avda. de las Américas.<br />
Movilidad garantizada: Excelentes conexiones con el sistema Transmilenio a través de las estaciones Avda. Ciudad de Cali y Patio Bonito.<br />
Trayectoria y reconocimiento: Milenio Plaza, con su trayectoria desde el año 2000, es un centro comercial establecido y concurrido.<br />
¡Este es el momento de llevar tu negocio al siguiente nivel! Contáctanos para conocer más sobre este local con un potencial increíble.</p>

¡Impulsa tu Negocio en el Corazón del Centro Comercial Milenio...
