{"id":234147,"date":"2026-01-27T16:28:27","date_gmt":"2026-01-27T21:28:27","guid":{"rendered":"https:\/\/arriendo.com\/co\/%es_type%\/%address_city%\/%neighborhood%\/cali-ciudad-jardin-apartamento-en-arriendo-en-b139ea\/"},"modified":"2026-01-27T16:28:27","modified_gmt":"2026-01-27T21:28:27","slug":"AR-234147","status":"publish","type":"properties","link":"https:\/\/arriendo.com\/co\/apartamentos\/cali\/ciudad-jardin\/AR-234147\/","title":{"rendered":"Apartamento en Arriendo en Ciudad jardin, Cali"},"content":{"rendered":"<p>ALQUILER DE HERMOSO APARTAMENTO EN CIUDAS JARD\u00cdN &#8211; UNIDAD RESIDENCIAL ANKARA- PISO 6. <\/p>\n<p>\u00c1rea 118 m2, 6 piso, consta de sala comedor, cocina integral, 3 habitaciones, principal con ba\u00f1o y vestier, 2 habitaciones con cl\u00f3set, 2 ba\u00f1os, estudio, balc\u00f3n, zona de oficios, 2 parqueaderos, bodega. <\/p>\n<p> Amenidades del conjunto: lobby,<br \/>\n piscina , turco y sauna, gimnasio, teatrino, sal\u00f3n de juegos, terraza social. <\/p>\n<p>Precio: $4.200.000 (incluida la administraci\u00f3n) <\/p>\n<p>WhatsApp: ***<\/p>\n","protected":false},"excerpt":{"rendered":"ALQUILER DE HERMOSO APARTAMENTO EN CIUDAS JARD\u00cdN &#8211; UNIDAD RESIDENCIAL...","protected":false},"author":8181,"featured_media":234150,"template":"","es_locations":[179,335],"es_categories":[124],"es_types":[114],"es_rent_periods":[],"es_labels":[],"es_statuses":[],"es_parkings":[],"es_roofs":[],"es_exterior_materials":[],"es_basements":[],"es_floor_coverings":[],"es_features":[131,132,2131,133,2146,2148,151,2196,136,2179,145,2203,2370,2216,2132,2180,2181,2167,2150,2136,2306,2151,2185,2152,2204],"es_amenities":[152,2186,2139,2154,2155,2157,2270,2197,2158,154,2160,2208,2371,156,2140,157,2171,2161,2143,161,2308,162,2173,2162,2209],"es_neighborhoods":[],"es_tags":[],"class_list":["post-234147","properties","type-properties","status-publish","has-post-thumbnail","hentry","es_location-cali","es_location-ciudad-jardin","es_category-arriendo","es_type-apartamentos","es_feature-ascensor","es_feature-balcon","es_feature-circuito-cerrado-de-tv","es_feature-citofono","es_feature-cocina-integral","es_feature-colegios-universidades","es_feature-deposito-bodega","es_feature-en-conjunto-cerrado","es_feature-estudio","es_feature-gimnasio","es_feature-instalacion-de-gas","es_feature-jardines-exteriores","es_feature-oficina-de-negocios","es_feature-parqueadero-visitantes","es_feature-parques-cercanos","es_feature-piscina","es_feature-porteria-vigilancia","es_feature-sauna-turco-jacuzzi","es_feature-supermercados-c-comerciales","es_feature-trans-publico-cercano","es_feature-zona-campestre","es_feature-zona-de-lavanderia","es_feature-zona-infantil","es_feature-zona-residencial","es_feature-zonas-verdes","es_amenity-ascensor-privado","es_amenity-balcon","es_amenity-circuito-cerrado-de-tv","es_amenity-citofono","es_amenity-cocina-integral","es_amenity-colegios-universidades","es_amenity-deposito-bodega","es_amenity-en-conjunto-cerrado","es_amenity-estudio","es_amenity-gimnasio","es_amenity-instalacion-de-gas","es_amenity-jardines-exteriores","es_amenity-oficina-de-negocios","es_amenity-parqueadero-visitantes","es_amenity-parques-cercanos","es_amenity-piscina","es_amenity-sauna-turco-jacuzzi","es_amenity-supermercados-c-comerciales","es_amenity-trans-publico-cercano","es_amenity-vigilancia-24-7","es_amenity-zona-campestre","es_amenity-zona-de-lavanderia","es_amenity-zona-infantil","es_amenity-zona-residencial","es_amenity-zonas-verdes","es-post-entity"],"_links":{"self":[{"href":"https:\/\/arriendo.com\/co\/wp-json\/wp\/v2\/properties\/234147","targetHints":{"allow":["GET"]}}],"collection":[{"href":"https:\/\/arriendo.com\/co\/wp-json\/wp\/v2\/properties"}],"about":[{"href":"https:\/\/arriendo.com\/co\/wp-json\/wp\/v2\/types\/properties"}],"author":[{"embeddable":true,"href":"https:\/\/arriendo.com\/co\/wp-json\/wp\/v2\/users\/8181"}],"version-history":[{"count":0,"href":"https:\/\/arriendo.com\/co\/wp-json\/wp\/v2\/properties\/234147\/revisions"}],"wp:featuredmedia":[{"embeddable":true,"href":"https:\/\/arriendo.com\/co\/wp-json\/wp\/v2\/media\/234150"}],"wp:attachment":[{"href":"https:\/\/arriendo.com\/co\/wp-json\/wp\/v2\/media?parent=234147"}],"wp:term":[{"taxonomy":"es_location","embeddable":true,"href":"https:\/\/arriendo.com\/co\/wp-json\/wp\/v2\/es_locations?post=234147"},{"taxonomy":"es_category","embeddable":true,"href":"https:\/\/arriendo.com\/co\/wp-json\/wp\/v2\/es_categories?post=234147"},{"taxonomy":"es_type","embeddable":true,"href":"https:\/\/arriendo.com\/co\/wp-json\/wp\/v2\/es_types?post=234147"},{"taxonomy":"es_rent_period","embeddable":true,"href":"https:\/\/arriendo.com\/co\/wp-json\/wp\/v2\/es_rent_periods?post=234147"},{"taxonomy":"es_label","embeddable":true,"href":"https:\/\/arriendo.com\/co\/wp-json\/wp\/v2\/es_labels?post=234147"},{"taxonomy":"es_status","embeddable":true,"href":"https:\/\/arriendo.com\/co\/wp-json\/wp\/v2\/es_statuses?post=234147"},{"taxonomy":"es_parking","embeddable":true,"href":"https:\/\/arriendo.com\/co\/wp-json\/wp\/v2\/es_parkings?post=234147"},{"taxonomy":"es_roof","embeddable":true,"href":"https:\/\/arriendo.com\/co\/wp-json\/wp\/v2\/es_roofs?post=234147"},{"taxonomy":"es_exterior_material","embeddable":true,"href":"https:\/\/arriendo.com\/co\/wp-json\/wp\/v2\/es_exterior_materials?post=234147"},{"taxonomy":"es_basement","embeddable":true,"href":"https:\/\/arriendo.com\/co\/wp-json\/wp\/v2\/es_basements?post=234147"},{"taxonomy":"es_floor_covering","embeddable":true,"href":"https:\/\/arriendo.com\/co\/wp-json\/wp\/v2\/es_floor_coverings?post=234147"},{"taxonomy":"es_feature","embeddable":true,"href":"https:\/\/arriendo.com\/co\/wp-json\/wp\/v2\/es_features?post=234147"},{"taxonomy":"es_amenity","embeddable":true,"href":"https:\/\/arriendo.com\/co\/wp-json\/wp\/v2\/es_amenities?post=234147"},{"taxonomy":"es_neighborhood","embeddable":true,"href":"https:\/\/arriendo.com\/co\/wp-json\/wp\/v2\/es_neighborhoods?post=234147"},{"taxonomy":"es_tag","embeddable":true,"href":"https:\/\/arriendo.com\/co\/wp-json\/wp\/v2\/es_tags?post=234147"}],"curies":[{"name":"wp","href":"https:\/\/api.w.org\/{rel}","templated":true}]}}

<p>ALQUILER DE HERMOSO APARTAMENTO EN CIUDAS JARDÍN &#8211; UNIDAD RESIDENCIAL ANKARA- PISO 6. </p>
<p>Área 118 m2, 6 piso, consta de sala comedor, cocina integral, 3 habitaciones, principal con baño y vestier, 2 habitaciones con clóset, 2 baños, estudio, balcón, zona de oficios, 2 parqueaderos, bodega. </p>
<p> Amenidades del conjunto: lobby,<br />
 piscina , turco y sauna, gimnasio, teatrino, salón de juegos, terraza social. </p>
<p>Precio: $4.200.000 (incluida la administración) </p>
<p>WhatsApp: ***</p>

ALQUILER DE HERMOSO APARTAMENTO EN CIUDAS JARDÍN &#8211; UNIDAD RESIDENCIAL...
