{"id":233873,"date":"2026-01-27T16:01:05","date_gmt":"2026-01-27T21:01:05","guid":{"rendered":"https:\/\/arriendo.com\/co\/%es_type%\/%address_city%\/%neighborhood%\/chia-cc-fontanar-oficina-en-arriendo-10d877\/"},"modified":"2026-01-27T16:01:05","modified_gmt":"2026-01-27T21:01:05","slug":"AR-233873","status":"publish","type":"properties","link":"https:\/\/arriendo.com\/co\/oficinas\/chia\/cc-fontanar\/AR-233873\/","title":{"rendered":"Oficina en  Arriendo en Cc fontanar, Ch\u00eda"},"content":{"rendered":"<p>OFICINA O CONSULTORIO en excelente estado, segundo piso,  ascensor,  hermosa vista externa, ba\u00f1o privado y cocineta, SALA DE ESPERA PARA PACIENTES UBICADA EN EL SEGUNDO PISO , sala de juntas con disponibilidad para reuniones privadas, vigilancia 24 horas, Recepci\u00f3n, terraza VIP, terraza amplia general, ba\u00f1os comunales en cada piso, PARQUEADERO PARA DOS CARROS. INF Stella Mart\u00ednez<\/p>\n","protected":false},"excerpt":{"rendered":"OFICINA O CONSULTORIO en excelente estado, segundo piso, ascensor, hermosa...","protected":false},"author":8129,"featured_media":233876,"template":"","es_locations":[2785,203,91],"es_categories":[124],"es_types":[116],"es_rent_periods":[],"es_labels":[],"es_statuses":[],"es_parkings":[],"es_roofs":[],"es_exterior_materials":[],"es_basements":[],"es_floor_coverings":[],"es_features":[2427,2392,2130,2328,2131,133,2302,2226,2178,2216,2133,2135,2390,2391,143,2136,2297,2137,2152],"es_amenities":[2431,2394,2138,2330,2139,2154,2303,2251,2193,156,158,2142,2398,2399,2290,2143,2299,2144,2162],"es_neighborhoods":[],"es_tags":[],"class_list":["post-233873","properties","type-properties","status-publish","has-post-thumbnail","hentry","es_location-cc-fontanar","es_location-chia","es_location-cundinamarca","es_category-arriendo","es_type-oficinas","es_feature-alarma-contra-incendio","es_feature-ascensores-inteligentes","es_feature-banos-comunales","es_feature-banos-mixtos","es_feature-circuito-cerrado-de-tv","es_feature-citofono","es_feature-cocineta","es_feature-escalera-de-emergencia","es_feature-garaje-cubierto","es_feature-parqueadero-visitantes","es_feature-porteria-recepcion","es_feature-sobre-via-principal","es_feature-tarjetas-inteligentes","es_feature-tarjetas-magneticas","es_feature-terraza","es_feature-trans-publico-cercano","es_feature-ubicada-en-edificio","es_feature-zona-comercial","es_feature-zona-residencial","es_amenity-alarma-contra-incendio","es_amenity-ascensores-inteligentes","es_amenity-banos-comunales","es_amenity-banos-mixtos","es_amenity-circuito-cerrado-de-tv","es_amenity-citofono","es_amenity-cocineta","es_amenity-escalera-de-emergencia","es_amenity-garaje-cubierto","es_amenity-parqueadero-visitantes","es_amenity-porteria-recepcion","es_amenity-sobre-via-principal","es_amenity-tarjetas-inteligentes","es_amenity-tarjetas-magneticas","es_amenity-terraza","es_amenity-trans-publico-cercano","es_amenity-ubicada-en-edificio","es_amenity-zona-comercial","es_amenity-zona-residencial","es-post-entity"],"_links":{"self":[{"href":"https:\/\/arriendo.com\/co\/wp-json\/wp\/v2\/properties\/233873","targetHints":{"allow":["GET"]}}],"collection":[{"href":"https:\/\/arriendo.com\/co\/wp-json\/wp\/v2\/properties"}],"about":[{"href":"https:\/\/arriendo.com\/co\/wp-json\/wp\/v2\/types\/properties"}],"author":[{"embeddable":true,"href":"https:\/\/arriendo.com\/co\/wp-json\/wp\/v2\/users\/8129"}],"version-history":[{"count":0,"href":"https:\/\/arriendo.com\/co\/wp-json\/wp\/v2\/properties\/233873\/revisions"}],"wp:featuredmedia":[{"embeddable":true,"href":"https:\/\/arriendo.com\/co\/wp-json\/wp\/v2\/media\/233876"}],"wp:attachment":[{"href":"https:\/\/arriendo.com\/co\/wp-json\/wp\/v2\/media?parent=233873"}],"wp:term":[{"taxonomy":"es_location","embeddable":true,"href":"https:\/\/arriendo.com\/co\/wp-json\/wp\/v2\/es_locations?post=233873"},{"taxonomy":"es_category","embeddable":true,"href":"https:\/\/arriendo.com\/co\/wp-json\/wp\/v2\/es_categories?post=233873"},{"taxonomy":"es_type","embeddable":true,"href":"https:\/\/arriendo.com\/co\/wp-json\/wp\/v2\/es_types?post=233873"},{"taxonomy":"es_rent_period","embeddable":true,"href":"https:\/\/arriendo.com\/co\/wp-json\/wp\/v2\/es_rent_periods?post=233873"},{"taxonomy":"es_label","embeddable":true,"href":"https:\/\/arriendo.com\/co\/wp-json\/wp\/v2\/es_labels?post=233873"},{"taxonomy":"es_status","embeddable":true,"href":"https:\/\/arriendo.com\/co\/wp-json\/wp\/v2\/es_statuses?post=233873"},{"taxonomy":"es_parking","embeddable":true,"href":"https:\/\/arriendo.com\/co\/wp-json\/wp\/v2\/es_parkings?post=233873"},{"taxonomy":"es_roof","embeddable":true,"href":"https:\/\/arriendo.com\/co\/wp-json\/wp\/v2\/es_roofs?post=233873"},{"taxonomy":"es_exterior_material","embeddable":true,"href":"https:\/\/arriendo.com\/co\/wp-json\/wp\/v2\/es_exterior_materials?post=233873"},{"taxonomy":"es_basement","embeddable":true,"href":"https:\/\/arriendo.com\/co\/wp-json\/wp\/v2\/es_basements?post=233873"},{"taxonomy":"es_floor_covering","embeddable":true,"href":"https:\/\/arriendo.com\/co\/wp-json\/wp\/v2\/es_floor_coverings?post=233873"},{"taxonomy":"es_feature","embeddable":true,"href":"https:\/\/arriendo.com\/co\/wp-json\/wp\/v2\/es_features?post=233873"},{"taxonomy":"es_amenity","embeddable":true,"href":"https:\/\/arriendo.com\/co\/wp-json\/wp\/v2\/es_amenities?post=233873"},{"taxonomy":"es_neighborhood","embeddable":true,"href":"https:\/\/arriendo.com\/co\/wp-json\/wp\/v2\/es_neighborhoods?post=233873"},{"taxonomy":"es_tag","embeddable":true,"href":"https:\/\/arriendo.com\/co\/wp-json\/wp\/v2\/es_tags?post=233873"}],"curies":[{"name":"wp","href":"https:\/\/api.w.org\/{rel}","templated":true}]}}

Oficina en  Arriendo en Cc fontanar, Chía

<p>OFICINA O CONSULTORIO en excelente estado, segundo piso,  ascensor,  hermosa vista externa, baño privado y cocineta, SALA DE ESPERA PARA PACIENTES UBICADA EN EL SEGUNDO PISO , sala de juntas con disponibilidad para reuniones privadas, vigilancia 24 horas, Recepción, terraza VIP, terraza amplia general, baños comunales en cada piso, PARQUEADERO PARA DOS CARROS. INF Stella Martínez</p>
