{"id":233832,"date":"2026-01-27T15:58:58","date_gmt":"2026-01-27T20:58:58","guid":{"rendered":"https:\/\/arriendo.com\/co\/%es_type%\/%address_city%\/%neighborhood%\/cota-el-abra-casa-en-arriendo-en-22c806\/"},"modified":"2026-01-27T15:58:58","modified_gmt":"2026-01-27T20:58:58","slug":"AR-233832","status":"publish","type":"properties","link":"https:\/\/arriendo.com\/co\/casas\/cota\/el-abra\/AR-233832\/","title":{"rendered":"Casa en Arriendo en El abra, Cota"},"content":{"rendered":"<p>Hermosa casa  en conjunto muy bien ubicada  cerca a v\u00eda principal , con vista a la monta\u00f1a, estrato 4, con todos los servicios. La casa consta de tres niveles, distribuidos as\u00ed. PRIMER PISO, sala, comedor, cocina integral, ba\u00f1o social, zona de lavander\u00eda, dos parqueaderos.<br \/>\nSEGUNDO NIVEL dos habitaciones con ba\u00f1os privados y balc\u00f3n, estudio. TERCER PISO La habitaci\u00f3n principal con ba\u00f1o privado y terraza INF Stella Martinez<\/p>\n","protected":false},"excerpt":{"rendered":"Hermosa casa en conjunto muy bien ubicada cerca a v\u00eda...","protected":false},"author":8129,"featured_media":233835,"template":"","es_locations":[540,91,2448],"es_categories":[124],"es_types":[115],"es_rent_periods":[],"es_labels":[],"es_statuses":[],"es_parkings":[],"es_roofs":[],"es_exterior_materials":[],"es_basements":[],"es_floor_coverings":[],"es_features":[132,2212,2145,2146,2148,151,136,145,2220,2136,2151,2152],"es_amenities":[2186,2217,2153,2155,2157,2270,2158,2160,2221,2143,162,2162],"es_neighborhoods":[],"es_tags":[],"class_list":["post-233832","properties","type-properties","status-publish","has-post-thumbnail","hentry","es_location-cota","es_location-cundinamarca","es_location-el-abra","es_category-arriendo","es_type-casas","es_feature-balcon","es_feature-bano-auxiliar","es_feature-calentador","es_feature-cocina-integral","es_feature-colegios-universidades","es_feature-deposito-bodega","es_feature-estudio","es_feature-instalacion-de-gas","es_feature-patio","es_feature-trans-publico-cercano","es_feature-zona-de-lavanderia","es_feature-zona-residencial","es_amenity-balcon","es_amenity-bano-auxiliar","es_amenity-calentador","es_amenity-cocina-integral","es_amenity-colegios-universidades","es_amenity-deposito-bodega","es_amenity-estudio","es_amenity-instalacion-de-gas","es_amenity-patio","es_amenity-trans-publico-cercano","es_amenity-zona-de-lavanderia","es_amenity-zona-residencial","es-post-entity"],"_links":{"self":[{"href":"https:\/\/arriendo.com\/co\/wp-json\/wp\/v2\/properties\/233832","targetHints":{"allow":["GET"]}}],"collection":[{"href":"https:\/\/arriendo.com\/co\/wp-json\/wp\/v2\/properties"}],"about":[{"href":"https:\/\/arriendo.com\/co\/wp-json\/wp\/v2\/types\/properties"}],"author":[{"embeddable":true,"href":"https:\/\/arriendo.com\/co\/wp-json\/wp\/v2\/users\/8129"}],"version-history":[{"count":0,"href":"https:\/\/arriendo.com\/co\/wp-json\/wp\/v2\/properties\/233832\/revisions"}],"wp:featuredmedia":[{"embeddable":true,"href":"https:\/\/arriendo.com\/co\/wp-json\/wp\/v2\/media\/233835"}],"wp:attachment":[{"href":"https:\/\/arriendo.com\/co\/wp-json\/wp\/v2\/media?parent=233832"}],"wp:term":[{"taxonomy":"es_location","embeddable":true,"href":"https:\/\/arriendo.com\/co\/wp-json\/wp\/v2\/es_locations?post=233832"},{"taxonomy":"es_category","embeddable":true,"href":"https:\/\/arriendo.com\/co\/wp-json\/wp\/v2\/es_categories?post=233832"},{"taxonomy":"es_type","embeddable":true,"href":"https:\/\/arriendo.com\/co\/wp-json\/wp\/v2\/es_types?post=233832"},{"taxonomy":"es_rent_period","embeddable":true,"href":"https:\/\/arriendo.com\/co\/wp-json\/wp\/v2\/es_rent_periods?post=233832"},{"taxonomy":"es_label","embeddable":true,"href":"https:\/\/arriendo.com\/co\/wp-json\/wp\/v2\/es_labels?post=233832"},{"taxonomy":"es_status","embeddable":true,"href":"https:\/\/arriendo.com\/co\/wp-json\/wp\/v2\/es_statuses?post=233832"},{"taxonomy":"es_parking","embeddable":true,"href":"https:\/\/arriendo.com\/co\/wp-json\/wp\/v2\/es_parkings?post=233832"},{"taxonomy":"es_roof","embeddable":true,"href":"https:\/\/arriendo.com\/co\/wp-json\/wp\/v2\/es_roofs?post=233832"},{"taxonomy":"es_exterior_material","embeddable":true,"href":"https:\/\/arriendo.com\/co\/wp-json\/wp\/v2\/es_exterior_materials?post=233832"},{"taxonomy":"es_basement","embeddable":true,"href":"https:\/\/arriendo.com\/co\/wp-json\/wp\/v2\/es_basements?post=233832"},{"taxonomy":"es_floor_covering","embeddable":true,"href":"https:\/\/arriendo.com\/co\/wp-json\/wp\/v2\/es_floor_coverings?post=233832"},{"taxonomy":"es_feature","embeddable":true,"href":"https:\/\/arriendo.com\/co\/wp-json\/wp\/v2\/es_features?post=233832"},{"taxonomy":"es_amenity","embeddable":true,"href":"https:\/\/arriendo.com\/co\/wp-json\/wp\/v2\/es_amenities?post=233832"},{"taxonomy":"es_neighborhood","embeddable":true,"href":"https:\/\/arriendo.com\/co\/wp-json\/wp\/v2\/es_neighborhoods?post=233832"},{"taxonomy":"es_tag","embeddable":true,"href":"https:\/\/arriendo.com\/co\/wp-json\/wp\/v2\/es_tags?post=233832"}],"curies":[{"name":"wp","href":"https:\/\/api.w.org\/{rel}","templated":true}]}}

<p>Hermosa casa  en conjunto muy bien ubicada  cerca a vía principal , con vista a la montaña, estrato 4, con todos los servicios. La casa consta de tres niveles, distribuidos así. PRIMER PISO, sala, comedor, cocina integral, baño social, zona de lavandería, dos parqueaderos.<br />
SEGUNDO NIVEL dos habitaciones con baños privados y balcón, estudio. TERCER PISO La habitación principal con baño privado y terraza INF Stella Martinez</p>

Hermosa casa en conjunto muy bien ubicada cerca a vía...
