{"id":233824,"date":"2026-01-27T15:57:58","date_gmt":"2026-01-27T20:57:58","guid":{"rendered":"https:\/\/arriendo.com\/co\/%es_type%\/%address_city%\/%neighborhood%\/cali-porvenir-bodega-en-arriendo-en-60b2c7\/"},"modified":"2026-01-27T15:57:58","modified_gmt":"2026-01-27T20:57:58","slug":"AR-233824","status":"publish","type":"properties","link":"https:\/\/arriendo.com\/co\/bodegas\/cali\/porvenir\/AR-233824\/","title":{"rendered":"Bodega en Arriendo en Porvenir, Cali"},"content":{"rendered":"<p>MLO Alquila  Bodega para estrenar en el norte de Cali! <\/p>\n<p>Se arrienda amplia y moderna bodega en el barrio el porvenir  ubicada sobre  en v\u00eda principal  zona estrat\u00e9gica y de f\u00e1cil acceso.<\/p>\n<p>Cuenta con 232 m\u00b2 construidos, distribuidos en:<br \/>\n\t\u2022\tBodega con 6 metros de frente por 26 metros de fondo<br \/>\n\t\u2022\tDoble altura, ideal para almacenamiento o procesos industriales<br \/>\n\t\u2022\tOficina en el segundo piso con ba\u00f1o y cocineta<br \/>\n\t\u2022\tPiso en cemento reforzado<br \/>\n\t\u2022\tEnerg\u00eda trif\u00e1sica<\/p>\n<p>Ideal para: talleres, empresas de construcci\u00f3n, ornamentaci\u00f3n, almacenamiento o distribuci\u00f3n.<\/p>\n<p>Excelente ubicaci\u00f3n, cerca de v\u00edas principales.<\/p>\n","protected":false},"excerpt":{"rendered":"MLO Alquila Bodega para estrenar en el norte de Cali!...","protected":false},"author":8113,"featured_media":233827,"template":"","es_locations":[179,898],"es_categories":[124],"es_types":[121],"es_rent_periods":[],"es_labels":[],"es_statuses":[],"es_parkings":[],"es_roofs":[],"es_exterior_materials":[],"es_basements":[],"es_floor_coverings":[],"es_features":[2335,2336,2302,2355,2337,2236,2134,2239,2137,2300],"es_amenities":[2338,2339,2303,2360,2340,2253,2141,2256,2144,2301],"es_neighborhoods":[],"es_tags":[],"class_list":["post-233824","properties","type-properties","status-publish","has-post-thumbnail","hentry","es_location-cali","es_location-porvenir","es_category-arriendo","es_type-bodegas","es_feature-acceso-para-camiones","es_feature-altura-libre","es_feature-cocineta","es_feature-oficinas-administrativas","es_feature-piso-en-cemento","es_feature-restaurantes","es_feature-servicios-publicos","es_feature-sobre-via-secundaria","es_feature-zona-comercial","es_feature-zona-industrial","es_amenity-acceso-para-camiones","es_amenity-altura-libre","es_amenity-cocineta","es_amenity-oficinas-administrativas","es_amenity-piso-en-cemento","es_amenity-restaurantes","es_amenity-servicios-publicos","es_amenity-sobre-via-secundaria","es_amenity-zona-comercial","es_amenity-zona-industrial","es-post-entity"],"_links":{"self":[{"href":"https:\/\/arriendo.com\/co\/wp-json\/wp\/v2\/properties\/233824","targetHints":{"allow":["GET"]}}],"collection":[{"href":"https:\/\/arriendo.com\/co\/wp-json\/wp\/v2\/properties"}],"about":[{"href":"https:\/\/arriendo.com\/co\/wp-json\/wp\/v2\/types\/properties"}],"author":[{"embeddable":true,"href":"https:\/\/arriendo.com\/co\/wp-json\/wp\/v2\/users\/8113"}],"version-history":[{"count":0,"href":"https:\/\/arriendo.com\/co\/wp-json\/wp\/v2\/properties\/233824\/revisions"}],"wp:featuredmedia":[{"embeddable":true,"href":"https:\/\/arriendo.com\/co\/wp-json\/wp\/v2\/media\/233827"}],"wp:attachment":[{"href":"https:\/\/arriendo.com\/co\/wp-json\/wp\/v2\/media?parent=233824"}],"wp:term":[{"taxonomy":"es_location","embeddable":true,"href":"https:\/\/arriendo.com\/co\/wp-json\/wp\/v2\/es_locations?post=233824"},{"taxonomy":"es_category","embeddable":true,"href":"https:\/\/arriendo.com\/co\/wp-json\/wp\/v2\/es_categories?post=233824"},{"taxonomy":"es_type","embeddable":true,"href":"https:\/\/arriendo.com\/co\/wp-json\/wp\/v2\/es_types?post=233824"},{"taxonomy":"es_rent_period","embeddable":true,"href":"https:\/\/arriendo.com\/co\/wp-json\/wp\/v2\/es_rent_periods?post=233824"},{"taxonomy":"es_label","embeddable":true,"href":"https:\/\/arriendo.com\/co\/wp-json\/wp\/v2\/es_labels?post=233824"},{"taxonomy":"es_status","embeddable":true,"href":"https:\/\/arriendo.com\/co\/wp-json\/wp\/v2\/es_statuses?post=233824"},{"taxonomy":"es_parking","embeddable":true,"href":"https:\/\/arriendo.com\/co\/wp-json\/wp\/v2\/es_parkings?post=233824"},{"taxonomy":"es_roof","embeddable":true,"href":"https:\/\/arriendo.com\/co\/wp-json\/wp\/v2\/es_roofs?post=233824"},{"taxonomy":"es_exterior_material","embeddable":true,"href":"https:\/\/arriendo.com\/co\/wp-json\/wp\/v2\/es_exterior_materials?post=233824"},{"taxonomy":"es_basement","embeddable":true,"href":"https:\/\/arriendo.com\/co\/wp-json\/wp\/v2\/es_basements?post=233824"},{"taxonomy":"es_floor_covering","embeddable":true,"href":"https:\/\/arriendo.com\/co\/wp-json\/wp\/v2\/es_floor_coverings?post=233824"},{"taxonomy":"es_feature","embeddable":true,"href":"https:\/\/arriendo.com\/co\/wp-json\/wp\/v2\/es_features?post=233824"},{"taxonomy":"es_amenity","embeddable":true,"href":"https:\/\/arriendo.com\/co\/wp-json\/wp\/v2\/es_amenities?post=233824"},{"taxonomy":"es_neighborhood","embeddable":true,"href":"https:\/\/arriendo.com\/co\/wp-json\/wp\/v2\/es_neighborhoods?post=233824"},{"taxonomy":"es_tag","embeddable":true,"href":"https:\/\/arriendo.com\/co\/wp-json\/wp\/v2\/es_tags?post=233824"}],"curies":[{"name":"wp","href":"https:\/\/api.w.org\/{rel}","templated":true}]}}

<p>MLO Alquila  Bodega para estrenar en el norte de Cali! </p>
<p>Se arrienda amplia y moderna bodega en el barrio el porvenir  ubicada sobre  en vía principal  zona estratégica y de fácil acceso.</p>
<p>Cuenta con 232 m² construidos, distribuidos en:<br />
	•	Bodega con 6 metros de frente por 26 metros de fondo<br />
	•	Doble altura, ideal para almacenamiento o procesos industriales<br />
	•	Oficina en el segundo piso con baño y cocineta<br />
	•	Piso en cemento reforzado<br />
	•	Energía trifásica</p>
<p>Ideal para: talleres, empresas de construcción, ornamentación, almacenamiento o distribución.</p>
<p>Excelente ubicación, cerca de vías principales.</p>
