{"id":233789,"date":"2026-01-27T15:54:58","date_gmt":"2026-01-27T20:54:58","guid":{"rendered":"https:\/\/arriendo.com\/co\/%es_type%\/%address_city%\/%neighborhood%\/cali-porvenir-bodega-en-arriendo-en-292d6e\/"},"modified":"2026-01-27T15:54:58","modified_gmt":"2026-01-27T20:54:58","slug":"AR-233789","status":"publish","type":"properties","link":"https:\/\/arriendo.com\/co\/bodegas\/cali\/porvenir\/AR-233789\/","title":{"rendered":"Bodega en Arriendo en Porvenir, Cali"},"content":{"rendered":"<p>MLO  alquila bodega en el norte de Cali \u2013 Barrio Porvenir<\/p>\n<p>Se arrienda amplia bodega de dos niveles, ubicada en el Barrio Porvenir, norte de Cali.<br \/>\nCuenta con un frente de 7 metros por 20 metros de fondo, ideal para talleres, empresas de ornamentaci\u00f3n, carpinter\u00eda, pinturas, almacenamiento o producci\u00f3n liviana.<\/p>\n<p>Caracter\u00edsticas destacadas:<br \/>\n\u2705 \u00c1rea total: 140 m\u00b2 aproximadamente (7 x 20). privados<br \/>\n\u2705 Doble altura que permite excelente ventilaci\u00f3n e iluminaci\u00f3n natural.<br \/>\n\u2705 Segundo piso con oficinas amplias y funcionales.<br \/>\n\u2705 Cocineta y ba\u00f1o social.<br \/>\n\u2705 Piso en cemento reforzado, apto para maquinaria o equipos pesados.<br \/>\n\u2705 Energ\u00eda trif\u00e1sica, ideal para actividades industriales o de manufactura.<br \/>\n\u2705 Ubicaci\u00f3n estrat\u00e9gica, con f\u00e1cil acceso a v\u00edas principales del norte de Cali.<\/p>\n<p>Esta bodega ofrece espacio, funcionalidad y versatilidad para que tu negocio opere con comodidad y eficiencia.<\/p>\n<p>Cont\u00e1ctanos para m\u00e1s informaci\u00f3n o para agendar una visita.<\/p>\n","protected":false},"excerpt":{"rendered":"MLO alquila bodega en el norte de Cali \u2013 Barrio...","protected":false},"author":8113,"featured_media":233792,"template":"","es_locations":[179,898],"es_categories":[124],"es_types":[121],"es_rent_periods":[],"es_labels":[],"es_statuses":[],"es_parkings":[],"es_roofs":[],"es_exterior_materials":[],"es_basements":[],"es_floor_coverings":[],"es_features":[2335,2336,2302,2355,2135,2136,2300],"es_amenities":[2338,2339,2303,2360,2142,2143,2301],"es_neighborhoods":[],"es_tags":[],"class_list":["post-233789","properties","type-properties","status-publish","has-post-thumbnail","hentry","es_location-cali","es_location-porvenir","es_category-arriendo","es_type-bodegas","es_feature-acceso-para-camiones","es_feature-altura-libre","es_feature-cocineta","es_feature-oficinas-administrativas","es_feature-sobre-via-principal","es_feature-trans-publico-cercano","es_feature-zona-industrial","es_amenity-acceso-para-camiones","es_amenity-altura-libre","es_amenity-cocineta","es_amenity-oficinas-administrativas","es_amenity-sobre-via-principal","es_amenity-trans-publico-cercano","es_amenity-zona-industrial","es-post-entity"],"_links":{"self":[{"href":"https:\/\/arriendo.com\/co\/wp-json\/wp\/v2\/properties\/233789","targetHints":{"allow":["GET"]}}],"collection":[{"href":"https:\/\/arriendo.com\/co\/wp-json\/wp\/v2\/properties"}],"about":[{"href":"https:\/\/arriendo.com\/co\/wp-json\/wp\/v2\/types\/properties"}],"author":[{"embeddable":true,"href":"https:\/\/arriendo.com\/co\/wp-json\/wp\/v2\/users\/8113"}],"version-history":[{"count":0,"href":"https:\/\/arriendo.com\/co\/wp-json\/wp\/v2\/properties\/233789\/revisions"}],"wp:featuredmedia":[{"embeddable":true,"href":"https:\/\/arriendo.com\/co\/wp-json\/wp\/v2\/media\/233792"}],"wp:attachment":[{"href":"https:\/\/arriendo.com\/co\/wp-json\/wp\/v2\/media?parent=233789"}],"wp:term":[{"taxonomy":"es_location","embeddable":true,"href":"https:\/\/arriendo.com\/co\/wp-json\/wp\/v2\/es_locations?post=233789"},{"taxonomy":"es_category","embeddable":true,"href":"https:\/\/arriendo.com\/co\/wp-json\/wp\/v2\/es_categories?post=233789"},{"taxonomy":"es_type","embeddable":true,"href":"https:\/\/arriendo.com\/co\/wp-json\/wp\/v2\/es_types?post=233789"},{"taxonomy":"es_rent_period","embeddable":true,"href":"https:\/\/arriendo.com\/co\/wp-json\/wp\/v2\/es_rent_periods?post=233789"},{"taxonomy":"es_label","embeddable":true,"href":"https:\/\/arriendo.com\/co\/wp-json\/wp\/v2\/es_labels?post=233789"},{"taxonomy":"es_status","embeddable":true,"href":"https:\/\/arriendo.com\/co\/wp-json\/wp\/v2\/es_statuses?post=233789"},{"taxonomy":"es_parking","embeddable":true,"href":"https:\/\/arriendo.com\/co\/wp-json\/wp\/v2\/es_parkings?post=233789"},{"taxonomy":"es_roof","embeddable":true,"href":"https:\/\/arriendo.com\/co\/wp-json\/wp\/v2\/es_roofs?post=233789"},{"taxonomy":"es_exterior_material","embeddable":true,"href":"https:\/\/arriendo.com\/co\/wp-json\/wp\/v2\/es_exterior_materials?post=233789"},{"taxonomy":"es_basement","embeddable":true,"href":"https:\/\/arriendo.com\/co\/wp-json\/wp\/v2\/es_basements?post=233789"},{"taxonomy":"es_floor_covering","embeddable":true,"href":"https:\/\/arriendo.com\/co\/wp-json\/wp\/v2\/es_floor_coverings?post=233789"},{"taxonomy":"es_feature","embeddable":true,"href":"https:\/\/arriendo.com\/co\/wp-json\/wp\/v2\/es_features?post=233789"},{"taxonomy":"es_amenity","embeddable":true,"href":"https:\/\/arriendo.com\/co\/wp-json\/wp\/v2\/es_amenities?post=233789"},{"taxonomy":"es_neighborhood","embeddable":true,"href":"https:\/\/arriendo.com\/co\/wp-json\/wp\/v2\/es_neighborhoods?post=233789"},{"taxonomy":"es_tag","embeddable":true,"href":"https:\/\/arriendo.com\/co\/wp-json\/wp\/v2\/es_tags?post=233789"}],"curies":[{"name":"wp","href":"https:\/\/api.w.org\/{rel}","templated":true}]}}

<p>MLO  alquila bodega en el norte de Cali – Barrio Porvenir</p>
<p>Se arrienda amplia bodega de dos niveles, ubicada en el Barrio Porvenir, norte de Cali.<br />
Cuenta con un frente de 7 metros por 20 metros de fondo, ideal para talleres, empresas de ornamentación, carpintería, pinturas, almacenamiento o producción liviana.</p>
<p>Características destacadas:<br />
✅ Área total: 140 m² aproximadamente (7 x 20). privados<br />
✅ Doble altura que permite excelente ventilación e iluminación natural.<br />
✅ Segundo piso con oficinas amplias y funcionales.<br />
✅ Cocineta y baño social.<br />
✅ Piso en cemento reforzado, apto para maquinaria o equipos pesados.<br />
✅ Energía trifásica, ideal para actividades industriales o de manufactura.<br />
✅ Ubicación estratégica, con fácil acceso a vías principales del norte de Cali.</p>
<p>Esta bodega ofrece espacio, funcionalidad y versatilidad para que tu negocio opere con comodidad y eficiencia.</p>
<p>Contáctanos para más información o para agendar una visita.</p>
