{"id":233774,"date":"2026-01-27T15:52:58","date_gmt":"2026-01-27T20:52:58","guid":{"rendered":"https:\/\/arriendo.com\/co\/%es_type%\/%address_city%\/%neighborhood%\/cali-industrial-bodega-en-arriendo-en-a2ddea\/"},"modified":"2026-01-27T15:52:58","modified_gmt":"2026-01-27T20:52:58","slug":"AR-233774","status":"publish","type":"properties","link":"https:\/\/arriendo.com\/co\/bodegas\/cali\/industrial\/AR-233774\/","title":{"rendered":"Bodega en Arriendo en Industrial, Cali"},"content":{"rendered":"<p>Oportunidad de Alquiler! Bodega de 245 m\u00b2 en doble nivel \u2013 Barrio Industrial, Cali<\/p>\n<p>Se arrienda amplia bodega de dos niveles con un \u00e1rea total de 245 m\u00b2, ubicada en la Calle 33 , en el estrat\u00e9gico Barrio Industrial de Cali.<br \/>\nIdeal para empresas de log\u00edstica, almacenamiento, producci\u00f3n, talleres o centros de distribuci\u00f3n.<\/p>\n<p>Caracter\u00edsticas destacadas:<br \/>\n\u2705 Dos niveles independientes, cada uno con ba\u00f1o y lavadero.<br \/>\n\u2705 Amplios espacios interiores que se adaptan f\u00e1cilmente a las necesidades de tu empresa.<br \/>\n\u2705 Sistema el\u00e9ctrico en \u00f3ptimo estado.<br \/>\n\u2705 Excelente ubicaci\u00f3n con acceso r\u00e1pido a v\u00edas principales y transporte p\u00fablico.<br \/>\n\u2705 Ideal para almacenamiento, oficinas operativas, talleres o centros de acopio.<\/p>\n<p>Esta bodega ofrece amplitud, funcionalidad y conectividad, brindando el espacio perfecto para que tu negocio crezca con eficiencia.<\/p>\n<p>? Cont\u00e1ctanos para m\u00e1s informaci\u00f3n o para agendar una visita.<br \/>\n\u00a1Aprovecha esta excelente oportunidad en una de las zonas industriales m\u00e1s estrat\u00e9gicas de Cali!<\/p>\n","protected":false},"excerpt":{"rendered":"Oportunidad de Alquiler! Bodega de 245 m\u00b2 en doble nivel...","protected":false},"author":8113,"featured_media":233777,"template":"","es_locations":[179,2784],"es_categories":[124],"es_types":[121],"es_rent_periods":[],"es_labels":[],"es_statuses":[],"es_parkings":[],"es_roofs":[],"es_exterior_materials":[],"es_basements":[],"es_floor_coverings":[],"es_features":[2292,2336,2688,2265,2337,2135,2136,2300],"es_amenities":[2294,2339,2689,2268,2340,2142,2143,2301],"es_neighborhoods":[],"es_tags":[],"class_list":["post-233774","properties","type-properties","status-publish","has-post-thumbnail","hentry","es_location-cali","es_location-industrial","es_category-arriendo","es_type-bodegas","es_feature-acceso-pavimentado","es_feature-altura-libre","es_feature-altura-restringida","es_feature-bahia-exterior-de-parqueo","es_feature-piso-en-cemento","es_feature-sobre-via-principal","es_feature-trans-publico-cercano","es_feature-zona-industrial","es_amenity-acceso-pavimentado","es_amenity-altura-libre","es_amenity-altura-restringida","es_amenity-bahia-exterior-de-parqueo","es_amenity-piso-en-cemento","es_amenity-sobre-via-principal","es_amenity-trans-publico-cercano","es_amenity-zona-industrial","es-post-entity"],"_links":{"self":[{"href":"https:\/\/arriendo.com\/co\/wp-json\/wp\/v2\/properties\/233774","targetHints":{"allow":["GET"]}}],"collection":[{"href":"https:\/\/arriendo.com\/co\/wp-json\/wp\/v2\/properties"}],"about":[{"href":"https:\/\/arriendo.com\/co\/wp-json\/wp\/v2\/types\/properties"}],"author":[{"embeddable":true,"href":"https:\/\/arriendo.com\/co\/wp-json\/wp\/v2\/users\/8113"}],"version-history":[{"count":0,"href":"https:\/\/arriendo.com\/co\/wp-json\/wp\/v2\/properties\/233774\/revisions"}],"wp:featuredmedia":[{"embeddable":true,"href":"https:\/\/arriendo.com\/co\/wp-json\/wp\/v2\/media\/233777"}],"wp:attachment":[{"href":"https:\/\/arriendo.com\/co\/wp-json\/wp\/v2\/media?parent=233774"}],"wp:term":[{"taxonomy":"es_location","embeddable":true,"href":"https:\/\/arriendo.com\/co\/wp-json\/wp\/v2\/es_locations?post=233774"},{"taxonomy":"es_category","embeddable":true,"href":"https:\/\/arriendo.com\/co\/wp-json\/wp\/v2\/es_categories?post=233774"},{"taxonomy":"es_type","embeddable":true,"href":"https:\/\/arriendo.com\/co\/wp-json\/wp\/v2\/es_types?post=233774"},{"taxonomy":"es_rent_period","embeddable":true,"href":"https:\/\/arriendo.com\/co\/wp-json\/wp\/v2\/es_rent_periods?post=233774"},{"taxonomy":"es_label","embeddable":true,"href":"https:\/\/arriendo.com\/co\/wp-json\/wp\/v2\/es_labels?post=233774"},{"taxonomy":"es_status","embeddable":true,"href":"https:\/\/arriendo.com\/co\/wp-json\/wp\/v2\/es_statuses?post=233774"},{"taxonomy":"es_parking","embeddable":true,"href":"https:\/\/arriendo.com\/co\/wp-json\/wp\/v2\/es_parkings?post=233774"},{"taxonomy":"es_roof","embeddable":true,"href":"https:\/\/arriendo.com\/co\/wp-json\/wp\/v2\/es_roofs?post=233774"},{"taxonomy":"es_exterior_material","embeddable":true,"href":"https:\/\/arriendo.com\/co\/wp-json\/wp\/v2\/es_exterior_materials?post=233774"},{"taxonomy":"es_basement","embeddable":true,"href":"https:\/\/arriendo.com\/co\/wp-json\/wp\/v2\/es_basements?post=233774"},{"taxonomy":"es_floor_covering","embeddable":true,"href":"https:\/\/arriendo.com\/co\/wp-json\/wp\/v2\/es_floor_coverings?post=233774"},{"taxonomy":"es_feature","embeddable":true,"href":"https:\/\/arriendo.com\/co\/wp-json\/wp\/v2\/es_features?post=233774"},{"taxonomy":"es_amenity","embeddable":true,"href":"https:\/\/arriendo.com\/co\/wp-json\/wp\/v2\/es_amenities?post=233774"},{"taxonomy":"es_neighborhood","embeddable":true,"href":"https:\/\/arriendo.com\/co\/wp-json\/wp\/v2\/es_neighborhoods?post=233774"},{"taxonomy":"es_tag","embeddable":true,"href":"https:\/\/arriendo.com\/co\/wp-json\/wp\/v2\/es_tags?post=233774"}],"curies":[{"name":"wp","href":"https:\/\/api.w.org\/{rel}","templated":true}]}}

<p>Oportunidad de Alquiler! Bodega de 245 m² en doble nivel – Barrio Industrial, Cali</p>
<p>Se arrienda amplia bodega de dos niveles con un área total de 245 m², ubicada en la Calle 33 , en el estratégico Barrio Industrial de Cali.<br />
Ideal para empresas de logística, almacenamiento, producción, talleres o centros de distribución.</p>
<p>Características destacadas:<br />
✅ Dos niveles independientes, cada uno con baño y lavadero.<br />
✅ Amplios espacios interiores que se adaptan fácilmente a las necesidades de tu empresa.<br />
✅ Sistema eléctrico en óptimo estado.<br />
✅ Excelente ubicación con acceso rápido a vías principales y transporte público.<br />
✅ Ideal para almacenamiento, oficinas operativas, talleres o centros de acopio.</p>
<p>Esta bodega ofrece amplitud, funcionalidad y conectividad, brindando el espacio perfecto para que tu negocio crezca con eficiencia.</p>
<p>? Contáctanos para más información o para agendar una visita.<br />
¡Aprovecha esta excelente oportunidad en una de las zonas industriales más estratégicas de Cali!</p>
