{"id":233664,"date":"2026-01-27T15:40:00","date_gmt":"2026-01-27T20:40:00","guid":{"rendered":"https:\/\/arriendo.com\/co\/%es_type%\/%address_city%\/%neighborhood%\/cali-zona-oeste-apartamento-en-arriendo-en-0943ce\/"},"modified":"2026-01-27T15:40:00","modified_gmt":"2026-01-27T20:40:00","slug":"AR-233664","status":"publish","type":"properties","link":"https:\/\/arriendo.com\/co\/apartamentos\/cali\/zona-oeste\/AR-233664\/","title":{"rendered":"Apartamento en Arriendo en Zona Oeste, Cali"},"content":{"rendered":"<p>Descubra este moderno apartamento en arriendo, que incluye un nevecon, lavadora, secadora, microondas y horno. Una propiedad que combina funcionalidad, luminosidad y dise\u00f1o contempor\u00e1neo en 63 m\u00b2 construidos. Con una antig\u00fcedad de entre 1 y 8 a\u00f1os, este inmueble se presenta como la opci\u00f3n ideal para quienes buscan comodidad y un estilo de vida pr\u00e1ctico, listo para ser amueblado a su gusto. Cuenta con dos ba\u00f1os y un garaje, garantizando el confort y la conveniencia esperados para un hogar actual.  El apartamento se distribuye en cuatro pisos, ofreciendo espacios bien definidos. Sus dormitorios secundarios, uno de ellos equipado con un amplio armario empotrado, destacan por su estilo minimalista y eficiencia en el aprovechamiento del espacio. Los dos ba\u00f1os, con dise\u00f1os modernos, integraci\u00f3n de ducha, azulejos de vanguardia e iluminaci\u00f3n estrat\u00e9gica, aseguran un ambiente de confort y sofisticaci\u00f3n.  Entre las caracter\u00edsticas clave de este inmueble se incluyen la presencia de closets, garantizando organizaci\u00f3n; ventilaci\u00f3n natural que favorece la frescura y luminosidad; y pisos en baldosa\/m\u00e1rmol, que aportan un toque de elegancia y son de f\u00e1cil mantenimiento. Con un precio de arriendo de $2.800.000, esta propiedad representa una excelente oportunidad para establecer su nuevo hogar en un espacio dise\u00f1ado para el bienestar, donde cada detalle ha sido pensado para ofrecer una experiencia de vida superior.<\/p>\n","protected":false},"excerpt":{"rendered":"Descubra este moderno apartamento en arriendo, que incluye un nevecon,...","protected":false},"author":8057,"featured_media":233667,"template":"","es_locations":[179,2782],"es_categories":[124],"es_types":[114],"es_rent_periods":[],"es_labels":[],"es_statuses":[],"es_parkings":[],"es_roofs":[],"es_exterior_materials":[],"es_basements":[],"es_floor_coverings":[],"es_features":[131,2212,2263,2131,133,2146,2147,2196,145,2132,2272,2182,144,2152],"es_amenities":[152,2217,2269,2139,2154,2155,2156,2197,2160,2140,2273,159,2289,2162],"es_neighborhoods":[],"es_tags":[],"class_list":["post-233664","properties","type-properties","status-publish","has-post-thumbnail","hentry","es_location-cali","es_location-zona-oeste","es_category-arriendo","es_type-apartamentos","es_feature-ascensor","es_feature-bano-auxiliar","es_feature-barra-estilo-americano","es_feature-circuito-cerrado-de-tv","es_feature-citofono","es_feature-cocina-integral","es_feature-cocina-tipo-americano","es_feature-en-conjunto-cerrado","es_feature-instalacion-de-gas","es_feature-parques-cercanos","es_feature-piso-en-baldosa-marmol","es_feature-salon-comunal","es_feature-vista-panoramica","es_feature-zona-residencial","es_amenity-ascensor-privado","es_amenity-bano-auxiliar","es_amenity-barra-estilo-americano","es_amenity-circuito-cerrado-de-tv","es_amenity-citofono","es_amenity-cocina-integral","es_amenity-cocina-tipo-americano","es_amenity-en-conjunto-cerrado","es_amenity-instalacion-de-gas","es_amenity-parques-cercanos","es_amenity-piso-en-baldosa-marmol","es_amenity-salon-comunal","es_amenity-vista-panoramica","es_amenity-zona-residencial","es-post-entity"],"_links":{"self":[{"href":"https:\/\/arriendo.com\/co\/wp-json\/wp\/v2\/properties\/233664","targetHints":{"allow":["GET"]}}],"collection":[{"href":"https:\/\/arriendo.com\/co\/wp-json\/wp\/v2\/properties"}],"about":[{"href":"https:\/\/arriendo.com\/co\/wp-json\/wp\/v2\/types\/properties"}],"author":[{"embeddable":true,"href":"https:\/\/arriendo.com\/co\/wp-json\/wp\/v2\/users\/8057"}],"version-history":[{"count":0,"href":"https:\/\/arriendo.com\/co\/wp-json\/wp\/v2\/properties\/233664\/revisions"}],"wp:featuredmedia":[{"embeddable":true,"href":"https:\/\/arriendo.com\/co\/wp-json\/wp\/v2\/media\/233667"}],"wp:attachment":[{"href":"https:\/\/arriendo.com\/co\/wp-json\/wp\/v2\/media?parent=233664"}],"wp:term":[{"taxonomy":"es_location","embeddable":true,"href":"https:\/\/arriendo.com\/co\/wp-json\/wp\/v2\/es_locations?post=233664"},{"taxonomy":"es_category","embeddable":true,"href":"https:\/\/arriendo.com\/co\/wp-json\/wp\/v2\/es_categories?post=233664"},{"taxonomy":"es_type","embeddable":true,"href":"https:\/\/arriendo.com\/co\/wp-json\/wp\/v2\/es_types?post=233664"},{"taxonomy":"es_rent_period","embeddable":true,"href":"https:\/\/arriendo.com\/co\/wp-json\/wp\/v2\/es_rent_periods?post=233664"},{"taxonomy":"es_label","embeddable":true,"href":"https:\/\/arriendo.com\/co\/wp-json\/wp\/v2\/es_labels?post=233664"},{"taxonomy":"es_status","embeddable":true,"href":"https:\/\/arriendo.com\/co\/wp-json\/wp\/v2\/es_statuses?post=233664"},{"taxonomy":"es_parking","embeddable":true,"href":"https:\/\/arriendo.com\/co\/wp-json\/wp\/v2\/es_parkings?post=233664"},{"taxonomy":"es_roof","embeddable":true,"href":"https:\/\/arriendo.com\/co\/wp-json\/wp\/v2\/es_roofs?post=233664"},{"taxonomy":"es_exterior_material","embeddable":true,"href":"https:\/\/arriendo.com\/co\/wp-json\/wp\/v2\/es_exterior_materials?post=233664"},{"taxonomy":"es_basement","embeddable":true,"href":"https:\/\/arriendo.com\/co\/wp-json\/wp\/v2\/es_basements?post=233664"},{"taxonomy":"es_floor_covering","embeddable":true,"href":"https:\/\/arriendo.com\/co\/wp-json\/wp\/v2\/es_floor_coverings?post=233664"},{"taxonomy":"es_feature","embeddable":true,"href":"https:\/\/arriendo.com\/co\/wp-json\/wp\/v2\/es_features?post=233664"},{"taxonomy":"es_amenity","embeddable":true,"href":"https:\/\/arriendo.com\/co\/wp-json\/wp\/v2\/es_amenities?post=233664"},{"taxonomy":"es_neighborhood","embeddable":true,"href":"https:\/\/arriendo.com\/co\/wp-json\/wp\/v2\/es_neighborhoods?post=233664"},{"taxonomy":"es_tag","embeddable":true,"href":"https:\/\/arriendo.com\/co\/wp-json\/wp\/v2\/es_tags?post=233664"}],"curies":[{"name":"wp","href":"https:\/\/api.w.org\/{rel}","templated":true}]}}

<p>Descubra este moderno apartamento en arriendo, que incluye un nevecon, lavadora, secadora, microondas y horno. Una propiedad que combina funcionalidad, luminosidad y diseño contemporáneo en 63 m² construidos. Con una antigüedad de entre 1 y 8 años, este inmueble se presenta como la opción ideal para quienes buscan comodidad y un estilo de vida práctico, listo para ser amueblado a su gusto. Cuenta con dos baños y un garaje, garantizando el confort y la conveniencia esperados para un hogar actual.  El apartamento se distribuye en cuatro pisos, ofreciendo espacios bien definidos. Sus dormitorios secundarios, uno de ellos equipado con un amplio armario empotrado, destacan por su estilo minimalista y eficiencia en el aprovechamiento del espacio. Los dos baños, con diseños modernos, integración de ducha, azulejos de vanguardia e iluminación estratégica, aseguran un ambiente de confort y sofisticación.  Entre las características clave de este inmueble se incluyen la presencia de closets, garantizando organización; ventilación natural que favorece la frescura y luminosidad; y pisos en baldosa/mármol, que aportan un toque de elegancia y son de fácil mantenimiento. Con un precio de arriendo de $2.800.000, esta propiedad representa una excelente oportunidad para establecer su nuevo hogar en un espacio diseñado para el bienestar, donde cada detalle ha sido pensado para ofrecer una experiencia de vida superior.</p>
