{"id":233630,"date":"2026-01-27T15:37:28","date_gmt":"2026-01-27T20:37:28","guid":{"rendered":"https:\/\/arriendo.com\/co\/%es_type%\/%address_city%\/%neighborhood%\/cali-santa-monica-apartamento-en-arriendo-en-8c6c3d\/"},"modified":"2026-01-27T15:37:28","modified_gmt":"2026-01-27T20:37:28","slug":"AR-233630","status":"publish","type":"properties","link":"https:\/\/arriendo.com\/co\/apartamentos\/cali\/santa-monica\/AR-233630\/","title":{"rendered":"Apartamento en Arriendo en Santa monica, Cali"},"content":{"rendered":"<p>Descubra este apartamento funcional y luminoso, disponible para venta y arriendo. Una propiedad de 160 m\u00b2 construidos, con 3 ba\u00f1os y 2 garajes, ideal para quienes buscan un estilo de vida pr\u00e1ctico y sofisticado en una vivienda con aproximadamente 9 a 15 a\u00f1os de antig\u00fcedad y un dise\u00f1o contempor\u00e1neo. La distribuci\u00f3n inteligente de sus espacios asegura comodidad y eficiencia en cada rinc\u00f3n.Esta moderna propiedad destaca por su dise\u00f1o que maximiza la luz natural y la ventilaci\u00f3n. La sala de estar es un espacio acogedor, ba\u00f1ado en luz y con vistas agradables a la vegetaci\u00f3n. El lavadero compacto y el ba\u00f1o para visitas, con acabados modernos, complementan las \u00e1reas sociales, ofreciendo funcionalidad y estilo.Los pasillos, elegantemente decorados, conectan fluidamente con las \u00e1reas abiertas, donde la ventilaci\u00f3n natural crea un ambiente siempre fresco y agradable. Los pisos en baldosa o m\u00e1rmol, junto con las zonas verdes, la terraza y el balc\u00f3n, a\u00f1aden un toque de exclusividad y bienestar. Esta propiedad ofrece todas las caracter\u00edsticas clave para una vida de calidad.<\/p>\n","protected":false},"excerpt":{"rendered":"Descubra este apartamento funcional y luminoso, disponible para venta y...","protected":false},"author":8057,"featured_media":233633,"template":"","es_locations":[179,523],"es_categories":[124],"es_types":[114],"es_rent_periods":[],"es_labels":[],"es_statuses":[],"es_parkings":[],"es_roofs":[],"es_exterior_materials":[],"es_basements":[],"es_floor_coverings":[],"es_features":[131,132,2212,2145,133,2146,2147,2148,2331,151,2196,136,2149,145,2216,2132,2220,2180,2272,2133,2181,2182,2150,143,2136,144,2137,2151,2185,2152],"es_amenities":[152,2186,2217,2153,2154,2155,2156,2157,2332,2270,2197,2158,2159,2160,156,2140,2221,157,2273,158,159,2161,2290,2143,161,2289,2144,162,2173,2162],"es_neighborhoods":[],"es_tags":[],"class_list":["post-233630","properties","type-properties","status-publish","has-post-thumbnail","hentry","es_location-cali","es_location-santa-monica","es_category-arriendo","es_type-apartamentos","es_feature-ascensor","es_feature-balcon","es_feature-bano-auxiliar","es_feature-calentador","es_feature-citofono","es_feature-cocina-integral","es_feature-cocina-tipo-americano","es_feature-colegios-universidades","es_feature-cuarto-de-servicio","es_feature-deposito-bodega","es_feature-en-conjunto-cerrado","es_feature-estudio","es_feature-garajes","es_feature-instalacion-de-gas","es_feature-parqueadero-visitantes","es_feature-parques-cercanos","es_feature-patio","es_feature-piscina","es_feature-piso-en-baldosa-marmol","es_feature-porteria-recepcion","es_feature-porteria-vigilancia","es_feature-salon-comunal","es_feature-supermercados-c-comerciales","es_feature-terraza","es_feature-trans-publico-cercano","es_feature-vista-panoramica","es_feature-zona-comercial","es_feature-zona-de-lavanderia","es_feature-zona-infantil","es_feature-zona-residencial","es_amenity-ascensor-privado","es_amenity-balcon","es_amenity-bano-auxiliar","es_amenity-calentador","es_amenity-citofono","es_amenity-cocina-integral","es_amenity-cocina-tipo-americano","es_amenity-colegios-universidades","es_amenity-cuarto-de-servicio","es_amenity-deposito-bodega","es_amenity-en-conjunto-cerrado","es_amenity-estudio","es_amenity-garajes","es_amenity-instalacion-de-gas","es_amenity-parqueadero-visitantes","es_amenity-parques-cercanos","es_amenity-patio","es_amenity-piscina","es_amenity-piso-en-baldosa-marmol","es_amenity-porteria-recepcion","es_amenity-salon-comunal","es_amenity-supermercados-c-comerciales","es_amenity-terraza","es_amenity-trans-publico-cercano","es_amenity-vigilancia-24-7","es_amenity-vista-panoramica","es_amenity-zona-comercial","es_amenity-zona-de-lavanderia","es_amenity-zona-infantil","es_amenity-zona-residencial","es-post-entity"],"_links":{"self":[{"href":"https:\/\/arriendo.com\/co\/wp-json\/wp\/v2\/properties\/233630","targetHints":{"allow":["GET"]}}],"collection":[{"href":"https:\/\/arriendo.com\/co\/wp-json\/wp\/v2\/properties"}],"about":[{"href":"https:\/\/arriendo.com\/co\/wp-json\/wp\/v2\/types\/properties"}],"author":[{"embeddable":true,"href":"https:\/\/arriendo.com\/co\/wp-json\/wp\/v2\/users\/8057"}],"version-history":[{"count":0,"href":"https:\/\/arriendo.com\/co\/wp-json\/wp\/v2\/properties\/233630\/revisions"}],"wp:featuredmedia":[{"embeddable":true,"href":"https:\/\/arriendo.com\/co\/wp-json\/wp\/v2\/media\/233633"}],"wp:attachment":[{"href":"https:\/\/arriendo.com\/co\/wp-json\/wp\/v2\/media?parent=233630"}],"wp:term":[{"taxonomy":"es_location","embeddable":true,"href":"https:\/\/arriendo.com\/co\/wp-json\/wp\/v2\/es_locations?post=233630"},{"taxonomy":"es_category","embeddable":true,"href":"https:\/\/arriendo.com\/co\/wp-json\/wp\/v2\/es_categories?post=233630"},{"taxonomy":"es_type","embeddable":true,"href":"https:\/\/arriendo.com\/co\/wp-json\/wp\/v2\/es_types?post=233630"},{"taxonomy":"es_rent_period","embeddable":true,"href":"https:\/\/arriendo.com\/co\/wp-json\/wp\/v2\/es_rent_periods?post=233630"},{"taxonomy":"es_label","embeddable":true,"href":"https:\/\/arriendo.com\/co\/wp-json\/wp\/v2\/es_labels?post=233630"},{"taxonomy":"es_status","embeddable":true,"href":"https:\/\/arriendo.com\/co\/wp-json\/wp\/v2\/es_statuses?post=233630"},{"taxonomy":"es_parking","embeddable":true,"href":"https:\/\/arriendo.com\/co\/wp-json\/wp\/v2\/es_parkings?post=233630"},{"taxonomy":"es_roof","embeddable":true,"href":"https:\/\/arriendo.com\/co\/wp-json\/wp\/v2\/es_roofs?post=233630"},{"taxonomy":"es_exterior_material","embeddable":true,"href":"https:\/\/arriendo.com\/co\/wp-json\/wp\/v2\/es_exterior_materials?post=233630"},{"taxonomy":"es_basement","embeddable":true,"href":"https:\/\/arriendo.com\/co\/wp-json\/wp\/v2\/es_basements?post=233630"},{"taxonomy":"es_floor_covering","embeddable":true,"href":"https:\/\/arriendo.com\/co\/wp-json\/wp\/v2\/es_floor_coverings?post=233630"},{"taxonomy":"es_feature","embeddable":true,"href":"https:\/\/arriendo.com\/co\/wp-json\/wp\/v2\/es_features?post=233630"},{"taxonomy":"es_amenity","embeddable":true,"href":"https:\/\/arriendo.com\/co\/wp-json\/wp\/v2\/es_amenities?post=233630"},{"taxonomy":"es_neighborhood","embeddable":true,"href":"https:\/\/arriendo.com\/co\/wp-json\/wp\/v2\/es_neighborhoods?post=233630"},{"taxonomy":"es_tag","embeddable":true,"href":"https:\/\/arriendo.com\/co\/wp-json\/wp\/v2\/es_tags?post=233630"}],"curies":[{"name":"wp","href":"https:\/\/api.w.org\/{rel}","templated":true}]}}

<p>Descubra este apartamento funcional y luminoso, disponible para venta y arriendo. Una propiedad de 160 m² construidos, con 3 baños y 2 garajes, ideal para quienes buscan un estilo de vida práctico y sofisticado en una vivienda con aproximadamente 9 a 15 años de antigüedad y un diseño contemporáneo. La distribución inteligente de sus espacios asegura comodidad y eficiencia en cada rincón.Esta moderna propiedad destaca por su diseño que maximiza la luz natural y la ventilación. La sala de estar es un espacio acogedor, bañado en luz y con vistas agradables a la vegetación. El lavadero compacto y el baño para visitas, con acabados modernos, complementan las áreas sociales, ofreciendo funcionalidad y estilo.Los pasillos, elegantemente decorados, conectan fluidamente con las áreas abiertas, donde la ventilación natural crea un ambiente siempre fresco y agradable. Los pisos en baldosa o mármol, junto con las zonas verdes, la terraza y el balcón, añaden un toque de exclusividad y bienestar. Esta propiedad ofrece todas las características clave para una vida de calidad.</p>
