{"id":233460,"date":"2026-01-27T15:21:58","date_gmt":"2026-01-27T20:21:58","guid":{"rendered":"https:\/\/arriendo.com\/co\/%es_type%\/%address_city%\/%neighborhood%\/caldas-antioquia-local-en-arriendo-en-69ec4a\/"},"modified":"2026-01-27T15:21:58","modified_gmt":"2026-01-27T20:21:58","slug":"AR-233460","status":"publish","type":"properties","link":"https:\/\/arriendo.com\/co\/locales\/caldas\/antioquia\/AR-233460\/","title":{"rendered":"Local en Arriendo en Antioquia, Caldas"},"content":{"rendered":"<p>LOCAL EN ARRIENDO, 28 M2, en Caldas, Antioquia. Este vers\u00e1til local comercial de 28 m\u00b2  ofrece un espacio funcional y adaptable en una zona comercial muy vers\u00e1til. A dos cuadras del parque. Cuenta con un ba\u00f1o y un espacio que puede funcionar para dep\u00f3sito\/bodega para almacenamiento.<\/p>\n","protected":false},"excerpt":{"rendered":"LOCAL EN ARRIENDO, 28 M2, en Caldas, Antioquia. Este vers\u00e1til...","protected":false},"author":8022,"featured_media":233463,"template":"","es_locations":[79,84],"es_categories":[124],"es_types":[117],"es_rent_periods":[],"es_labels":[],"es_statuses":[],"es_parkings":[],"es_roofs":[],"es_exterior_materials":[],"es_basements":[],"es_floor_coverings":[],"es_features":[2201,2385,2132,2337,2135,2137,2152],"es_amenities":[2206,2386,2140,2340,2142,2144,2162],"es_neighborhoods":[],"es_tags":[],"class_list":["post-233460","properties","type-properties","status-publish","has-post-thumbnail","hentry","es_location-antioquia","es_location-caldas","es_category-arriendo","es_type-locales","es_feature-en-zona-comercial","es_feature-local-exterior","es_feature-parques-cercanos","es_feature-piso-en-cemento","es_feature-sobre-via-principal","es_feature-zona-comercial","es_feature-zona-residencial","es_amenity-en-zona-comercial","es_amenity-local-exterior","es_amenity-parques-cercanos","es_amenity-piso-en-cemento","es_amenity-sobre-via-principal","es_amenity-zona-comercial","es_amenity-zona-residencial","es-post-entity"],"_links":{"self":[{"href":"https:\/\/arriendo.com\/co\/wp-json\/wp\/v2\/properties\/233460","targetHints":{"allow":["GET"]}}],"collection":[{"href":"https:\/\/arriendo.com\/co\/wp-json\/wp\/v2\/properties"}],"about":[{"href":"https:\/\/arriendo.com\/co\/wp-json\/wp\/v2\/types\/properties"}],"author":[{"embeddable":true,"href":"https:\/\/arriendo.com\/co\/wp-json\/wp\/v2\/users\/8022"}],"version-history":[{"count":0,"href":"https:\/\/arriendo.com\/co\/wp-json\/wp\/v2\/properties\/233460\/revisions"}],"wp:featuredmedia":[{"embeddable":true,"href":"https:\/\/arriendo.com\/co\/wp-json\/wp\/v2\/media\/233463"}],"wp:attachment":[{"href":"https:\/\/arriendo.com\/co\/wp-json\/wp\/v2\/media?parent=233460"}],"wp:term":[{"taxonomy":"es_location","embeddable":true,"href":"https:\/\/arriendo.com\/co\/wp-json\/wp\/v2\/es_locations?post=233460"},{"taxonomy":"es_category","embeddable":true,"href":"https:\/\/arriendo.com\/co\/wp-json\/wp\/v2\/es_categories?post=233460"},{"taxonomy":"es_type","embeddable":true,"href":"https:\/\/arriendo.com\/co\/wp-json\/wp\/v2\/es_types?post=233460"},{"taxonomy":"es_rent_period","embeddable":true,"href":"https:\/\/arriendo.com\/co\/wp-json\/wp\/v2\/es_rent_periods?post=233460"},{"taxonomy":"es_label","embeddable":true,"href":"https:\/\/arriendo.com\/co\/wp-json\/wp\/v2\/es_labels?post=233460"},{"taxonomy":"es_status","embeddable":true,"href":"https:\/\/arriendo.com\/co\/wp-json\/wp\/v2\/es_statuses?post=233460"},{"taxonomy":"es_parking","embeddable":true,"href":"https:\/\/arriendo.com\/co\/wp-json\/wp\/v2\/es_parkings?post=233460"},{"taxonomy":"es_roof","embeddable":true,"href":"https:\/\/arriendo.com\/co\/wp-json\/wp\/v2\/es_roofs?post=233460"},{"taxonomy":"es_exterior_material","embeddable":true,"href":"https:\/\/arriendo.com\/co\/wp-json\/wp\/v2\/es_exterior_materials?post=233460"},{"taxonomy":"es_basement","embeddable":true,"href":"https:\/\/arriendo.com\/co\/wp-json\/wp\/v2\/es_basements?post=233460"},{"taxonomy":"es_floor_covering","embeddable":true,"href":"https:\/\/arriendo.com\/co\/wp-json\/wp\/v2\/es_floor_coverings?post=233460"},{"taxonomy":"es_feature","embeddable":true,"href":"https:\/\/arriendo.com\/co\/wp-json\/wp\/v2\/es_features?post=233460"},{"taxonomy":"es_amenity","embeddable":true,"href":"https:\/\/arriendo.com\/co\/wp-json\/wp\/v2\/es_amenities?post=233460"},{"taxonomy":"es_neighborhood","embeddable":true,"href":"https:\/\/arriendo.com\/co\/wp-json\/wp\/v2\/es_neighborhoods?post=233460"},{"taxonomy":"es_tag","embeddable":true,"href":"https:\/\/arriendo.com\/co\/wp-json\/wp\/v2\/es_tags?post=233460"}],"curies":[{"name":"wp","href":"https:\/\/api.w.org\/{rel}","templated":true}]}}

<p>LOCAL EN ARRIENDO, 28 M2, en Caldas, Antioquia. Este versátil local comercial de 28 m²  ofrece un espacio funcional y adaptable en una zona comercial muy versátil. A dos cuadras del parque. Cuenta con un baño y un espacio que puede funcionar para depósito/bodega para almacenamiento.</p>

LOCAL EN ARRIENDO, 28 M2, en Caldas, Antioquia. Este versátil...
