{"id":233429,"date":"2026-01-27T15:19:21","date_gmt":"2026-01-27T20:19:21","guid":{"rendered":"https:\/\/arriendo.com\/co\/%es_type%\/%address_city%\/%neighborhood%\/bogota-la-castellana-oficina-en-arriendo-en-9e2244\/"},"modified":"2026-01-27T15:19:22","modified_gmt":"2026-01-27T20:19:22","slug":"AR-233429","status":"publish","type":"properties","link":"https:\/\/arriendo.com\/co\/oficinas\/bogota\/la-castellana\/AR-233429\/","title":{"rendered":"Oficina en Arriendo en La castellana, Bogot\u00e1"},"content":{"rendered":"<p>Descubra la oficina ideal para su negocio en el prestigioso sector de La Castellana. Este espacio, disponible para arriendo o venta, ha sido inteligentemente dise\u00f1ado con divisiones en vidrio que crean cuatro puestos de trabajo independientes, optimizando la privacidad y la productividad. Cuenta con cableado estructurado de \u00faltima generaci\u00f3n, un \u00e1rea dedicada para sala de juntas y una pr\u00e1ctica estaci\u00f3n de caf\u00e9, garantizando todas las comodidades para su equipo. La propiedad incluye garaje privado con capacidad para tres veh\u00edculos, un valor a\u00f1adido inigualable en la zona.<\/p>\n<p>El edificio, estrat\u00e9gicamente ubicado a solo una cuadra de la estaci\u00f3n de Transmilenio, ofrece una conectividad excepcional. Disfrute de la tranquilidad que brinda la vigilancia permanente, la conveniencia de garajes para visitantes y el acceso a dos salas de juntas adicionales. Adem\u00e1s, sus colaboradores y clientes podr\u00e1n relajarse en la terraza comunal, equipada con parasoles, un espacio perfecto para pausas activas o encuentros informales. No pierda la oportunidad de establecer su empresa en un entorno que combina funcionalidad, ubicaci\u00f3n privilegiada y servicios de primer nivel. Contacto: ***.<\/p>\n","protected":false},"excerpt":{"rendered":"Descubra la oficina ideal para su negocio en el prestigioso...","protected":false},"author":8016,"featured_media":233432,"template":"","es_locations":[110,77,315],"es_categories":[124],"es_types":[116],"es_rent_periods":[],"es_labels":[],"es_statuses":[],"es_parkings":[],"es_roofs":[],"es_exterior_materials":[],"es_basements":[],"es_floor_coverings":[],"es_features":[131,2224,133,2132,2418,2133,143,2136,2297,2137],"es_amenities":[152,2247,2154,2140,2419,158,2290,2143,2299,2144],"es_neighborhoods":[],"es_tags":[],"class_list":["post-233429","properties","type-properties","status-publish","has-post-thumbnail","hentry","es_location-bogota","es_location-bogota-d-c","es_location-la-castellana","es_category-arriendo","es_type-oficinas","es_feature-ascensor","es_feature-cableado-de-red","es_feature-citofono","es_feature-parques-cercanos","es_feature-piso-en-madera","es_feature-porteria-recepcion","es_feature-terraza","es_feature-trans-publico-cercano","es_feature-ubicada-en-edificio","es_feature-zona-comercial","es_amenity-ascensor-privado","es_amenity-cableado-de-red","es_amenity-citofono","es_amenity-parques-cercanos","es_amenity-piso-en-madera","es_amenity-porteria-recepcion","es_amenity-terraza","es_amenity-trans-publico-cercano","es_amenity-ubicada-en-edificio","es_amenity-zona-comercial","es-post-entity"],"_links":{"self":[{"href":"https:\/\/arriendo.com\/co\/wp-json\/wp\/v2\/properties\/233429","targetHints":{"allow":["GET"]}}],"collection":[{"href":"https:\/\/arriendo.com\/co\/wp-json\/wp\/v2\/properties"}],"about":[{"href":"https:\/\/arriendo.com\/co\/wp-json\/wp\/v2\/types\/properties"}],"author":[{"embeddable":true,"href":"https:\/\/arriendo.com\/co\/wp-json\/wp\/v2\/users\/8016"}],"version-history":[{"count":0,"href":"https:\/\/arriendo.com\/co\/wp-json\/wp\/v2\/properties\/233429\/revisions"}],"wp:featuredmedia":[{"embeddable":true,"href":"https:\/\/arriendo.com\/co\/wp-json\/wp\/v2\/media\/233432"}],"wp:attachment":[{"href":"https:\/\/arriendo.com\/co\/wp-json\/wp\/v2\/media?parent=233429"}],"wp:term":[{"taxonomy":"es_location","embeddable":true,"href":"https:\/\/arriendo.com\/co\/wp-json\/wp\/v2\/es_locations?post=233429"},{"taxonomy":"es_category","embeddable":true,"href":"https:\/\/arriendo.com\/co\/wp-json\/wp\/v2\/es_categories?post=233429"},{"taxonomy":"es_type","embeddable":true,"href":"https:\/\/arriendo.com\/co\/wp-json\/wp\/v2\/es_types?post=233429"},{"taxonomy":"es_rent_period","embeddable":true,"href":"https:\/\/arriendo.com\/co\/wp-json\/wp\/v2\/es_rent_periods?post=233429"},{"taxonomy":"es_label","embeddable":true,"href":"https:\/\/arriendo.com\/co\/wp-json\/wp\/v2\/es_labels?post=233429"},{"taxonomy":"es_status","embeddable":true,"href":"https:\/\/arriendo.com\/co\/wp-json\/wp\/v2\/es_statuses?post=233429"},{"taxonomy":"es_parking","embeddable":true,"href":"https:\/\/arriendo.com\/co\/wp-json\/wp\/v2\/es_parkings?post=233429"},{"taxonomy":"es_roof","embeddable":true,"href":"https:\/\/arriendo.com\/co\/wp-json\/wp\/v2\/es_roofs?post=233429"},{"taxonomy":"es_exterior_material","embeddable":true,"href":"https:\/\/arriendo.com\/co\/wp-json\/wp\/v2\/es_exterior_materials?post=233429"},{"taxonomy":"es_basement","embeddable":true,"href":"https:\/\/arriendo.com\/co\/wp-json\/wp\/v2\/es_basements?post=233429"},{"taxonomy":"es_floor_covering","embeddable":true,"href":"https:\/\/arriendo.com\/co\/wp-json\/wp\/v2\/es_floor_coverings?post=233429"},{"taxonomy":"es_feature","embeddable":true,"href":"https:\/\/arriendo.com\/co\/wp-json\/wp\/v2\/es_features?post=233429"},{"taxonomy":"es_amenity","embeddable":true,"href":"https:\/\/arriendo.com\/co\/wp-json\/wp\/v2\/es_amenities?post=233429"},{"taxonomy":"es_neighborhood","embeddable":true,"href":"https:\/\/arriendo.com\/co\/wp-json\/wp\/v2\/es_neighborhoods?post=233429"},{"taxonomy":"es_tag","embeddable":true,"href":"https:\/\/arriendo.com\/co\/wp-json\/wp\/v2\/es_tags?post=233429"}],"curies":[{"name":"wp","href":"https:\/\/api.w.org\/{rel}","templated":true}]}}

Oficina en Arriendo en La castellana, Bogotá

<p>Descubra la oficina ideal para su negocio en el prestigioso sector de La Castellana. Este espacio, disponible para arriendo o venta, ha sido inteligentemente diseñado con divisiones en vidrio que crean cuatro puestos de trabajo independientes, optimizando la privacidad y la productividad. Cuenta con cableado estructurado de última generación, un área dedicada para sala de juntas y una práctica estación de café, garantizando todas las comodidades para su equipo. La propiedad incluye garaje privado con capacidad para tres vehículos, un valor añadido inigualable en la zona.</p>
<p>El edificio, estratégicamente ubicado a solo una cuadra de la estación de Transmilenio, ofrece una conectividad excepcional. Disfrute de la tranquilidad que brinda la vigilancia permanente, la conveniencia de garajes para visitantes y el acceso a dos salas de juntas adicionales. Además, sus colaboradores y clientes podrán relajarse en la terraza comunal, equipada con parasoles, un espacio perfecto para pausas activas o encuentros informales. No pierda la oportunidad de establecer su empresa en un entorno que combina funcionalidad, ubicación privilegiada y servicios de primer nivel. Contacto: ***.</p>
