{"id":233362,"date":"2026-01-27T15:15:09","date_gmt":"2026-01-27T20:15:09","guid":{"rendered":"https:\/\/arriendo.com\/co\/%es_type%\/%address_city%\/%neighborhood%\/medellin-el-poblado-apartamento-en-arriendo-en-d53641\/"},"modified":"2026-01-27T15:15:09","modified_gmt":"2026-01-27T20:15:09","slug":"AR-233362","status":"publish","type":"properties","link":"https:\/\/arriendo.com\/co\/apartamentos\/medellin\/el-poblado\/AR-233362\/","title":{"rendered":"Apartamento en Arriendo en El Poblado, Medell\u00edn"},"content":{"rendered":"<p>&#8220;ARRIENDO ACOGEDOR APARTAMENTO EN EL POBLADO, MEDELL\u00cdN. Este exclusivo estudio ofrece muebles de biblioteca empotrados, una sala-comedor independiente y dos garajes con cuarto \u00fatil. Recientemente remodelado en sus \u00e1reas sociales y cocina, cuenta con pisos en porcelanato y luces LED. Dispone de una alcoba principal y una auxiliar, ambas con ba\u00f1o privado. El edificio, con solo dos apartamentos por piso, ofrece amplias \u00e1reas comunes, zona verde, piscina climatizada, turco y sauna. Estrat\u00e9gicamente ubicado a una cuadra de la Intermedia en El Poblado, sobre la V\u00eda Los Balsos, cerca a La Vaquita y al Campestre, disfruta de una espectacular vista al suroriente. Contacto: ***.&#8221;<\/p>\n","protected":false},"excerpt":{"rendered":"&#8220;ARRIENDO ACOGEDOR APARTAMENTO EN EL POBLADO, MEDELL\u00cdN. Este exclusivo estudio...","protected":false},"author":8016,"featured_media":233365,"template":"","es_locations":[79,308,305],"es_categories":[124],"es_types":[114],"es_rent_periods":[],"es_labels":[],"es_statuses":[],"es_parkings":[],"es_roofs":[],"es_exterior_materials":[],"es_basements":[],"es_floor_coverings":[],"es_features":[131,2145,2131,133,2148,2331,151,2196,136,2149,145,2216,2132,2272,2133,2181,2182,2150,2136,144,2151,2185,2152,2204],"es_amenities":[152,2153,2139,2154,2157,2332,2270,2197,2158,2159,2160,156,2140,2273,158,159,2161,2143,161,2289,162,2173,2162,2209],"es_neighborhoods":[],"es_tags":[],"class_list":["post-233362","properties","type-properties","status-publish","has-post-thumbnail","hentry","es_location-antioquia","es_location-el-poblado","es_location-medellin","es_category-arriendo","es_type-apartamentos","es_feature-ascensor","es_feature-calentador","es_feature-circuito-cerrado-de-tv","es_feature-citofono","es_feature-colegios-universidades","es_feature-cuarto-de-servicio","es_feature-deposito-bodega","es_feature-en-conjunto-cerrado","es_feature-estudio","es_feature-garajes","es_feature-instalacion-de-gas","es_feature-parqueadero-visitantes","es_feature-parques-cercanos","es_feature-piso-en-baldosa-marmol","es_feature-porteria-recepcion","es_feature-porteria-vigilancia","es_feature-salon-comunal","es_feature-supermercados-c-comerciales","es_feature-trans-publico-cercano","es_feature-vista-panoramica","es_feature-zona-de-lavanderia","es_feature-zona-infantil","es_feature-zona-residencial","es_feature-zonas-verdes","es_amenity-ascensor-privado","es_amenity-calentador","es_amenity-circuito-cerrado-de-tv","es_amenity-citofono","es_amenity-colegios-universidades","es_amenity-cuarto-de-servicio","es_amenity-deposito-bodega","es_amenity-en-conjunto-cerrado","es_amenity-estudio","es_amenity-garajes","es_amenity-instalacion-de-gas","es_amenity-parqueadero-visitantes","es_amenity-parques-cercanos","es_amenity-piso-en-baldosa-marmol","es_amenity-porteria-recepcion","es_amenity-salon-comunal","es_amenity-supermercados-c-comerciales","es_amenity-trans-publico-cercano","es_amenity-vigilancia-24-7","es_amenity-vista-panoramica","es_amenity-zona-de-lavanderia","es_amenity-zona-infantil","es_amenity-zona-residencial","es_amenity-zonas-verdes","es-post-entity"],"_links":{"self":[{"href":"https:\/\/arriendo.com\/co\/wp-json\/wp\/v2\/properties\/233362","targetHints":{"allow":["GET"]}}],"collection":[{"href":"https:\/\/arriendo.com\/co\/wp-json\/wp\/v2\/properties"}],"about":[{"href":"https:\/\/arriendo.com\/co\/wp-json\/wp\/v2\/types\/properties"}],"author":[{"embeddable":true,"href":"https:\/\/arriendo.com\/co\/wp-json\/wp\/v2\/users\/8016"}],"version-history":[{"count":0,"href":"https:\/\/arriendo.com\/co\/wp-json\/wp\/v2\/properties\/233362\/revisions"}],"wp:featuredmedia":[{"embeddable":true,"href":"https:\/\/arriendo.com\/co\/wp-json\/wp\/v2\/media\/233365"}],"wp:attachment":[{"href":"https:\/\/arriendo.com\/co\/wp-json\/wp\/v2\/media?parent=233362"}],"wp:term":[{"taxonomy":"es_location","embeddable":true,"href":"https:\/\/arriendo.com\/co\/wp-json\/wp\/v2\/es_locations?post=233362"},{"taxonomy":"es_category","embeddable":true,"href":"https:\/\/arriendo.com\/co\/wp-json\/wp\/v2\/es_categories?post=233362"},{"taxonomy":"es_type","embeddable":true,"href":"https:\/\/arriendo.com\/co\/wp-json\/wp\/v2\/es_types?post=233362"},{"taxonomy":"es_rent_period","embeddable":true,"href":"https:\/\/arriendo.com\/co\/wp-json\/wp\/v2\/es_rent_periods?post=233362"},{"taxonomy":"es_label","embeddable":true,"href":"https:\/\/arriendo.com\/co\/wp-json\/wp\/v2\/es_labels?post=233362"},{"taxonomy":"es_status","embeddable":true,"href":"https:\/\/arriendo.com\/co\/wp-json\/wp\/v2\/es_statuses?post=233362"},{"taxonomy":"es_parking","embeddable":true,"href":"https:\/\/arriendo.com\/co\/wp-json\/wp\/v2\/es_parkings?post=233362"},{"taxonomy":"es_roof","embeddable":true,"href":"https:\/\/arriendo.com\/co\/wp-json\/wp\/v2\/es_roofs?post=233362"},{"taxonomy":"es_exterior_material","embeddable":true,"href":"https:\/\/arriendo.com\/co\/wp-json\/wp\/v2\/es_exterior_materials?post=233362"},{"taxonomy":"es_basement","embeddable":true,"href":"https:\/\/arriendo.com\/co\/wp-json\/wp\/v2\/es_basements?post=233362"},{"taxonomy":"es_floor_covering","embeddable":true,"href":"https:\/\/arriendo.com\/co\/wp-json\/wp\/v2\/es_floor_coverings?post=233362"},{"taxonomy":"es_feature","embeddable":true,"href":"https:\/\/arriendo.com\/co\/wp-json\/wp\/v2\/es_features?post=233362"},{"taxonomy":"es_amenity","embeddable":true,"href":"https:\/\/arriendo.com\/co\/wp-json\/wp\/v2\/es_amenities?post=233362"},{"taxonomy":"es_neighborhood","embeddable":true,"href":"https:\/\/arriendo.com\/co\/wp-json\/wp\/v2\/es_neighborhoods?post=233362"},{"taxonomy":"es_tag","embeddable":true,"href":"https:\/\/arriendo.com\/co\/wp-json\/wp\/v2\/es_tags?post=233362"}],"curies":[{"name":"wp","href":"https:\/\/api.w.org\/{rel}","templated":true}]}}

Apartamento en Arriendo en El Poblado, Medellín

<p>&#8220;ARRIENDO ACOGEDOR APARTAMENTO EN EL POBLADO, MEDELLÍN. Este exclusivo estudio ofrece muebles de biblioteca empotrados, una sala-comedor independiente y dos garajes con cuarto útil. Recientemente remodelado en sus áreas sociales y cocina, cuenta con pisos en porcelanato y luces LED. Dispone de una alcoba principal y una auxiliar, ambas con baño privado. El edificio, con solo dos apartamentos por piso, ofrece amplias áreas comunes, zona verde, piscina climatizada, turco y sauna. Estratégicamente ubicado a una cuadra de la Intermedia en El Poblado, sobre la Vía Los Balsos, cerca a La Vaquita y al Campestre, disfruta de una espectacular vista al suroriente. Contacto: ***.&#8221;</p>

&#8220;ARRIENDO ACOGEDOR APARTAMENTO EN EL POBLADO, MEDELLÍN. Este exclusivo estudio...
