{"id":233272,"date":"2026-01-27T15:08:45","date_gmt":"2026-01-27T20:08:45","guid":{"rendered":"https:\/\/arriendo.com\/co\/%es_type%\/%address_city%\/%neighborhood%\/cali-ciudad-jardin-casa-en-arriendo-en-d51eef\/"},"modified":"2026-01-27T15:08:45","modified_gmt":"2026-01-27T20:08:45","slug":"AR-233272","status":"publish","type":"properties","link":"https:\/\/arriendo.com\/co\/casas\/cali\/ciudad-jardin\/AR-233272\/","title":{"rendered":"Casa en arriendo en Ciudad jardin, Cali"},"content":{"rendered":"<p>CASA EN CIUDAD JARDIN AMOBLADA; En el exclusivo sector de Ciudad Jard\u00edn encontraras una casa de dos pisos mas terraza, consta de; sala, comedor, star de tv, 5 habitaciones cada una con ba\u00f1o vestier o closet, cuarto de servicio con ba\u00f1o,  cocina abierta y totalmente dotada con estufa, horno, microondas, nevecon, ba\u00f1o social, garaje para dos veh\u00edculos con puerta el\u00e9ctrica, piscina, amplios jardines. posibilidad de alquilarla amoblada o sin amoblar.<\/p>\n","protected":false},"excerpt":{"rendered":"CASA EN CIUDAD JARDIN AMOBLADA; En el exclusivo sector de...","protected":false},"author":8003,"featured_media":233275,"template":"","es_locations":[179,335],"es_categories":[124],"es_types":[115],"es_rent_periods":[],"es_labels":[],"es_statuses":[],"es_parkings":[],"es_roofs":[],"es_exterior_materials":[],"es_basements":[],"es_floor_coverings":[],"es_features":[149,132,2212,2263,2145,2211,2146,2147,2148,2331,2225,136,145,2203,2216,2132,2220,2272,2150,2204],"es_amenities":[2329,2186,2217,2269,2153,2210,2155,2156,2157,2332,2250,2158,2160,2208,156,2140,2221,2273,2161,2209],"es_neighborhoods":[],"es_tags":[],"class_list":["post-233272","properties","type-properties","status-publish","has-post-thumbnail","hentry","es_location-cali","es_location-ciudad-jardin","es_category-arriendo","es_type-casas","es_feature-aire-acondicionado","es_feature-balcon","es_feature-bano-auxiliar","es_feature-barra-estilo-americano","es_feature-calentador","es_feature-canchas-deportivas","es_feature-cocina-integral","es_feature-cocina-tipo-americano","es_feature-colegios-universidades","es_feature-cuarto-de-servicio","es_feature-despensa","es_feature-estudio","es_feature-instalacion-de-gas","es_feature-jardines-exteriores","es_feature-parqueadero-visitantes","es_feature-parques-cercanos","es_feature-patio","es_feature-piso-en-baldosa-marmol","es_feature-supermercados-c-comerciales","es_feature-zonas-verdes","es_amenity-aire-acondicionado","es_amenity-balcon","es_amenity-bano-auxiliar","es_amenity-barra-estilo-americano","es_amenity-calentador","es_amenity-canchas-deportivas","es_amenity-cocina-integral","es_amenity-cocina-tipo-americano","es_amenity-colegios-universidades","es_amenity-cuarto-de-servicio","es_amenity-despensa","es_amenity-estudio","es_amenity-instalacion-de-gas","es_amenity-jardines-exteriores","es_amenity-parqueadero-visitantes","es_amenity-parques-cercanos","es_amenity-patio","es_amenity-piso-en-baldosa-marmol","es_amenity-supermercados-c-comerciales","es_amenity-zonas-verdes","es-post-entity"],"_links":{"self":[{"href":"https:\/\/arriendo.com\/co\/wp-json\/wp\/v2\/properties\/233272","targetHints":{"allow":["GET"]}}],"collection":[{"href":"https:\/\/arriendo.com\/co\/wp-json\/wp\/v2\/properties"}],"about":[{"href":"https:\/\/arriendo.com\/co\/wp-json\/wp\/v2\/types\/properties"}],"author":[{"embeddable":true,"href":"https:\/\/arriendo.com\/co\/wp-json\/wp\/v2\/users\/8003"}],"version-history":[{"count":0,"href":"https:\/\/arriendo.com\/co\/wp-json\/wp\/v2\/properties\/233272\/revisions"}],"wp:featuredmedia":[{"embeddable":true,"href":"https:\/\/arriendo.com\/co\/wp-json\/wp\/v2\/media\/233275"}],"wp:attachment":[{"href":"https:\/\/arriendo.com\/co\/wp-json\/wp\/v2\/media?parent=233272"}],"wp:term":[{"taxonomy":"es_location","embeddable":true,"href":"https:\/\/arriendo.com\/co\/wp-json\/wp\/v2\/es_locations?post=233272"},{"taxonomy":"es_category","embeddable":true,"href":"https:\/\/arriendo.com\/co\/wp-json\/wp\/v2\/es_categories?post=233272"},{"taxonomy":"es_type","embeddable":true,"href":"https:\/\/arriendo.com\/co\/wp-json\/wp\/v2\/es_types?post=233272"},{"taxonomy":"es_rent_period","embeddable":true,"href":"https:\/\/arriendo.com\/co\/wp-json\/wp\/v2\/es_rent_periods?post=233272"},{"taxonomy":"es_label","embeddable":true,"href":"https:\/\/arriendo.com\/co\/wp-json\/wp\/v2\/es_labels?post=233272"},{"taxonomy":"es_status","embeddable":true,"href":"https:\/\/arriendo.com\/co\/wp-json\/wp\/v2\/es_statuses?post=233272"},{"taxonomy":"es_parking","embeddable":true,"href":"https:\/\/arriendo.com\/co\/wp-json\/wp\/v2\/es_parkings?post=233272"},{"taxonomy":"es_roof","embeddable":true,"href":"https:\/\/arriendo.com\/co\/wp-json\/wp\/v2\/es_roofs?post=233272"},{"taxonomy":"es_exterior_material","embeddable":true,"href":"https:\/\/arriendo.com\/co\/wp-json\/wp\/v2\/es_exterior_materials?post=233272"},{"taxonomy":"es_basement","embeddable":true,"href":"https:\/\/arriendo.com\/co\/wp-json\/wp\/v2\/es_basements?post=233272"},{"taxonomy":"es_floor_covering","embeddable":true,"href":"https:\/\/arriendo.com\/co\/wp-json\/wp\/v2\/es_floor_coverings?post=233272"},{"taxonomy":"es_feature","embeddable":true,"href":"https:\/\/arriendo.com\/co\/wp-json\/wp\/v2\/es_features?post=233272"},{"taxonomy":"es_amenity","embeddable":true,"href":"https:\/\/arriendo.com\/co\/wp-json\/wp\/v2\/es_amenities?post=233272"},{"taxonomy":"es_neighborhood","embeddable":true,"href":"https:\/\/arriendo.com\/co\/wp-json\/wp\/v2\/es_neighborhoods?post=233272"},{"taxonomy":"es_tag","embeddable":true,"href":"https:\/\/arriendo.com\/co\/wp-json\/wp\/v2\/es_tags?post=233272"}],"curies":[{"name":"wp","href":"https:\/\/api.w.org\/{rel}","templated":true}]}}

<p>CASA EN CIUDAD JARDIN AMOBLADA; En el exclusivo sector de Ciudad Jardín encontraras una casa de dos pisos mas terraza, consta de; sala, comedor, star de tv, 5 habitaciones cada una con baño vestier o closet, cuarto de servicio con baño,  cocina abierta y totalmente dotada con estufa, horno, microondas, nevecon, baño social, garaje para dos vehículos con puerta eléctrica, piscina, amplios jardines. posibilidad de alquilarla amoblada o sin amoblar.</p>
