{"id":232865,"date":"2026-01-27T14:40:34","date_gmt":"2026-01-27T19:40:34","guid":{"rendered":"https:\/\/arriendo.com\/co\/%es_type%\/%address_city%\/%neighborhood%\/bogota-barrios-unidos-apartamento-en-arriendo-en-29ac41\/"},"modified":"2026-01-27T14:40:34","modified_gmt":"2026-01-27T19:40:34","slug":"AR-232865","status":"publish","type":"properties","link":"https:\/\/arriendo.com\/co\/apartamentos\/bogota\/barrios-unidos\/AR-232865\/","title":{"rendered":"Apartamento en Arriendo en Barrios Unidos, Bogot\u00e1"},"content":{"rendered":"<p>Apartamento acogedor de 30 m2, ubicado en zona estrat\u00e9gica a pocas cuadras de la Avenida Caracas y la Calle 68. Cuenta con una agradable salacomedor con pisos en cer\u00e1mica y excelente iluminaci\u00f3n natural. La cocina se integra de manera funcional a la zona social, con punto de gas natural para estufa y conexi\u00f3n para lavadora. Dispone de una alcoba c\u00f3moda y un ba\u00f1o en buen estado. Su orientaci\u00f3n exterior garantiza buena ventilaci\u00f3n y luz durante todo el d\u00eda. Clasificado en estrato 3, este inmueble es ideal para quienes buscan comodidad, practicidad y f\u00e1cil acceso a transporte p\u00fablico, comercios y servicios.<\/p>\n","protected":false},"excerpt":{"rendered":"Apartamento acogedor de 30 m2, ubicado en zona estrat\u00e9gica a...","protected":false},"author":7931,"featured_media":232868,"template":"","es_locations":[209,110,77],"es_categories":[124],"es_types":[114],"es_rent_periods":[],"es_labels":[],"es_statuses":[],"es_parkings":[],"es_roofs":[],"es_exterior_materials":[],"es_basements":[],"es_floor_coverings":[],"es_features":[2200,2293,2148,2213,2234,2296,2132,2272,2418,2136,2151],"es_amenities":[2205,2295,2157,2218,2249,2298,2140,2273,2419,2143,162],"es_neighborhoods":[],"es_tags":[],"class_list":["post-232865","properties","type-properties","status-publish","has-post-thumbnail","hentry","es_location-barrios-unidos","es_location-bogota","es_location-bogota-d-c","es_category-arriendo","es_type-apartamentos","es_feature-cerca-a-sector-comercial","es_feature-cerca-centro-comercial","es_feature-colegios-universidades","es_feature-comedor","es_feature-comodas-vias-de-acceso","es_feature-en-edificio","es_feature-parques-cercanos","es_feature-piso-en-baldosa-marmol","es_feature-piso-en-madera","es_feature-trans-publico-cercano","es_feature-zona-de-lavanderia","es_amenity-cerca-a-sector-comercial","es_amenity-cerca-centro-comercial","es_amenity-colegios-universidades","es_amenity-comedor","es_amenity-comodas-vias-de-acceso","es_amenity-en-edificio","es_amenity-parques-cercanos","es_amenity-piso-en-baldosa-marmol","es_amenity-piso-en-madera","es_amenity-trans-publico-cercano","es_amenity-zona-de-lavanderia","es-post-entity"],"_links":{"self":[{"href":"https:\/\/arriendo.com\/co\/wp-json\/wp\/v2\/properties\/232865","targetHints":{"allow":["GET"]}}],"collection":[{"href":"https:\/\/arriendo.com\/co\/wp-json\/wp\/v2\/properties"}],"about":[{"href":"https:\/\/arriendo.com\/co\/wp-json\/wp\/v2\/types\/properties"}],"author":[{"embeddable":true,"href":"https:\/\/arriendo.com\/co\/wp-json\/wp\/v2\/users\/7931"}],"version-history":[{"count":0,"href":"https:\/\/arriendo.com\/co\/wp-json\/wp\/v2\/properties\/232865\/revisions"}],"wp:featuredmedia":[{"embeddable":true,"href":"https:\/\/arriendo.com\/co\/wp-json\/wp\/v2\/media\/232868"}],"wp:attachment":[{"href":"https:\/\/arriendo.com\/co\/wp-json\/wp\/v2\/media?parent=232865"}],"wp:term":[{"taxonomy":"es_location","embeddable":true,"href":"https:\/\/arriendo.com\/co\/wp-json\/wp\/v2\/es_locations?post=232865"},{"taxonomy":"es_category","embeddable":true,"href":"https:\/\/arriendo.com\/co\/wp-json\/wp\/v2\/es_categories?post=232865"},{"taxonomy":"es_type","embeddable":true,"href":"https:\/\/arriendo.com\/co\/wp-json\/wp\/v2\/es_types?post=232865"},{"taxonomy":"es_rent_period","embeddable":true,"href":"https:\/\/arriendo.com\/co\/wp-json\/wp\/v2\/es_rent_periods?post=232865"},{"taxonomy":"es_label","embeddable":true,"href":"https:\/\/arriendo.com\/co\/wp-json\/wp\/v2\/es_labels?post=232865"},{"taxonomy":"es_status","embeddable":true,"href":"https:\/\/arriendo.com\/co\/wp-json\/wp\/v2\/es_statuses?post=232865"},{"taxonomy":"es_parking","embeddable":true,"href":"https:\/\/arriendo.com\/co\/wp-json\/wp\/v2\/es_parkings?post=232865"},{"taxonomy":"es_roof","embeddable":true,"href":"https:\/\/arriendo.com\/co\/wp-json\/wp\/v2\/es_roofs?post=232865"},{"taxonomy":"es_exterior_material","embeddable":true,"href":"https:\/\/arriendo.com\/co\/wp-json\/wp\/v2\/es_exterior_materials?post=232865"},{"taxonomy":"es_basement","embeddable":true,"href":"https:\/\/arriendo.com\/co\/wp-json\/wp\/v2\/es_basements?post=232865"},{"taxonomy":"es_floor_covering","embeddable":true,"href":"https:\/\/arriendo.com\/co\/wp-json\/wp\/v2\/es_floor_coverings?post=232865"},{"taxonomy":"es_feature","embeddable":true,"href":"https:\/\/arriendo.com\/co\/wp-json\/wp\/v2\/es_features?post=232865"},{"taxonomy":"es_amenity","embeddable":true,"href":"https:\/\/arriendo.com\/co\/wp-json\/wp\/v2\/es_amenities?post=232865"},{"taxonomy":"es_neighborhood","embeddable":true,"href":"https:\/\/arriendo.com\/co\/wp-json\/wp\/v2\/es_neighborhoods?post=232865"},{"taxonomy":"es_tag","embeddable":true,"href":"https:\/\/arriendo.com\/co\/wp-json\/wp\/v2\/es_tags?post=232865"}],"curies":[{"name":"wp","href":"https:\/\/api.w.org\/{rel}","templated":true}]}}

Apartamento en Arriendo en Barrios Unidos, Bogotá

<p>Apartamento acogedor de 30 m2, ubicado en zona estratégica a pocas cuadras de la Avenida Caracas y la Calle 68. Cuenta con una agradable salacomedor con pisos en cerámica y excelente iluminación natural. La cocina se integra de manera funcional a la zona social, con punto de gas natural para estufa y conexión para lavadora. Dispone de una alcoba cómoda y un baño en buen estado. Su orientación exterior garantiza buena ventilación y luz durante todo el día. Clasificado en estrato 3, este inmueble es ideal para quienes buscan comodidad, practicidad y fácil acceso a transporte público, comercios y servicios.</p>

Apartamento acogedor de 30 m2, ubicado en zona estratégica a...
