{"id":232631,"date":"2026-01-27T14:16:57","date_gmt":"2026-01-27T19:16:57","guid":{"rendered":"https:\/\/arriendo.com\/co\/%es_type%\/%address_city%\/%neighborhood%\/la-calera-vereda-san-jose-casa-en-arriendo-en-99ab64\/"},"modified":"2026-01-27T14:16:57","modified_gmt":"2026-01-27T19:16:57","slug":"AR-232631","status":"publish","type":"properties","link":"https:\/\/arriendo.com\/co\/casas\/la-calera\/vereda-san-jose\/AR-232631\/","title":{"rendered":"Casa en Arriendo en Vereda san jose, La calera"},"content":{"rendered":"<p>&#8220;Descubra esta impresionante propiedad, una joya arquitect\u00f3nica disponible tanto para venta como para arrendamiento, que redefine el concepto de lujo y comodidad en su m\u00e1xima expresi\u00f3n. Con un precio de venta de $1.750.000.000 COP y un canon de arrendamiento de $7.000.000 COP (administraci\u00f3n incluida), esta residencia ofrece una oportunidad inigualable para vivir el estilo de vida que siempre ha so\u00f1ado.<\/p>\n<p>La casa deslumbra con 4 amplias habitaciones, cada una concebida como un santuario privado, equipada con su propio walking closet, ba\u00f1o privado y una terraza que invita a la relajaci\u00f3n y al disfrute de vistas serenas. Sum\u00e9rjase en un oasis personal con un jacuzzi integrado en uno de los ba\u00f1os, prometiendo momentos de puro bienestar. Los espacios sociales son igualmente cautivadores: una elegante sala, un comedor espacioso y una sala de espera equipada con un sofisticado bar y cocineta, perfecta para entretener a sus invitados con estilo. La chimenea a gas a\u00f1ade un toque de calidez y sofisticaci\u00f3n, creando ambientes acogedores y memorables.<\/p>\n<p>La cocina integral es un sue\u00f1o para cualquier chef, dise\u00f1ada para inspirar creaciones culinarias, complementada por tres alacenas muy amplias que garantizan un almacenamiento excepcional y una organizaci\u00f3n impecable. La propiedad incluye un pr\u00e1ctico patio de ropas y un cuarto de servicio con ba\u00f1o, pensando en cada detalle de su comodidad. Para los amantes del aire libre y las reuniones sociales, una generosa zona de BBQ espe&#8221;<\/p>\n","protected":false},"excerpt":{"rendered":"&#8220;Descubra esta impresionante propiedad, una joya arquitect\u00f3nica disponible tanto para...","protected":false},"author":7846,"featured_media":232634,"template":"","es_locations":[91,579,2772],"es_categories":[124],"es_types":[115],"es_rent_periods":[],"es_labels":[],"es_statuses":[],"es_parkings":[],"es_roofs":[],"es_exterior_materials":[],"es_basements":[],"es_floor_coverings":[],"es_features":[150,132,2212,2263,2145,2402,134,133,2147,2148,2312,2512,2331,151,2225,2196,136,2149,2179,2282,145,2203,2216,2220,2180,2133,2181,2182,2167,2135,143,2136,144,2437,2376,2306,2151,2185,2152,2204],"es_amenities":[2387,2186,2217,2269,2153,2401,2313,2154,2156,2157,2314,2513,2332,2270,2250,2197,2158,2159,154,2287,2160,2208,156,2221,157,158,159,2171,2142,2290,2143,161,2289,2438,2377,2308,162,2173,2162,2209],"es_neighborhoods":[],"es_tags":[],"class_list":["post-232631","properties","type-properties","status-publish","has-post-thumbnail","hentry","es_location-cundinamarca","es_location-la-calera","es_location-vereda-san-jose","es_category-arriendo","es_type-casas","es_feature-alarma","es_feature-balcon","es_feature-bano-auxiliar","es_feature-barra-estilo-americano","es_feature-calentador","es_feature-cancha-de-tennis","es_feature-chimenea","es_feature-citofono","es_feature-cocina-tipo-americano","es_feature-colegios-universidades","es_feature-comedor-auxiliar","es_feature-cuarto-de-conductores","es_feature-cuarto-de-servicio","es_feature-deposito-bodega","es_feature-despensa","es_feature-en-conjunto-cerrado","es_feature-estudio","es_feature-garajes","es_feature-gimnasio","es_feature-hall-de-alcobas","es_feature-instalacion-de-gas","es_feature-jardines-exteriores","es_feature-parqueadero-visitantes","es_feature-patio","es_feature-piscina","es_feature-porteria-recepcion","es_feature-porteria-vigilancia","es_feature-salon-comunal","es_feature-sauna-turco-jacuzzi","es_feature-sobre-via-principal","es_feature-terraza","es_feature-trans-publico-cercano","es_feature-vista-panoramica","es_feature-vivienda-bifamiliar","es_feature-vivienda-multifamiliar","es_feature-zona-campestre","es_feature-zona-de-lavanderia","es_feature-zona-infantil","es_feature-zona-residencial","es_feature-zonas-verdes","es_amenity-alarma","es_amenity-balcon","es_amenity-bano-auxiliar","es_amenity-barra-estilo-americano","es_amenity-calentador","es_amenity-cancha-de-tennis","es_amenity-chimenea","es_amenity-citofono","es_amenity-cocina-tipo-americano","es_amenity-colegios-universidades","es_amenity-comedor-auxiliar","es_amenity-cuarto-de-conductores","es_amenity-cuarto-de-servicio","es_amenity-deposito-bodega","es_amenity-despensa","es_amenity-en-conjunto-cerrado","es_amenity-estudio","es_amenity-garajes","es_amenity-gimnasio","es_amenity-hall-de-alcobas","es_amenity-instalacion-de-gas","es_amenity-jardines-exteriores","es_amenity-parqueadero-visitantes","es_amenity-patio","es_amenity-piscina","es_amenity-porteria-recepcion","es_amenity-salon-comunal","es_amenity-sauna-turco-jacuzzi","es_amenity-sobre-via-principal","es_amenity-terraza","es_amenity-trans-publico-cercano","es_amenity-vigilancia-24-7","es_amenity-vista-panoramica","es_amenity-vivienda-bifamiliar","es_amenity-vivienda-multifamiliar","es_amenity-zona-campestre","es_amenity-zona-de-lavanderia","es_amenity-zona-infantil","es_amenity-zona-residencial","es_amenity-zonas-verdes","es-post-entity"],"_links":{"self":[{"href":"https:\/\/arriendo.com\/co\/wp-json\/wp\/v2\/properties\/232631","targetHints":{"allow":["GET"]}}],"collection":[{"href":"https:\/\/arriendo.com\/co\/wp-json\/wp\/v2\/properties"}],"about":[{"href":"https:\/\/arriendo.com\/co\/wp-json\/wp\/v2\/types\/properties"}],"author":[{"embeddable":true,"href":"https:\/\/arriendo.com\/co\/wp-json\/wp\/v2\/users\/7846"}],"version-history":[{"count":0,"href":"https:\/\/arriendo.com\/co\/wp-json\/wp\/v2\/properties\/232631\/revisions"}],"wp:featuredmedia":[{"embeddable":true,"href":"https:\/\/arriendo.com\/co\/wp-json\/wp\/v2\/media\/232634"}],"wp:attachment":[{"href":"https:\/\/arriendo.com\/co\/wp-json\/wp\/v2\/media?parent=232631"}],"wp:term":[{"taxonomy":"es_location","embeddable":true,"href":"https:\/\/arriendo.com\/co\/wp-json\/wp\/v2\/es_locations?post=232631"},{"taxonomy":"es_category","embeddable":true,"href":"https:\/\/arriendo.com\/co\/wp-json\/wp\/v2\/es_categories?post=232631"},{"taxonomy":"es_type","embeddable":true,"href":"https:\/\/arriendo.com\/co\/wp-json\/wp\/v2\/es_types?post=232631"},{"taxonomy":"es_rent_period","embeddable":true,"href":"https:\/\/arriendo.com\/co\/wp-json\/wp\/v2\/es_rent_periods?post=232631"},{"taxonomy":"es_label","embeddable":true,"href":"https:\/\/arriendo.com\/co\/wp-json\/wp\/v2\/es_labels?post=232631"},{"taxonomy":"es_status","embeddable":true,"href":"https:\/\/arriendo.com\/co\/wp-json\/wp\/v2\/es_statuses?post=232631"},{"taxonomy":"es_parking","embeddable":true,"href":"https:\/\/arriendo.com\/co\/wp-json\/wp\/v2\/es_parkings?post=232631"},{"taxonomy":"es_roof","embeddable":true,"href":"https:\/\/arriendo.com\/co\/wp-json\/wp\/v2\/es_roofs?post=232631"},{"taxonomy":"es_exterior_material","embeddable":true,"href":"https:\/\/arriendo.com\/co\/wp-json\/wp\/v2\/es_exterior_materials?post=232631"},{"taxonomy":"es_basement","embeddable":true,"href":"https:\/\/arriendo.com\/co\/wp-json\/wp\/v2\/es_basements?post=232631"},{"taxonomy":"es_floor_covering","embeddable":true,"href":"https:\/\/arriendo.com\/co\/wp-json\/wp\/v2\/es_floor_coverings?post=232631"},{"taxonomy":"es_feature","embeddable":true,"href":"https:\/\/arriendo.com\/co\/wp-json\/wp\/v2\/es_features?post=232631"},{"taxonomy":"es_amenity","embeddable":true,"href":"https:\/\/arriendo.com\/co\/wp-json\/wp\/v2\/es_amenities?post=232631"},{"taxonomy":"es_neighborhood","embeddable":true,"href":"https:\/\/arriendo.com\/co\/wp-json\/wp\/v2\/es_neighborhoods?post=232631"},{"taxonomy":"es_tag","embeddable":true,"href":"https:\/\/arriendo.com\/co\/wp-json\/wp\/v2\/es_tags?post=232631"}],"curies":[{"name":"wp","href":"https:\/\/api.w.org\/{rel}","templated":true}]}}

<p>&#8220;Descubra esta impresionante propiedad, una joya arquitectónica disponible tanto para venta como para arrendamiento, que redefine el concepto de lujo y comodidad en su máxima expresión. Con un precio de venta de $1.750.000.000 COP y un canon de arrendamiento de $7.000.000 COP (administración incluida), esta residencia ofrece una oportunidad inigualable para vivir el estilo de vida que siempre ha soñado.</p>
<p>La casa deslumbra con 4 amplias habitaciones, cada una concebida como un santuario privado, equipada con su propio walking closet, baño privado y una terraza que invita a la relajación y al disfrute de vistas serenas. Sumérjase en un oasis personal con un jacuzzi integrado en uno de los baños, prometiendo momentos de puro bienestar. Los espacios sociales son igualmente cautivadores: una elegante sala, un comedor espacioso y una sala de espera equipada con un sofisticado bar y cocineta, perfecta para entretener a sus invitados con estilo. La chimenea a gas añade un toque de calidez y sofisticación, creando ambientes acogedores y memorables.</p>
<p>La cocina integral es un sueño para cualquier chef, diseñada para inspirar creaciones culinarias, complementada por tres alacenas muy amplias que garantizan un almacenamiento excepcional y una organización impecable. La propiedad incluye un práctico patio de ropas y un cuarto de servicio con baño, pensando en cada detalle de su comodidad. Para los amantes del aire libre y las reuniones sociales, una generosa zona de BBQ espe&#8221;</p>

&#8220;Descubra esta impresionante propiedad, una joya arquitectónica disponible tanto para...
