{"id":232505,"date":"2026-01-27T14:03:59","date_gmt":"2026-01-27T19:03:59","guid":{"rendered":"https:\/\/arriendo.com\/co\/%es_type%\/%address_city%\/%neighborhood%\/bucaramanga-cabecera-del-llano-apartamento-en-arriendo-en-f02064\/"},"modified":"2026-01-27T14:03:59","modified_gmt":"2026-01-27T19:03:59","slug":"AR-232505","status":"publish","type":"properties","link":"https:\/\/arriendo.com\/co\/apartamentos\/bucaramanga\/cabecera-del-llano\/AR-232505\/","title":{"rendered":"Apartamento en Arriendo en Cabecera del llano, Bucaramanga"},"content":{"rendered":"<p>Se Arrienda Apartamento en Cabecera del Llano \u2013 123 m\u00b2<br \/>\nUbicado en uno de los sectores m\u00e1s exclusivos y c\u00e9ntricos de la ciudad, con f\u00e1cil acceso a v\u00edas principales y cerca de todo lo que necesitas.<\/p>\n<p>Caracter\u00edsticas del apartamento:  3 habitaciones + habitaci\u00f3n de servicio, 3 ba\u00f1os, Sala \u2013 comedor amplia, Cocina integral y espaciosa, Zona de ropas, Terraza con hermosa vista,  2 parqueaderos. Un lugar c\u00f3modo, moderno y con espacios ideales para disfrutar en familia, en la mejor zona de la ciudad.<\/p>\n<p> Agenda tu visita y enam\u00f3rate de este apartamento.<\/p>\n","protected":false},"excerpt":{"rendered":"Se Arrienda Apartamento en Cabecera del Llano \u2013 123 m\u00b2...","protected":false},"author":7792,"featured_media":232508,"template":"","es_locations":[175,176,104],"es_categories":[124],"es_types":[114],"es_rent_periods":[],"es_labels":[],"es_statuses":[],"es_parkings":[],"es_roofs":[],"es_exterior_materials":[],"es_basements":[],"es_floor_coverings":[],"es_features":[131,132,2212,2145,133,2146,2148,2312,2331,151,2196,136,2149,2282,145,2132,2220,2272,2133,2181,2182,2135,2150,143,2136,144,2137,2151,2152],"es_amenities":[152,2186,2217,2153,2154,2155,2157,2314,2332,2270,2197,2158,2159,2287,2160,2140,2221,2273,158,159,2142,2161,2290,2143,161,2289,2144,162,2162],"es_neighborhoods":[],"es_tags":[],"class_list":["post-232505","properties","type-properties","status-publish","has-post-thumbnail","hentry","es_location-bucaramanga","es_location-cabecera-del-llano","es_location-santander","es_category-arriendo","es_type-apartamentos","es_feature-ascensor","es_feature-balcon","es_feature-bano-auxiliar","es_feature-calentador","es_feature-citofono","es_feature-cocina-integral","es_feature-colegios-universidades","es_feature-comedor-auxiliar","es_feature-cuarto-de-servicio","es_feature-deposito-bodega","es_feature-en-conjunto-cerrado","es_feature-estudio","es_feature-garajes","es_feature-hall-de-alcobas","es_feature-instalacion-de-gas","es_feature-parques-cercanos","es_feature-patio","es_feature-piso-en-baldosa-marmol","es_feature-porteria-recepcion","es_feature-porteria-vigilancia","es_feature-salon-comunal","es_feature-sobre-via-principal","es_feature-supermercados-c-comerciales","es_feature-terraza","es_feature-trans-publico-cercano","es_feature-vista-panoramica","es_feature-zona-comercial","es_feature-zona-de-lavanderia","es_feature-zona-residencial","es_amenity-ascensor-privado","es_amenity-balcon","es_amenity-bano-auxiliar","es_amenity-calentador","es_amenity-citofono","es_amenity-cocina-integral","es_amenity-colegios-universidades","es_amenity-comedor-auxiliar","es_amenity-cuarto-de-servicio","es_amenity-deposito-bodega","es_amenity-en-conjunto-cerrado","es_amenity-estudio","es_amenity-garajes","es_amenity-hall-de-alcobas","es_amenity-instalacion-de-gas","es_amenity-parques-cercanos","es_amenity-patio","es_amenity-piso-en-baldosa-marmol","es_amenity-porteria-recepcion","es_amenity-salon-comunal","es_amenity-sobre-via-principal","es_amenity-supermercados-c-comerciales","es_amenity-terraza","es_amenity-trans-publico-cercano","es_amenity-vigilancia-24-7","es_amenity-vista-panoramica","es_amenity-zona-comercial","es_amenity-zona-de-lavanderia","es_amenity-zona-residencial","es-post-entity"],"_links":{"self":[{"href":"https:\/\/arriendo.com\/co\/wp-json\/wp\/v2\/properties\/232505","targetHints":{"allow":["GET"]}}],"collection":[{"href":"https:\/\/arriendo.com\/co\/wp-json\/wp\/v2\/properties"}],"about":[{"href":"https:\/\/arriendo.com\/co\/wp-json\/wp\/v2\/types\/properties"}],"author":[{"embeddable":true,"href":"https:\/\/arriendo.com\/co\/wp-json\/wp\/v2\/users\/7792"}],"version-history":[{"count":0,"href":"https:\/\/arriendo.com\/co\/wp-json\/wp\/v2\/properties\/232505\/revisions"}],"wp:featuredmedia":[{"embeddable":true,"href":"https:\/\/arriendo.com\/co\/wp-json\/wp\/v2\/media\/232508"}],"wp:attachment":[{"href":"https:\/\/arriendo.com\/co\/wp-json\/wp\/v2\/media?parent=232505"}],"wp:term":[{"taxonomy":"es_location","embeddable":true,"href":"https:\/\/arriendo.com\/co\/wp-json\/wp\/v2\/es_locations?post=232505"},{"taxonomy":"es_category","embeddable":true,"href":"https:\/\/arriendo.com\/co\/wp-json\/wp\/v2\/es_categories?post=232505"},{"taxonomy":"es_type","embeddable":true,"href":"https:\/\/arriendo.com\/co\/wp-json\/wp\/v2\/es_types?post=232505"},{"taxonomy":"es_rent_period","embeddable":true,"href":"https:\/\/arriendo.com\/co\/wp-json\/wp\/v2\/es_rent_periods?post=232505"},{"taxonomy":"es_label","embeddable":true,"href":"https:\/\/arriendo.com\/co\/wp-json\/wp\/v2\/es_labels?post=232505"},{"taxonomy":"es_status","embeddable":true,"href":"https:\/\/arriendo.com\/co\/wp-json\/wp\/v2\/es_statuses?post=232505"},{"taxonomy":"es_parking","embeddable":true,"href":"https:\/\/arriendo.com\/co\/wp-json\/wp\/v2\/es_parkings?post=232505"},{"taxonomy":"es_roof","embeddable":true,"href":"https:\/\/arriendo.com\/co\/wp-json\/wp\/v2\/es_roofs?post=232505"},{"taxonomy":"es_exterior_material","embeddable":true,"href":"https:\/\/arriendo.com\/co\/wp-json\/wp\/v2\/es_exterior_materials?post=232505"},{"taxonomy":"es_basement","embeddable":true,"href":"https:\/\/arriendo.com\/co\/wp-json\/wp\/v2\/es_basements?post=232505"},{"taxonomy":"es_floor_covering","embeddable":true,"href":"https:\/\/arriendo.com\/co\/wp-json\/wp\/v2\/es_floor_coverings?post=232505"},{"taxonomy":"es_feature","embeddable":true,"href":"https:\/\/arriendo.com\/co\/wp-json\/wp\/v2\/es_features?post=232505"},{"taxonomy":"es_amenity","embeddable":true,"href":"https:\/\/arriendo.com\/co\/wp-json\/wp\/v2\/es_amenities?post=232505"},{"taxonomy":"es_neighborhood","embeddable":true,"href":"https:\/\/arriendo.com\/co\/wp-json\/wp\/v2\/es_neighborhoods?post=232505"},{"taxonomy":"es_tag","embeddable":true,"href":"https:\/\/arriendo.com\/co\/wp-json\/wp\/v2\/es_tags?post=232505"}],"curies":[{"name":"wp","href":"https:\/\/api.w.org\/{rel}","templated":true}]}}

<p>Se Arrienda Apartamento en Cabecera del Llano – 123 m²<br />
Ubicado en uno de los sectores más exclusivos y céntricos de la ciudad, con fácil acceso a vías principales y cerca de todo lo que necesitas.</p>
<p>Características del apartamento:  3 habitaciones + habitación de servicio, 3 baños, Sala – comedor amplia, Cocina integral y espaciosa, Zona de ropas, Terraza con hermosa vista,  2 parqueaderos. Un lugar cómodo, moderno y con espacios ideales para disfrutar en familia, en la mejor zona de la ciudad.</p>
<p> Agenda tu visita y enamórate de este apartamento.</p>
