{"id":232454,"date":"2026-01-27T13:59:30","date_gmt":"2026-01-27T18:59:30","guid":{"rendered":"https:\/\/arriendo.com\/co\/%es_type%\/%address_city%\/%neighborhood%\/bucaramanga-la-concordia-oficina-en-arriendo-en-279dfe\/"},"modified":"2026-01-27T13:59:30","modified_gmt":"2026-01-27T18:59:30","slug":"AR-232454","status":"publish","type":"properties","link":"https:\/\/arriendo.com\/co\/oficinas\/bucaramanga\/la-concordia\/AR-232454\/","title":{"rendered":"Oficina en Arriendo en La concordia, Bucaramanga"},"content":{"rendered":"<p>ARRIENDO OFICINAS TOTALMENTE AMOBLADAS Y ZONA DE BODEGA O PARQUEADERO.<br \/>\nLa Concordia<br \/>\nARERA CONSTRUIDA 117 M2.<br \/>\nESTRATO 4<\/p>\n<p>DESTINACION: O\ufb01cinas y bodega.<br \/>\nCaracter\u00edsticas: 5 \u00e1reas de trabajo con escritorios y sillas, Zona de cafeter\u00eda, 3 ba\u00f1os totalmente terminados, Zona de bodega o parqueadero, Zona de mezanine para archivo o bodega, C\u00e1maras de video interna y externamente para monitoreo 24\/7, Red de voz y datos en 4 puntos, Planta telef\u00f3nica para salida en cada \u00e1rea de trabajo, Garaje con apertura autom\u00e1tica y satelital.<\/p>\n<p>Ubicada en La Concordia, zona estrat\u00e9gica y de f\u00e1cil acceso.<br \/>\nIdeal para oficinas administrativas, empresas de servicios o como bodega con \u00e1rea de trabajo.<\/p>\n<p>Cont\u00e1ctanos para m\u00e1s informaci\u00f3n o agendar una visita.<\/p>\n","protected":false},"excerpt":{"rendered":"ARRIENDO OFICINAS TOTALMENTE AMOBLADAS Y ZONA DE BODEGA O PARQUEADERO....","protected":false},"author":7792,"featured_media":232457,"template":"","es_locations":[175,574,104],"es_categories":[124],"es_types":[116],"es_rent_periods":[],"es_labels":[],"es_statuses":[],"es_parkings":[],"es_roofs":[],"es_exterior_materials":[],"es_basements":[],"es_floor_coverings":[],"es_features":[2328,2213,2442,2178,2132,2272,2134,2135,2239,2136,2137,2300,2152],"es_amenities":[2330,2218,2443,2193,2140,2273,2141,2142,2256,2143,2144,2301,2162],"es_neighborhoods":[],"es_tags":[],"class_list":["post-232454","properties","type-properties","status-publish","has-post-thumbnail","hentry","es_location-bucaramanga","es_location-la-concordia","es_location-santander","es_category-arriendo","es_type-oficinas","es_feature-banos-mixtos","es_feature-comedor","es_feature-en-casa","es_feature-garaje-cubierto","es_feature-parques-cercanos","es_feature-piso-en-baldosa-marmol","es_feature-servicios-publicos","es_feature-sobre-via-principal","es_feature-sobre-via-secundaria","es_feature-trans-publico-cercano","es_feature-zona-comercial","es_feature-zona-industrial","es_feature-zona-residencial","es_amenity-banos-mixtos","es_amenity-comedor","es_amenity-en-casa","es_amenity-garaje-cubierto","es_amenity-parques-cercanos","es_amenity-piso-en-baldosa-marmol","es_amenity-servicios-publicos","es_amenity-sobre-via-principal","es_amenity-sobre-via-secundaria","es_amenity-trans-publico-cercano","es_amenity-zona-comercial","es_amenity-zona-industrial","es_amenity-zona-residencial","es-post-entity"],"_links":{"self":[{"href":"https:\/\/arriendo.com\/co\/wp-json\/wp\/v2\/properties\/232454","targetHints":{"allow":["GET"]}}],"collection":[{"href":"https:\/\/arriendo.com\/co\/wp-json\/wp\/v2\/properties"}],"about":[{"href":"https:\/\/arriendo.com\/co\/wp-json\/wp\/v2\/types\/properties"}],"author":[{"embeddable":true,"href":"https:\/\/arriendo.com\/co\/wp-json\/wp\/v2\/users\/7792"}],"version-history":[{"count":0,"href":"https:\/\/arriendo.com\/co\/wp-json\/wp\/v2\/properties\/232454\/revisions"}],"wp:featuredmedia":[{"embeddable":true,"href":"https:\/\/arriendo.com\/co\/wp-json\/wp\/v2\/media\/232457"}],"wp:attachment":[{"href":"https:\/\/arriendo.com\/co\/wp-json\/wp\/v2\/media?parent=232454"}],"wp:term":[{"taxonomy":"es_location","embeddable":true,"href":"https:\/\/arriendo.com\/co\/wp-json\/wp\/v2\/es_locations?post=232454"},{"taxonomy":"es_category","embeddable":true,"href":"https:\/\/arriendo.com\/co\/wp-json\/wp\/v2\/es_categories?post=232454"},{"taxonomy":"es_type","embeddable":true,"href":"https:\/\/arriendo.com\/co\/wp-json\/wp\/v2\/es_types?post=232454"},{"taxonomy":"es_rent_period","embeddable":true,"href":"https:\/\/arriendo.com\/co\/wp-json\/wp\/v2\/es_rent_periods?post=232454"},{"taxonomy":"es_label","embeddable":true,"href":"https:\/\/arriendo.com\/co\/wp-json\/wp\/v2\/es_labels?post=232454"},{"taxonomy":"es_status","embeddable":true,"href":"https:\/\/arriendo.com\/co\/wp-json\/wp\/v2\/es_statuses?post=232454"},{"taxonomy":"es_parking","embeddable":true,"href":"https:\/\/arriendo.com\/co\/wp-json\/wp\/v2\/es_parkings?post=232454"},{"taxonomy":"es_roof","embeddable":true,"href":"https:\/\/arriendo.com\/co\/wp-json\/wp\/v2\/es_roofs?post=232454"},{"taxonomy":"es_exterior_material","embeddable":true,"href":"https:\/\/arriendo.com\/co\/wp-json\/wp\/v2\/es_exterior_materials?post=232454"},{"taxonomy":"es_basement","embeddable":true,"href":"https:\/\/arriendo.com\/co\/wp-json\/wp\/v2\/es_basements?post=232454"},{"taxonomy":"es_floor_covering","embeddable":true,"href":"https:\/\/arriendo.com\/co\/wp-json\/wp\/v2\/es_floor_coverings?post=232454"},{"taxonomy":"es_feature","embeddable":true,"href":"https:\/\/arriendo.com\/co\/wp-json\/wp\/v2\/es_features?post=232454"},{"taxonomy":"es_amenity","embeddable":true,"href":"https:\/\/arriendo.com\/co\/wp-json\/wp\/v2\/es_amenities?post=232454"},{"taxonomy":"es_neighborhood","embeddable":true,"href":"https:\/\/arriendo.com\/co\/wp-json\/wp\/v2\/es_neighborhoods?post=232454"},{"taxonomy":"es_tag","embeddable":true,"href":"https:\/\/arriendo.com\/co\/wp-json\/wp\/v2\/es_tags?post=232454"}],"curies":[{"name":"wp","href":"https:\/\/api.w.org\/{rel}","templated":true}]}}

<p>ARRIENDO OFICINAS TOTALMENTE AMOBLADAS Y ZONA DE BODEGA O PARQUEADERO.<br />
La Concordia<br />
ARERA CONSTRUIDA 117 M2.<br />
ESTRATO 4</p>
<p>DESTINACION: Oﬁcinas y bodega.<br />
Características: 5 áreas de trabajo con escritorios y sillas, Zona de cafetería, 3 baños totalmente terminados, Zona de bodega o parqueadero, Zona de mezanine para archivo o bodega, Cámaras de video interna y externamente para monitoreo 24/7, Red de voz y datos en 4 puntos, Planta telefónica para salida en cada área de trabajo, Garaje con apertura automática y satelital.</p>
<p>Ubicada en La Concordia, zona estratégica y de fácil acceso.<br />
Ideal para oficinas administrativas, empresas de servicios o como bodega con área de trabajo.</p>
<p>Contáctanos para más información o agendar una visita.</p>
