{"id":232250,"date":"2026-01-27T13:40:58","date_gmt":"2026-01-27T18:40:58","guid":{"rendered":"https:\/\/arriendo.com\/co\/%es_type%\/%address_city%\/%neighborhood%\/cota-pueblo-viejo-apartamento-en-arriendo-en-a6c741\/"},"modified":"2026-01-27T13:40:58","modified_gmt":"2026-01-27T18:40:58","slug":"AR-232250","status":"publish","type":"properties","link":"https:\/\/arriendo.com\/co\/apartamentos\/cota\/pueblo-viejo\/AR-232250\/","title":{"rendered":"Apartamento en Arriendo en Pueblo viejo, Cota"},"content":{"rendered":"<p>? \u00a1Arriendo hermoso apartaestudio amoblado! ?\ufe0f\u2728<\/p>\n<p>? Excelente ubicaci\u00f3n \u2013 Zona tranquila y segura<br \/>\n?\ufe0f 1 habitaci\u00f3n<br \/>\n? 1 ba\u00f1o<br \/>\n?\ufe0f Sala acogedora<br \/>\n?\ufe0f Cocina integral equipada<br \/>\n? Zona de lavander\u00eda con secadora<br \/>\n? Parqueadero para veh\u00edculo<\/p>\n<p>???? Servicios incluidos: agua, luz, gas e internet<\/p>\n<p>? Cita previa para visitarlo<br \/>\n? \u00a1Cont\u00e1ctame para m\u00e1s informaci\u00f3n!<\/p>\n","protected":false},"excerpt":{"rendered":"? \u00a1Arriendo hermoso apartaestudio amoblado! ?\ufe0f\u2728 ? Excelente ubicaci\u00f3n \u2013...","protected":false},"author":7722,"featured_media":232253,"template":"","es_locations":[540,91,914],"es_categories":[124],"es_types":[114],"es_rent_periods":[],"es_labels":[],"es_statuses":[],"es_parkings":[],"es_roofs":[],"es_exterior_materials":[],"es_basements":[],"es_floor_coverings":[],"es_features":[2262,2145,2146,145,2132,2135,2150,2136,2151,2152,2204],"es_amenities":[2267,2153,2155,2160,2140,2142,2161,2143,162,2162,2209],"es_neighborhoods":[],"es_tags":[],"class_list":["post-232250","properties","type-properties","status-publish","has-post-thumbnail","hentry","es_location-cota","es_location-cundinamarca","es_location-pueblo-viejo","es_category-arriendo","es_type-apartamentos","es_feature-amoblado","es_feature-calentador","es_feature-cocina-integral","es_feature-instalacion-de-gas","es_feature-parques-cercanos","es_feature-sobre-via-principal","es_feature-supermercados-c-comerciales","es_feature-trans-publico-cercano","es_feature-zona-de-lavanderia","es_feature-zona-residencial","es_feature-zonas-verdes","es_amenity-amoblado","es_amenity-calentador","es_amenity-cocina-integral","es_amenity-instalacion-de-gas","es_amenity-parques-cercanos","es_amenity-sobre-via-principal","es_amenity-supermercados-c-comerciales","es_amenity-trans-publico-cercano","es_amenity-zona-de-lavanderia","es_amenity-zona-residencial","es_amenity-zonas-verdes","es-post-entity"],"_links":{"self":[{"href":"https:\/\/arriendo.com\/co\/wp-json\/wp\/v2\/properties\/232250","targetHints":{"allow":["GET"]}}],"collection":[{"href":"https:\/\/arriendo.com\/co\/wp-json\/wp\/v2\/properties"}],"about":[{"href":"https:\/\/arriendo.com\/co\/wp-json\/wp\/v2\/types\/properties"}],"author":[{"embeddable":true,"href":"https:\/\/arriendo.com\/co\/wp-json\/wp\/v2\/users\/7722"}],"version-history":[{"count":0,"href":"https:\/\/arriendo.com\/co\/wp-json\/wp\/v2\/properties\/232250\/revisions"}],"wp:featuredmedia":[{"embeddable":true,"href":"https:\/\/arriendo.com\/co\/wp-json\/wp\/v2\/media\/232253"}],"wp:attachment":[{"href":"https:\/\/arriendo.com\/co\/wp-json\/wp\/v2\/media?parent=232250"}],"wp:term":[{"taxonomy":"es_location","embeddable":true,"href":"https:\/\/arriendo.com\/co\/wp-json\/wp\/v2\/es_locations?post=232250"},{"taxonomy":"es_category","embeddable":true,"href":"https:\/\/arriendo.com\/co\/wp-json\/wp\/v2\/es_categories?post=232250"},{"taxonomy":"es_type","embeddable":true,"href":"https:\/\/arriendo.com\/co\/wp-json\/wp\/v2\/es_types?post=232250"},{"taxonomy":"es_rent_period","embeddable":true,"href":"https:\/\/arriendo.com\/co\/wp-json\/wp\/v2\/es_rent_periods?post=232250"},{"taxonomy":"es_label","embeddable":true,"href":"https:\/\/arriendo.com\/co\/wp-json\/wp\/v2\/es_labels?post=232250"},{"taxonomy":"es_status","embeddable":true,"href":"https:\/\/arriendo.com\/co\/wp-json\/wp\/v2\/es_statuses?post=232250"},{"taxonomy":"es_parking","embeddable":true,"href":"https:\/\/arriendo.com\/co\/wp-json\/wp\/v2\/es_parkings?post=232250"},{"taxonomy":"es_roof","embeddable":true,"href":"https:\/\/arriendo.com\/co\/wp-json\/wp\/v2\/es_roofs?post=232250"},{"taxonomy":"es_exterior_material","embeddable":true,"href":"https:\/\/arriendo.com\/co\/wp-json\/wp\/v2\/es_exterior_materials?post=232250"},{"taxonomy":"es_basement","embeddable":true,"href":"https:\/\/arriendo.com\/co\/wp-json\/wp\/v2\/es_basements?post=232250"},{"taxonomy":"es_floor_covering","embeddable":true,"href":"https:\/\/arriendo.com\/co\/wp-json\/wp\/v2\/es_floor_coverings?post=232250"},{"taxonomy":"es_feature","embeddable":true,"href":"https:\/\/arriendo.com\/co\/wp-json\/wp\/v2\/es_features?post=232250"},{"taxonomy":"es_amenity","embeddable":true,"href":"https:\/\/arriendo.com\/co\/wp-json\/wp\/v2\/es_amenities?post=232250"},{"taxonomy":"es_neighborhood","embeddable":true,"href":"https:\/\/arriendo.com\/co\/wp-json\/wp\/v2\/es_neighborhoods?post=232250"},{"taxonomy":"es_tag","embeddable":true,"href":"https:\/\/arriendo.com\/co\/wp-json\/wp\/v2\/es_tags?post=232250"}],"curies":[{"name":"wp","href":"https:\/\/api.w.org\/{rel}","templated":true}]}}

<p>? ¡Arriendo hermoso apartaestudio amoblado! ?️✨</p>
<p>? Excelente ubicación – Zona tranquila y segura<br />
?️ 1 habitación<br />
? 1 baño<br />
?️ Sala acogedora<br />
?️ Cocina integral equipada<br />
? Zona de lavandería con secadora<br />
? Parqueadero para vehículo</p>
<p>???? Servicios incluidos: agua, luz, gas e internet</p>
<p>? Cita previa para visitarlo<br />
? ¡Contáctame para más información!</p>

? ¡Arriendo hermoso apartaestudio amoblado! ?️✨ ? Excelente ubicación –...
