{"id":232136,"date":"2026-01-27T13:26:58","date_gmt":"2026-01-27T18:26:58","guid":{"rendered":"https:\/\/arriendo.com\/co\/%es_type%\/%address_city%\/%neighborhood%\/pereira-ciudadela-villa-de-leyva-ii-local-en-arriendo-en-256c7f\/"},"modified":"2026-01-27T13:26:58","modified_gmt":"2026-01-27T18:26:58","slug":"AR-232136","status":"publish","type":"properties","link":"https:\/\/arriendo.com\/co\/locales\/pereira\/ciudadela-villa-de-leyva-ii\/AR-232136\/","title":{"rendered":"Local en Arriendo en Ciudadela villa de leyva ii, Pereira"},"content":{"rendered":"<p>Tu negocio debe estar Aqui.   Se trata de un local en Arriendo. Este inmueble se encuentra en Pereira, en una zona  comercial y residencial, ideal para potenciar tu marca y aumentar tus ingresos.<\/p>\n<p>El local tiene un \u00e1rea construida de 22.0, perfecto para adaptarlo a tus necesidades y hacer que tu negocio crezca. Cuenta con 1 ba\u00f1o, ideal para ofrecer comodidad a tus clientes o empleados. Adem\u00e1s, tiene todas las instalaciones de servicios b\u00e1sicos como agua y electricidad. Recuerda que el uso del Suelo, lo debes de tramitar  y solicitar el arrendatario. <\/p>\n<p>La ubicaci\u00f3n exterior de este local te brinda una excelente exposici\u00f3n y visibilidad para tu negocio. Est\u00e1 en una zona comercial, lo que te permitir\u00e1 captar la atenci\u00f3n de una gran cantidad de clientes potenciales. Adem\u00e1s, est\u00e1 en una zona residencial, lo que te asegura un flujo constante de clientes locales. .  Perfecto para Panader\u00eda .Caf\u00e9 al Paso,  Gastro Bar, Comidas R\u00e1pidas. Y mucho m\u00e1s<\/p>\n","protected":false},"excerpt":{"rendered":"Tu negocio debe estar Aqui. Se trata de un local...","protected":false},"author":7664,"featured_media":232139,"template":"","es_locations":[2769,231,102],"es_categories":[124],"es_types":[117],"es_rent_periods":[],"es_labels":[],"es_statuses":[],"es_parkings":[],"es_roofs":[],"es_exterior_materials":[],"es_basements":[],"es_floor_coverings":[],"es_features":[2265,2302,2176,2216,2132,2181,2135,2228,2241,2242,2137,2152],"es_amenities":[2268,2303,2191,156,2140,2142,2258,161,2259,2260,2144,2162],"es_neighborhoods":[],"es_tags":[],"class_list":["post-232136","properties","type-properties","status-publish","has-post-thumbnail","hentry","es_location-ciudadela-villa-de-leyva-ii","es_location-pereira","es_location-risaralda","es_category-arriendo","es_type-locales","es_feature-bahia-exterior-de-parqueo","es_feature-cocineta","es_feature-en-zona-residencial","es_feature-parqueadero-visitantes","es_feature-parques-cercanos","es_feature-porteria-vigilancia","es_feature-sobre-via-principal","es_feature-ventilacion-natural","es_feature-vigilancia-24x7","es_feature-vigilancia-privada-247","es_feature-zona-comercial","es_feature-zona-residencial","es_amenity-bahia-exterior-de-parqueo","es_amenity-cocineta","es_amenity-en-zona-residencial","es_amenity-parqueadero-visitantes","es_amenity-parques-cercanos","es_amenity-sobre-via-principal","es_amenity-ventilacion-natural","es_amenity-vigilancia-24-7","es_amenity-vigilancia-24x7","es_amenity-vigilancia-privada-247","es_amenity-zona-comercial","es_amenity-zona-residencial","es-post-entity"],"_links":{"self":[{"href":"https:\/\/arriendo.com\/co\/wp-json\/wp\/v2\/properties\/232136","targetHints":{"allow":["GET"]}}],"collection":[{"href":"https:\/\/arriendo.com\/co\/wp-json\/wp\/v2\/properties"}],"about":[{"href":"https:\/\/arriendo.com\/co\/wp-json\/wp\/v2\/types\/properties"}],"author":[{"embeddable":true,"href":"https:\/\/arriendo.com\/co\/wp-json\/wp\/v2\/users\/7664"}],"version-history":[{"count":0,"href":"https:\/\/arriendo.com\/co\/wp-json\/wp\/v2\/properties\/232136\/revisions"}],"wp:featuredmedia":[{"embeddable":true,"href":"https:\/\/arriendo.com\/co\/wp-json\/wp\/v2\/media\/232139"}],"wp:attachment":[{"href":"https:\/\/arriendo.com\/co\/wp-json\/wp\/v2\/media?parent=232136"}],"wp:term":[{"taxonomy":"es_location","embeddable":true,"href":"https:\/\/arriendo.com\/co\/wp-json\/wp\/v2\/es_locations?post=232136"},{"taxonomy":"es_category","embeddable":true,"href":"https:\/\/arriendo.com\/co\/wp-json\/wp\/v2\/es_categories?post=232136"},{"taxonomy":"es_type","embeddable":true,"href":"https:\/\/arriendo.com\/co\/wp-json\/wp\/v2\/es_types?post=232136"},{"taxonomy":"es_rent_period","embeddable":true,"href":"https:\/\/arriendo.com\/co\/wp-json\/wp\/v2\/es_rent_periods?post=232136"},{"taxonomy":"es_label","embeddable":true,"href":"https:\/\/arriendo.com\/co\/wp-json\/wp\/v2\/es_labels?post=232136"},{"taxonomy":"es_status","embeddable":true,"href":"https:\/\/arriendo.com\/co\/wp-json\/wp\/v2\/es_statuses?post=232136"},{"taxonomy":"es_parking","embeddable":true,"href":"https:\/\/arriendo.com\/co\/wp-json\/wp\/v2\/es_parkings?post=232136"},{"taxonomy":"es_roof","embeddable":true,"href":"https:\/\/arriendo.com\/co\/wp-json\/wp\/v2\/es_roofs?post=232136"},{"taxonomy":"es_exterior_material","embeddable":true,"href":"https:\/\/arriendo.com\/co\/wp-json\/wp\/v2\/es_exterior_materials?post=232136"},{"taxonomy":"es_basement","embeddable":true,"href":"https:\/\/arriendo.com\/co\/wp-json\/wp\/v2\/es_basements?post=232136"},{"taxonomy":"es_floor_covering","embeddable":true,"href":"https:\/\/arriendo.com\/co\/wp-json\/wp\/v2\/es_floor_coverings?post=232136"},{"taxonomy":"es_feature","embeddable":true,"href":"https:\/\/arriendo.com\/co\/wp-json\/wp\/v2\/es_features?post=232136"},{"taxonomy":"es_amenity","embeddable":true,"href":"https:\/\/arriendo.com\/co\/wp-json\/wp\/v2\/es_amenities?post=232136"},{"taxonomy":"es_neighborhood","embeddable":true,"href":"https:\/\/arriendo.com\/co\/wp-json\/wp\/v2\/es_neighborhoods?post=232136"},{"taxonomy":"es_tag","embeddable":true,"href":"https:\/\/arriendo.com\/co\/wp-json\/wp\/v2\/es_tags?post=232136"}],"curies":[{"name":"wp","href":"https:\/\/api.w.org\/{rel}","templated":true}]}}

<p>Tu negocio debe estar Aqui.   Se trata de un local en Arriendo. Este inmueble se encuentra en Pereira, en una zona  comercial y residencial, ideal para potenciar tu marca y aumentar tus ingresos.</p>
<p>El local tiene un área construida de 22.0, perfecto para adaptarlo a tus necesidades y hacer que tu negocio crezca. Cuenta con 1 baño, ideal para ofrecer comodidad a tus clientes o empleados. Además, tiene todas las instalaciones de servicios básicos como agua y electricidad. Recuerda que el uso del Suelo, lo debes de tramitar  y solicitar el arrendatario. </p>
<p>La ubicación exterior de este local te brinda una excelente exposición y visibilidad para tu negocio. Está en una zona comercial, lo que te permitirá captar la atención de una gran cantidad de clientes potenciales. Además, está en una zona residencial, lo que te asegura un flujo constante de clientes locales. .  Perfecto para Panadería .Café al Paso,  Gastro Bar, Comidas Rápidas. Y mucho más</p>
