{"id":232121,"date":"2026-01-27T13:25:58","date_gmt":"2026-01-27T18:25:58","guid":{"rendered":"https:\/\/arriendo.com\/co\/%es_type%\/%address_city%\/%neighborhood%\/dosquebradas-sector-plaza-de-bolivar-oficina-en-arriendo-en-6e3b7b\/"},"modified":"2026-01-27T13:25:59","modified_gmt":"2026-01-27T18:25:59","slug":"AR-232121","status":"publish","type":"properties","link":"https:\/\/arriendo.com\/co\/oficinas\/dosquebradas\/sector-plaza-de-bolivar\/AR-232121\/","title":{"rendered":"Oficina en Arriendo en Sector plaza de bolivar, Dosquebradas"},"content":{"rendered":"<p>Se arrienda oficina del edificio m\u00e1s emblem\u00e1tico de la ciudad de Pereira en pleno centro plaza de Bol\u00edvar de Pereira, Oficina de 53 m con cocineta ba\u00f1o privado, frenta a  la plaza de Bol\u00edvar, pleno centro de la ciudad,  quinto piso, con ascensor y parqueadero privado<\/p>\n","protected":false},"excerpt":{"rendered":"Se arrienda oficina del edificio m\u00e1s emblem\u00e1tico de la ciudad...","protected":false},"author":7664,"featured_media":232124,"template":"","es_locations":[727,102,2704],"es_categories":[124],"es_types":[116],"es_rent_periods":[],"es_labels":[],"es_statuses":[],"es_parkings":[],"es_roofs":[],"es_exterior_materials":[],"es_basements":[],"es_floor_coverings":[],"es_features":[131,2149,2370,2133,2181,2136],"es_amenities":[152,2159,2371,158,2143,161],"es_neighborhoods":[],"es_tags":[],"class_list":["post-232121","properties","type-properties","status-publish","has-post-thumbnail","hentry","es_location-dosquebradas","es_location-risaralda","es_location-sector-plaza-de-bolivar","es_category-arriendo","es_type-oficinas","es_feature-ascensor","es_feature-garajes","es_feature-oficina-de-negocios","es_feature-porteria-recepcion","es_feature-porteria-vigilancia","es_feature-trans-publico-cercano","es_amenity-ascensor-privado","es_amenity-garajes","es_amenity-oficina-de-negocios","es_amenity-porteria-recepcion","es_amenity-trans-publico-cercano","es_amenity-vigilancia-24-7","es-post-entity"],"_links":{"self":[{"href":"https:\/\/arriendo.com\/co\/wp-json\/wp\/v2\/properties\/232121","targetHints":{"allow":["GET"]}}],"collection":[{"href":"https:\/\/arriendo.com\/co\/wp-json\/wp\/v2\/properties"}],"about":[{"href":"https:\/\/arriendo.com\/co\/wp-json\/wp\/v2\/types\/properties"}],"author":[{"embeddable":true,"href":"https:\/\/arriendo.com\/co\/wp-json\/wp\/v2\/users\/7664"}],"version-history":[{"count":0,"href":"https:\/\/arriendo.com\/co\/wp-json\/wp\/v2\/properties\/232121\/revisions"}],"wp:featuredmedia":[{"embeddable":true,"href":"https:\/\/arriendo.com\/co\/wp-json\/wp\/v2\/media\/232124"}],"wp:attachment":[{"href":"https:\/\/arriendo.com\/co\/wp-json\/wp\/v2\/media?parent=232121"}],"wp:term":[{"taxonomy":"es_location","embeddable":true,"href":"https:\/\/arriendo.com\/co\/wp-json\/wp\/v2\/es_locations?post=232121"},{"taxonomy":"es_category","embeddable":true,"href":"https:\/\/arriendo.com\/co\/wp-json\/wp\/v2\/es_categories?post=232121"},{"taxonomy":"es_type","embeddable":true,"href":"https:\/\/arriendo.com\/co\/wp-json\/wp\/v2\/es_types?post=232121"},{"taxonomy":"es_rent_period","embeddable":true,"href":"https:\/\/arriendo.com\/co\/wp-json\/wp\/v2\/es_rent_periods?post=232121"},{"taxonomy":"es_label","embeddable":true,"href":"https:\/\/arriendo.com\/co\/wp-json\/wp\/v2\/es_labels?post=232121"},{"taxonomy":"es_status","embeddable":true,"href":"https:\/\/arriendo.com\/co\/wp-json\/wp\/v2\/es_statuses?post=232121"},{"taxonomy":"es_parking","embeddable":true,"href":"https:\/\/arriendo.com\/co\/wp-json\/wp\/v2\/es_parkings?post=232121"},{"taxonomy":"es_roof","embeddable":true,"href":"https:\/\/arriendo.com\/co\/wp-json\/wp\/v2\/es_roofs?post=232121"},{"taxonomy":"es_exterior_material","embeddable":true,"href":"https:\/\/arriendo.com\/co\/wp-json\/wp\/v2\/es_exterior_materials?post=232121"},{"taxonomy":"es_basement","embeddable":true,"href":"https:\/\/arriendo.com\/co\/wp-json\/wp\/v2\/es_basements?post=232121"},{"taxonomy":"es_floor_covering","embeddable":true,"href":"https:\/\/arriendo.com\/co\/wp-json\/wp\/v2\/es_floor_coverings?post=232121"},{"taxonomy":"es_feature","embeddable":true,"href":"https:\/\/arriendo.com\/co\/wp-json\/wp\/v2\/es_features?post=232121"},{"taxonomy":"es_amenity","embeddable":true,"href":"https:\/\/arriendo.com\/co\/wp-json\/wp\/v2\/es_amenities?post=232121"},{"taxonomy":"es_neighborhood","embeddable":true,"href":"https:\/\/arriendo.com\/co\/wp-json\/wp\/v2\/es_neighborhoods?post=232121"},{"taxonomy":"es_tag","embeddable":true,"href":"https:\/\/arriendo.com\/co\/wp-json\/wp\/v2\/es_tags?post=232121"}],"curies":[{"name":"wp","href":"https:\/\/api.w.org\/{rel}","templated":true}]}}

<p>Se arrienda oficina del edificio más emblemático de la ciudad de Pereira en pleno centro plaza de Bolívar de Pereira, Oficina de 53 m con cocineta baño privado, frenta a  la plaza de Bolívar, pleno centro de la ciudad,  quinto piso, con ascensor y parqueadero privado</p>

Se arrienda oficina del edificio más emblemático de la ciudad...
