{"id":232109,"date":"2026-01-27T13:24:57","date_gmt":"2026-01-27T18:24:57","guid":{"rendered":"https:\/\/arriendo.com\/co\/%es_type%\/%address_city%\/%neighborhood%\/pereira-los-alpes-apartaestudio-en-arriendo-en-9b72f3\/"},"modified":"2026-01-27T13:24:57","modified_gmt":"2026-01-27T18:24:57","slug":"AR-232109","status":"publish","type":"properties","link":"https:\/\/arriendo.com\/co\/apartaestudios\/pereira\/los-alpes\/AR-232109\/","title":{"rendered":"Apartaestudio en Arriendo en Los alpes, Pereira"},"content":{"rendered":"<p>Descubra la vida urbana en su m\u00e1xima expresi\u00f3n en este exclusivo apartaestudio de 47 m\u00b2 disponible para arriendo, estrat\u00e9gicamente ubicado en el prestigioso sector de Alpes, Pereira. Este moderno espacio ha sido dise\u00f1ado pensando en su confort y estilo de vida, ofreciendo una cocina integral de dise\u00f1o, una luminosa sala comedor ideal para el entretenimiento, una pr\u00e1ctica zona de ropas, y un encantador balc\u00f3n para disfrutar de las vistas. La privacidad est\u00e1 garantizada con un ba\u00f1o social y una habitaci\u00f3n independiente que incluye su propio ba\u00f1o privado y un espacioso vestier. Adem\u00e1s, cuenta con un conveniente parqueadero en s\u00f3tano.<\/p>\n<p>El edificio eleva la experiencia de vivir con una impresionante gama de amenidades de lujo: vigilancia privada 24 horas para su tranquilidad, un elegante sal\u00f3n social, un moderno espacio de coworking para profesionales, un gimnasio completamente dotado para mantenerse en forma, y un espectacular sol\u00e1rium en el piso 18 que ofrece vistas panor\u00e1micas inigualables de toda la ciudad, ideal para relajarse y socializar. Este apartaestudio no es solo un lugar para vivir, es un estilo de vida.<\/p>\n","protected":false},"excerpt":{"rendered":"Descubra la vida urbana en su m\u00e1xima expresi\u00f3n en este...","protected":false},"author":7664,"featured_media":232112,"template":"","es_locations":[2768,231,102],"es_categories":[124],"es_types":[299],"es_rent_periods":[],"es_labels":[],"es_statuses":[],"es_parkings":[],"es_roofs":[],"es_exterior_materials":[],"es_basements":[],"es_floor_coverings":[],"es_features":[131,132,2263,2145,2131,2146,2148,2196,2149,2179,145,2132,2272,2133,2181,2182,2150,2136,144,2151,2152],"es_amenities":[152,2186,2269,2153,2139,2155,2157,2197,2159,154,2160,2140,2273,158,159,2161,2143,161,2289,162,2162],"es_neighborhoods":[],"es_tags":[],"class_list":["post-232109","properties","type-properties","status-publish","has-post-thumbnail","hentry","es_location-los-alpes","es_location-pereira","es_location-risaralda","es_category-arriendo","es_type-apartaestudios","es_feature-ascensor","es_feature-balcon","es_feature-barra-estilo-americano","es_feature-calentador","es_feature-circuito-cerrado-de-tv","es_feature-cocina-integral","es_feature-colegios-universidades","es_feature-en-conjunto-cerrado","es_feature-garajes","es_feature-gimnasio","es_feature-instalacion-de-gas","es_feature-parques-cercanos","es_feature-piso-en-baldosa-marmol","es_feature-porteria-recepcion","es_feature-porteria-vigilancia","es_feature-salon-comunal","es_feature-supermercados-c-comerciales","es_feature-trans-publico-cercano","es_feature-vista-panoramica","es_feature-zona-de-lavanderia","es_feature-zona-residencial","es_amenity-ascensor-privado","es_amenity-balcon","es_amenity-barra-estilo-americano","es_amenity-calentador","es_amenity-circuito-cerrado-de-tv","es_amenity-cocina-integral","es_amenity-colegios-universidades","es_amenity-en-conjunto-cerrado","es_amenity-garajes","es_amenity-gimnasio","es_amenity-instalacion-de-gas","es_amenity-parques-cercanos","es_amenity-piso-en-baldosa-marmol","es_amenity-porteria-recepcion","es_amenity-salon-comunal","es_amenity-supermercados-c-comerciales","es_amenity-trans-publico-cercano","es_amenity-vigilancia-24-7","es_amenity-vista-panoramica","es_amenity-zona-de-lavanderia","es_amenity-zona-residencial","es-post-entity"],"_links":{"self":[{"href":"https:\/\/arriendo.com\/co\/wp-json\/wp\/v2\/properties\/232109","targetHints":{"allow":["GET"]}}],"collection":[{"href":"https:\/\/arriendo.com\/co\/wp-json\/wp\/v2\/properties"}],"about":[{"href":"https:\/\/arriendo.com\/co\/wp-json\/wp\/v2\/types\/properties"}],"author":[{"embeddable":true,"href":"https:\/\/arriendo.com\/co\/wp-json\/wp\/v2\/users\/7664"}],"version-history":[{"count":0,"href":"https:\/\/arriendo.com\/co\/wp-json\/wp\/v2\/properties\/232109\/revisions"}],"wp:featuredmedia":[{"embeddable":true,"href":"https:\/\/arriendo.com\/co\/wp-json\/wp\/v2\/media\/232112"}],"wp:attachment":[{"href":"https:\/\/arriendo.com\/co\/wp-json\/wp\/v2\/media?parent=232109"}],"wp:term":[{"taxonomy":"es_location","embeddable":true,"href":"https:\/\/arriendo.com\/co\/wp-json\/wp\/v2\/es_locations?post=232109"},{"taxonomy":"es_category","embeddable":true,"href":"https:\/\/arriendo.com\/co\/wp-json\/wp\/v2\/es_categories?post=232109"},{"taxonomy":"es_type","embeddable":true,"href":"https:\/\/arriendo.com\/co\/wp-json\/wp\/v2\/es_types?post=232109"},{"taxonomy":"es_rent_period","embeddable":true,"href":"https:\/\/arriendo.com\/co\/wp-json\/wp\/v2\/es_rent_periods?post=232109"},{"taxonomy":"es_label","embeddable":true,"href":"https:\/\/arriendo.com\/co\/wp-json\/wp\/v2\/es_labels?post=232109"},{"taxonomy":"es_status","embeddable":true,"href":"https:\/\/arriendo.com\/co\/wp-json\/wp\/v2\/es_statuses?post=232109"},{"taxonomy":"es_parking","embeddable":true,"href":"https:\/\/arriendo.com\/co\/wp-json\/wp\/v2\/es_parkings?post=232109"},{"taxonomy":"es_roof","embeddable":true,"href":"https:\/\/arriendo.com\/co\/wp-json\/wp\/v2\/es_roofs?post=232109"},{"taxonomy":"es_exterior_material","embeddable":true,"href":"https:\/\/arriendo.com\/co\/wp-json\/wp\/v2\/es_exterior_materials?post=232109"},{"taxonomy":"es_basement","embeddable":true,"href":"https:\/\/arriendo.com\/co\/wp-json\/wp\/v2\/es_basements?post=232109"},{"taxonomy":"es_floor_covering","embeddable":true,"href":"https:\/\/arriendo.com\/co\/wp-json\/wp\/v2\/es_floor_coverings?post=232109"},{"taxonomy":"es_feature","embeddable":true,"href":"https:\/\/arriendo.com\/co\/wp-json\/wp\/v2\/es_features?post=232109"},{"taxonomy":"es_amenity","embeddable":true,"href":"https:\/\/arriendo.com\/co\/wp-json\/wp\/v2\/es_amenities?post=232109"},{"taxonomy":"es_neighborhood","embeddable":true,"href":"https:\/\/arriendo.com\/co\/wp-json\/wp\/v2\/es_neighborhoods?post=232109"},{"taxonomy":"es_tag","embeddable":true,"href":"https:\/\/arriendo.com\/co\/wp-json\/wp\/v2\/es_tags?post=232109"}],"curies":[{"name":"wp","href":"https:\/\/api.w.org\/{rel}","templated":true}]}}

<p>Descubra la vida urbana en su máxima expresión en este exclusivo apartaestudio de 47 m² disponible para arriendo, estratégicamente ubicado en el prestigioso sector de Alpes, Pereira. Este moderno espacio ha sido diseñado pensando en su confort y estilo de vida, ofreciendo una cocina integral de diseño, una luminosa sala comedor ideal para el entretenimiento, una práctica zona de ropas, y un encantador balcón para disfrutar de las vistas. La privacidad está garantizada con un baño social y una habitación independiente que incluye su propio baño privado y un espacioso vestier. Además, cuenta con un conveniente parqueadero en sótano.</p>
<p>El edificio eleva la experiencia de vivir con una impresionante gama de amenidades de lujo: vigilancia privada 24 horas para su tranquilidad, un elegante salón social, un moderno espacio de coworking para profesionales, un gimnasio completamente dotado para mantenerse en forma, y un espectacular solárium en el piso 18 que ofrece vistas panorámicas inigualables de toda la ciudad, ideal para relajarse y socializar. Este apartaestudio no es solo un lugar para vivir, es un estilo de vida.</p>

Descubra la vida urbana en su máxima expresión en este...
