{"id":232092,"date":"2026-01-27T13:23:57","date_gmt":"2026-01-27T18:23:57","guid":{"rendered":"https:\/\/arriendo.com\/co\/%es_type%\/%address_city%\/%neighborhood%\/pereira-maraya-casa-en-arriendo-en-dbcb6e\/"},"modified":"2026-01-27T13:23:57","modified_gmt":"2026-01-27T18:23:57","slug":"AR-232092","status":"publish","type":"properties","link":"https:\/\/arriendo.com\/co\/casas\/pereira\/maraya\/AR-232092\/","title":{"rendered":"Casa en Arriendo en Maraya, Pereira"},"content":{"rendered":"<p>Esta amplia  casa para alquiler se encuentra ubicada en la ciudad de Pereira, barrio Maraya Con un \u00e1rea construida de 400. metros cuadrados, aproximadamente, perfecta para que tu empresa o negocio desarrolle su actividad en espacios generosos. <\/p>\n<p>La casa cuenta con 4 amplias alcobas, 3 ba\u00f1os con ducha y 1 ba\u00f1o social. Sala muy amplia,  comedor integrado con la cocina tambi\u00e9n de un espacio muy generoso ,  un espacio. Para estudio o sala  audiovisual,  y no decir del patio interior, con \u00e1rboles y zona verde lo que le dec\u00edamos a\u00f1os atr\u00e1s SOLAR espectacular para tener contacto con la naturaleza al aire libre. <\/p>\n<p>En cuanto a las caracter\u00edsticas externas, esta casa est\u00e1 ubicada en una zona privilegiada, cerca a restaurantes y tiendas de barrio, donde podr\u00e1s encontrar todo lo que necesitas a pocos pasos  Adem\u00e1s, se encuentra cerca de colegios y universidades  Tambi\u00e9n podr\u00e1s encontrar zonas comerciales cercanas como Alkosto, Homecenter, Prismer, a tan solo 10 minutos del Aeropuerto, en fin todo cerca. Cont\u00e1ctanos hoy y haz realidad tu sue\u00f1o de vivir en una de las ciudades m\u00e1s hermosas de Colombia.<\/p>\n<p>El valor del canon es mas IVA<\/p>\n","protected":false},"excerpt":{"rendered":"Esta amplia casa para alquiler se encuentra ubicada en la...","protected":false},"author":7664,"featured_media":232095,"template":"","es_locations":[2767,231,102],"es_categories":[124],"es_types":[115],"es_rent_periods":[],"es_labels":[],"es_statuses":[],"es_parkings":[],"es_roofs":[],"es_exterior_materials":[],"es_basements":[],"es_floor_coverings":[],"es_features":[2147,2148,2312,136,2149,2136,2137,2152],"es_amenities":[2156,2157,2314,2158,2159,2143,2144,2162],"es_neighborhoods":[],"es_tags":[],"class_list":["post-232092","properties","type-properties","status-publish","has-post-thumbnail","hentry","es_location-maraya","es_location-pereira","es_location-risaralda","es_category-arriendo","es_type-casas","es_feature-cocina-tipo-americano","es_feature-colegios-universidades","es_feature-comedor-auxiliar","es_feature-estudio","es_feature-garajes","es_feature-trans-publico-cercano","es_feature-zona-comercial","es_feature-zona-residencial","es_amenity-cocina-tipo-americano","es_amenity-colegios-universidades","es_amenity-comedor-auxiliar","es_amenity-estudio","es_amenity-garajes","es_amenity-trans-publico-cercano","es_amenity-zona-comercial","es_amenity-zona-residencial","es-post-entity"],"_links":{"self":[{"href":"https:\/\/arriendo.com\/co\/wp-json\/wp\/v2\/properties\/232092","targetHints":{"allow":["GET"]}}],"collection":[{"href":"https:\/\/arriendo.com\/co\/wp-json\/wp\/v2\/properties"}],"about":[{"href":"https:\/\/arriendo.com\/co\/wp-json\/wp\/v2\/types\/properties"}],"author":[{"embeddable":true,"href":"https:\/\/arriendo.com\/co\/wp-json\/wp\/v2\/users\/7664"}],"version-history":[{"count":0,"href":"https:\/\/arriendo.com\/co\/wp-json\/wp\/v2\/properties\/232092\/revisions"}],"wp:featuredmedia":[{"embeddable":true,"href":"https:\/\/arriendo.com\/co\/wp-json\/wp\/v2\/media\/232095"}],"wp:attachment":[{"href":"https:\/\/arriendo.com\/co\/wp-json\/wp\/v2\/media?parent=232092"}],"wp:term":[{"taxonomy":"es_location","embeddable":true,"href":"https:\/\/arriendo.com\/co\/wp-json\/wp\/v2\/es_locations?post=232092"},{"taxonomy":"es_category","embeddable":true,"href":"https:\/\/arriendo.com\/co\/wp-json\/wp\/v2\/es_categories?post=232092"},{"taxonomy":"es_type","embeddable":true,"href":"https:\/\/arriendo.com\/co\/wp-json\/wp\/v2\/es_types?post=232092"},{"taxonomy":"es_rent_period","embeddable":true,"href":"https:\/\/arriendo.com\/co\/wp-json\/wp\/v2\/es_rent_periods?post=232092"},{"taxonomy":"es_label","embeddable":true,"href":"https:\/\/arriendo.com\/co\/wp-json\/wp\/v2\/es_labels?post=232092"},{"taxonomy":"es_status","embeddable":true,"href":"https:\/\/arriendo.com\/co\/wp-json\/wp\/v2\/es_statuses?post=232092"},{"taxonomy":"es_parking","embeddable":true,"href":"https:\/\/arriendo.com\/co\/wp-json\/wp\/v2\/es_parkings?post=232092"},{"taxonomy":"es_roof","embeddable":true,"href":"https:\/\/arriendo.com\/co\/wp-json\/wp\/v2\/es_roofs?post=232092"},{"taxonomy":"es_exterior_material","embeddable":true,"href":"https:\/\/arriendo.com\/co\/wp-json\/wp\/v2\/es_exterior_materials?post=232092"},{"taxonomy":"es_basement","embeddable":true,"href":"https:\/\/arriendo.com\/co\/wp-json\/wp\/v2\/es_basements?post=232092"},{"taxonomy":"es_floor_covering","embeddable":true,"href":"https:\/\/arriendo.com\/co\/wp-json\/wp\/v2\/es_floor_coverings?post=232092"},{"taxonomy":"es_feature","embeddable":true,"href":"https:\/\/arriendo.com\/co\/wp-json\/wp\/v2\/es_features?post=232092"},{"taxonomy":"es_amenity","embeddable":true,"href":"https:\/\/arriendo.com\/co\/wp-json\/wp\/v2\/es_amenities?post=232092"},{"taxonomy":"es_neighborhood","embeddable":true,"href":"https:\/\/arriendo.com\/co\/wp-json\/wp\/v2\/es_neighborhoods?post=232092"},{"taxonomy":"es_tag","embeddable":true,"href":"https:\/\/arriendo.com\/co\/wp-json\/wp\/v2\/es_tags?post=232092"}],"curies":[{"name":"wp","href":"https:\/\/api.w.org\/{rel}","templated":true}]}}

<p>Esta amplia  casa para alquiler se encuentra ubicada en la ciudad de Pereira, barrio Maraya Con un área construida de 400. metros cuadrados, aproximadamente, perfecta para que tu empresa o negocio desarrolle su actividad en espacios generosos. </p>
<p>La casa cuenta con 4 amplias alcobas, 3 baños con ducha y 1 baño social. Sala muy amplia,  comedor integrado con la cocina también de un espacio muy generoso ,  un espacio. Para estudio o sala  audiovisual,  y no decir del patio interior, con árboles y zona verde lo que le decíamos años atrás SOLAR espectacular para tener contacto con la naturaleza al aire libre. </p>
<p>En cuanto a las características externas, esta casa está ubicada en una zona privilegiada, cerca a restaurantes y tiendas de barrio, donde podrás encontrar todo lo que necesitas a pocos pasos  Además, se encuentra cerca de colegios y universidades  También podrás encontrar zonas comerciales cercanas como Alkosto, Homecenter, Prismer, a tan solo 10 minutos del Aeropuerto, en fin todo cerca. Contáctanos hoy y haz realidad tu sueño de vivir en una de las ciudades más hermosas de Colombia.</p>
<p>El valor del canon es mas IVA</p>
