{"id":232075,"date":"2026-01-27T13:21:58","date_gmt":"2026-01-27T18:21:58","guid":{"rendered":"https:\/\/arriendo.com\/co\/%es_type%\/%address_city%\/%neighborhood%\/pereira-cerritos-apartamento-en-arriendo-en-62e24d\/"},"modified":"2026-01-27T13:21:58","modified_gmt":"2026-01-27T18:21:58","slug":"AR-232075","status":"publish","type":"properties","link":"https:\/\/arriendo.com\/co\/apartamentos\/pereira\/cerritos\/AR-232075\/","title":{"rendered":"Apartamento en Arriendo en Cerritos, Pereira"},"content":{"rendered":"<p>Se arrienda apartamento en conjunto cerrado, Asturias Sector, Cerritos Pereira, cerca al hotel Hilton, a tan s\u00f3lo 20 minutos del aeropuerto internacional Mateca\u00f1a, a 15 minutos del centro comercial, Unicentro, zona de reconocidos, centros comerciales y Mall de Comidas , Zona social en construcci\u00f3n, el apartamento consta de tres habitaciones, la alcoba principal, con vestier y ba\u00f1o privado, un ba\u00f1o de alcobas, un ba\u00f1o social, cocina, integral, zona de ropas, independiente, sala, comedor amplia, espacio para estudio, balc\u00f3n, amplio, con una espectacular vista al horizonte, al apartamento le corresponden dos parqueaderos, cubiertos y cuarto \u00fatil.   En el Valor del canon esta incluido la administracion.<\/p>\n","protected":false},"excerpt":{"rendered":"Se arrienda apartamento en conjunto cerrado, Asturias Sector, Cerritos Pereira,...","protected":false},"author":7664,"featured_media":232078,"template":"","es_locations":[232,231,102],"es_categories":[124],"es_types":[114],"es_rent_periods":[],"es_labels":[],"es_statuses":[],"es_parkings":[],"es_roofs":[],"es_exterior_materials":[],"es_basements":[],"es_floor_coverings":[],"es_features":[131,132,2212,2263,2145,2211,2147,2148,151,2196,136,2216,2181,144,2306,2152,2204],"es_amenities":[152,2186,2217,2269,2153,2210,2156,2157,2270,2197,2158,156,161,2289,2308,2162,2209],"es_neighborhoods":[],"es_tags":[],"class_list":["post-232075","properties","type-properties","status-publish","has-post-thumbnail","hentry","es_location-cerritos","es_location-pereira","es_location-risaralda","es_category-arriendo","es_type-apartamentos","es_feature-ascensor","es_feature-balcon","es_feature-bano-auxiliar","es_feature-barra-estilo-americano","es_feature-calentador","es_feature-canchas-deportivas","es_feature-cocina-tipo-americano","es_feature-colegios-universidades","es_feature-deposito-bodega","es_feature-en-conjunto-cerrado","es_feature-estudio","es_feature-parqueadero-visitantes","es_feature-porteria-vigilancia","es_feature-vista-panoramica","es_feature-zona-campestre","es_feature-zona-residencial","es_feature-zonas-verdes","es_amenity-ascensor-privado","es_amenity-balcon","es_amenity-bano-auxiliar","es_amenity-barra-estilo-americano","es_amenity-calentador","es_amenity-canchas-deportivas","es_amenity-cocina-tipo-americano","es_amenity-colegios-universidades","es_amenity-deposito-bodega","es_amenity-en-conjunto-cerrado","es_amenity-estudio","es_amenity-parqueadero-visitantes","es_amenity-vigilancia-24-7","es_amenity-vista-panoramica","es_amenity-zona-campestre","es_amenity-zona-residencial","es_amenity-zonas-verdes","es-post-entity"],"_links":{"self":[{"href":"https:\/\/arriendo.com\/co\/wp-json\/wp\/v2\/properties\/232075","targetHints":{"allow":["GET"]}}],"collection":[{"href":"https:\/\/arriendo.com\/co\/wp-json\/wp\/v2\/properties"}],"about":[{"href":"https:\/\/arriendo.com\/co\/wp-json\/wp\/v2\/types\/properties"}],"author":[{"embeddable":true,"href":"https:\/\/arriendo.com\/co\/wp-json\/wp\/v2\/users\/7664"}],"version-history":[{"count":0,"href":"https:\/\/arriendo.com\/co\/wp-json\/wp\/v2\/properties\/232075\/revisions"}],"wp:featuredmedia":[{"embeddable":true,"href":"https:\/\/arriendo.com\/co\/wp-json\/wp\/v2\/media\/232078"}],"wp:attachment":[{"href":"https:\/\/arriendo.com\/co\/wp-json\/wp\/v2\/media?parent=232075"}],"wp:term":[{"taxonomy":"es_location","embeddable":true,"href":"https:\/\/arriendo.com\/co\/wp-json\/wp\/v2\/es_locations?post=232075"},{"taxonomy":"es_category","embeddable":true,"href":"https:\/\/arriendo.com\/co\/wp-json\/wp\/v2\/es_categories?post=232075"},{"taxonomy":"es_type","embeddable":true,"href":"https:\/\/arriendo.com\/co\/wp-json\/wp\/v2\/es_types?post=232075"},{"taxonomy":"es_rent_period","embeddable":true,"href":"https:\/\/arriendo.com\/co\/wp-json\/wp\/v2\/es_rent_periods?post=232075"},{"taxonomy":"es_label","embeddable":true,"href":"https:\/\/arriendo.com\/co\/wp-json\/wp\/v2\/es_labels?post=232075"},{"taxonomy":"es_status","embeddable":true,"href":"https:\/\/arriendo.com\/co\/wp-json\/wp\/v2\/es_statuses?post=232075"},{"taxonomy":"es_parking","embeddable":true,"href":"https:\/\/arriendo.com\/co\/wp-json\/wp\/v2\/es_parkings?post=232075"},{"taxonomy":"es_roof","embeddable":true,"href":"https:\/\/arriendo.com\/co\/wp-json\/wp\/v2\/es_roofs?post=232075"},{"taxonomy":"es_exterior_material","embeddable":true,"href":"https:\/\/arriendo.com\/co\/wp-json\/wp\/v2\/es_exterior_materials?post=232075"},{"taxonomy":"es_basement","embeddable":true,"href":"https:\/\/arriendo.com\/co\/wp-json\/wp\/v2\/es_basements?post=232075"},{"taxonomy":"es_floor_covering","embeddable":true,"href":"https:\/\/arriendo.com\/co\/wp-json\/wp\/v2\/es_floor_coverings?post=232075"},{"taxonomy":"es_feature","embeddable":true,"href":"https:\/\/arriendo.com\/co\/wp-json\/wp\/v2\/es_features?post=232075"},{"taxonomy":"es_amenity","embeddable":true,"href":"https:\/\/arriendo.com\/co\/wp-json\/wp\/v2\/es_amenities?post=232075"},{"taxonomy":"es_neighborhood","embeddable":true,"href":"https:\/\/arriendo.com\/co\/wp-json\/wp\/v2\/es_neighborhoods?post=232075"},{"taxonomy":"es_tag","embeddable":true,"href":"https:\/\/arriendo.com\/co\/wp-json\/wp\/v2\/es_tags?post=232075"}],"curies":[{"name":"wp","href":"https:\/\/api.w.org\/{rel}","templated":true}]}}

<p>Se arrienda apartamento en conjunto cerrado, Asturias Sector, Cerritos Pereira, cerca al hotel Hilton, a tan sólo 20 minutos del aeropuerto internacional Matecaña, a 15 minutos del centro comercial, Unicentro, zona de reconocidos, centros comerciales y Mall de Comidas , Zona social en construcción, el apartamento consta de tres habitaciones, la alcoba principal, con vestier y baño privado, un baño de alcobas, un baño social, cocina, integral, zona de ropas, independiente, sala, comedor amplia, espacio para estudio, balcón, amplio, con una espectacular vista al horizonte, al apartamento le corresponden dos parqueaderos, cubiertos y cuarto útil.   En el Valor del canon esta incluido la administracion.</p>
