{"id":231873,"date":"2026-01-27T12:59:28","date_gmt":"2026-01-27T17:59:28","guid":{"rendered":"https:\/\/arriendo.com\/co\/%es_type%\/%address_city%\/%neighborhood%\/barrancabermeja-cardales-local-en-arriendo-en-0eaefd\/"},"modified":"2026-01-27T12:59:29","modified_gmt":"2026-01-27T17:59:29","slug":"AR-231873","status":"publish","type":"properties","link":"https:\/\/arriendo.com\/co\/locales\/barrancabermeja\/cardales\/AR-231873\/","title":{"rendered":"Local en Arriendo en Cardales, Barrancabermeja"},"content":{"rendered":"<p>Arriendo en BARRANCABERMEJA Locales &#8211; En el coraz\u00f3n del Comercio <\/p>\n<p>El \u00c1tico Plaza es un peque\u00f1o centro comercial que se termin\u00f3 de construir en 2023, fue dise\u00f1ado buscando ventilaci\u00f3n, claridad y comodidad, todo bajo un dise\u00f1o industrial, muy actual en las grandes urbes; pensado principalmente para el funcionamiento de peque\u00f1os comercios u oficinas.<\/p>\n<p>Direcci\u00f3n: Calle 50 No. 8B-29 en Barrancabermeja <\/p>\n<p>Ubicaci\u00f3n:<br \/>\nEstamos ubicados sobre la Calle 50 con Carrera 8B, pleno sector comercial de Barranca, frente al Palacio de Justicia y Fiscal\u00eda, entre las dos Notar\u00edas, puerta con puerta con la Notar\u00eda 2a, a espalda de los mejores hoteles de la ciudad, a media cuadra del CPC (Centro Popular de Comercio), a una Cuadra y media del Centro Comercial Super Estrella y a 2 cuadras del \u00c9xito <\/p>\n<p>El \u00c1tico Plaza consta de 11 locales, de los cuales hay 5 alquilados, en ellos funciona: una cafeter\u00eda (Coffee City), una papeler\u00eda, un distribuidor de Herbalife, una oficina de contadores,  un servicio t\u00e9cnico IPhone, quedando disponibles para arrendamiento 7 locales.<\/p>\n<p> 1420-437<\/p>\n","protected":false},"excerpt":{"rendered":"Arriendo en BARRANCABERMEJA Locales &#8211; En el coraz\u00f3n del Comercio...","protected":false},"author":7518,"featured_media":231876,"template":"","es_locations":[1977,2765,104],"es_categories":[124],"es_types":[117],"es_rent_periods":[],"es_labels":[],"es_statuses":[],"es_parkings":[],"es_roofs":[],"es_exterior_materials":[],"es_basements":[],"es_floor_coverings":[],"es_features":[],"es_amenities":[],"es_neighborhoods":[],"es_tags":[],"class_list":["post-231873","properties","type-properties","status-publish","has-post-thumbnail","hentry","es_location-barrancabermeja","es_location-cardales","es_location-santander","es_category-arriendo","es_type-locales","es-post-entity"],"_links":{"self":[{"href":"https:\/\/arriendo.com\/co\/wp-json\/wp\/v2\/properties\/231873","targetHints":{"allow":["GET"]}}],"collection":[{"href":"https:\/\/arriendo.com\/co\/wp-json\/wp\/v2\/properties"}],"about":[{"href":"https:\/\/arriendo.com\/co\/wp-json\/wp\/v2\/types\/properties"}],"author":[{"embeddable":true,"href":"https:\/\/arriendo.com\/co\/wp-json\/wp\/v2\/users\/7518"}],"version-history":[{"count":0,"href":"https:\/\/arriendo.com\/co\/wp-json\/wp\/v2\/properties\/231873\/revisions"}],"wp:featuredmedia":[{"embeddable":true,"href":"https:\/\/arriendo.com\/co\/wp-json\/wp\/v2\/media\/231876"}],"wp:attachment":[{"href":"https:\/\/arriendo.com\/co\/wp-json\/wp\/v2\/media?parent=231873"}],"wp:term":[{"taxonomy":"es_location","embeddable":true,"href":"https:\/\/arriendo.com\/co\/wp-json\/wp\/v2\/es_locations?post=231873"},{"taxonomy":"es_category","embeddable":true,"href":"https:\/\/arriendo.com\/co\/wp-json\/wp\/v2\/es_categories?post=231873"},{"taxonomy":"es_type","embeddable":true,"href":"https:\/\/arriendo.com\/co\/wp-json\/wp\/v2\/es_types?post=231873"},{"taxonomy":"es_rent_period","embeddable":true,"href":"https:\/\/arriendo.com\/co\/wp-json\/wp\/v2\/es_rent_periods?post=231873"},{"taxonomy":"es_label","embeddable":true,"href":"https:\/\/arriendo.com\/co\/wp-json\/wp\/v2\/es_labels?post=231873"},{"taxonomy":"es_status","embeddable":true,"href":"https:\/\/arriendo.com\/co\/wp-json\/wp\/v2\/es_statuses?post=231873"},{"taxonomy":"es_parking","embeddable":true,"href":"https:\/\/arriendo.com\/co\/wp-json\/wp\/v2\/es_parkings?post=231873"},{"taxonomy":"es_roof","embeddable":true,"href":"https:\/\/arriendo.com\/co\/wp-json\/wp\/v2\/es_roofs?post=231873"},{"taxonomy":"es_exterior_material","embeddable":true,"href":"https:\/\/arriendo.com\/co\/wp-json\/wp\/v2\/es_exterior_materials?post=231873"},{"taxonomy":"es_basement","embeddable":true,"href":"https:\/\/arriendo.com\/co\/wp-json\/wp\/v2\/es_basements?post=231873"},{"taxonomy":"es_floor_covering","embeddable":true,"href":"https:\/\/arriendo.com\/co\/wp-json\/wp\/v2\/es_floor_coverings?post=231873"},{"taxonomy":"es_feature","embeddable":true,"href":"https:\/\/arriendo.com\/co\/wp-json\/wp\/v2\/es_features?post=231873"},{"taxonomy":"es_amenity","embeddable":true,"href":"https:\/\/arriendo.com\/co\/wp-json\/wp\/v2\/es_amenities?post=231873"},{"taxonomy":"es_neighborhood","embeddable":true,"href":"https:\/\/arriendo.com\/co\/wp-json\/wp\/v2\/es_neighborhoods?post=231873"},{"taxonomy":"es_tag","embeddable":true,"href":"https:\/\/arriendo.com\/co\/wp-json\/wp\/v2\/es_tags?post=231873"}],"curies":[{"name":"wp","href":"https:\/\/api.w.org\/{rel}","templated":true}]}}

<p>Arriendo en BARRANCABERMEJA Locales &#8211; En el corazón del Comercio </p>
<p>El Ático Plaza es un pequeño centro comercial que se terminó de construir en 2023, fue diseñado buscando ventilación, claridad y comodidad, todo bajo un diseño industrial, muy actual en las grandes urbes; pensado principalmente para el funcionamiento de pequeños comercios u oficinas.</p>
<p>Dirección: Calle 50 No. 8B-29 en Barrancabermeja </p>
<p>Ubicación:<br />
Estamos ubicados sobre la Calle 50 con Carrera 8B, pleno sector comercial de Barranca, frente al Palacio de Justicia y Fiscalía, entre las dos Notarías, puerta con puerta con la Notaría 2a, a espalda de los mejores hoteles de la ciudad, a media cuadra del CPC (Centro Popular de Comercio), a una Cuadra y media del Centro Comercial Super Estrella y a 2 cuadras del Éxito </p>
<p>El Ático Plaza consta de 11 locales, de los cuales hay 5 alquilados, en ellos funciona: una cafetería (Coffee City), una papelería, un distribuidor de Herbalife, una oficina de contadores,  un servicio técnico IPhone, quedando disponibles para arrendamiento 7 locales.</p>
<p> 1420-437</p>

Arriendo en BARRANCABERMEJA Locales &#8211; En el corazón del Comercio...
