{"id":231857,"date":"2026-01-27T12:56:16","date_gmt":"2026-01-27T17:56:16","guid":{"rendered":"https:\/\/arriendo.com\/co\/%es_type%\/%address_city%\/%neighborhood%\/bucaramanga-cabecera-del-llano-casa-en-arriendo-02da11\/"},"modified":"2026-01-27T12:56:16","modified_gmt":"2026-01-27T17:56:16","slug":"AR-231857","status":"publish","type":"properties","link":"https:\/\/arriendo.com\/co\/casas\/bucaramanga\/cabecera-del-llano\/AR-231857\/","title":{"rendered":"Casa en  Arriendo en Cabecera del llano, Bucaramanga"},"content":{"rendered":"<p>Arriendo o Venta casa comercial Cabecera  BucaramangaCasa comercial ubicada en la carrera 33  44 &#8211; 27 en cabecera, zona de alta influencia peatonal y vehicular, zona residencial, cerca de parques, centros comerciales, supermercados, restaurantes, colegios, bancos y v\u00edas principales. Caracter\u00edsticas casa comercial, \u00e1rea de 526 m2, dos niveles, amplios espacios, 5 habitaciones, dos ba\u00f1os, 20 a\u00f1os de antigedad y 3 parqueaderos.ARRIENDO $12.000.000  IVA  VALOR VENTA $2.000.000.000pregunta por \u00e9l, bajo el c\u00f3digo Inmobiliario 1420-85 \u00a1Cont\u00e1ctanos! Agenda tu cita y con gusto te asesoramos.Contactos 3008006712Somos GRUPO ANDINO INMOBILIARIO, con nosotros tendr\u00e1s tus tr\u00e1mites m\u00e1s f\u00e1cil y r\u00e1pido. 1420-85<\/p>\n","protected":false},"excerpt":{"rendered":"Arriendo o Venta casa comercial Cabecera BucaramangaCasa comercial ubicada en...","protected":false},"author":7518,"featured_media":231860,"template":"","es_locations":[175,176,104],"es_categories":[124],"es_types":[115],"es_rent_periods":[],"es_labels":[],"es_statuses":[],"es_parkings":[],"es_roofs":[],"es_exterior_materials":[],"es_basements":[],"es_floor_coverings":[],"es_features":[2230,2336,2168,2265,2223,2130,2275,2224,2200,2293,2233,2148,2234,2442,2201,2176,2202,2317,2132,2133,2236,2238,2135,2150,2240,2136,2228,2137],"es_amenities":[2243,2339,2195,2268,2245,2138,2277,2247,2205,2295,2248,2157,2249,2443,2206,2191,2207,2318,2140,158,2253,2254,2142,2161,2257,2143,2258,2144],"es_neighborhoods":[],"es_tags":[],"class_list":["post-231857","properties","type-properties","status-publish","has-post-thumbnail","hentry","es_location-bucaramanga","es_location-cabecera-del-llano","es_location-santander","es_category-arriendo","es_type-casas","es_feature-alcantarillado","es_feature-altura-libre","es_feature-area-urbana","es_feature-bahia-exterior-de-parqueo","es_feature-bano-compartido","es_feature-banos-comunales","es_feature-bombas-de-gasolina","es_feature-cableado-de-red","es_feature-cerca-a-sector-comercial","es_feature-cerca-centro-comercial","es_feature-cerca-de-zona-urbana","es_feature-colegios-universidades","es_feature-comodas-vias-de-acceso","es_feature-en-casa","es_feature-en-zona-comercial","es_feature-en-zona-residencial","es_feature-garaje-parqueaderos","es_feature-mezzanine","es_feature-parques-cercanos","es_feature-porteria-recepcion","es_feature-restaurantes","es_feature-servicios-independientes","es_feature-sobre-via-principal","es_feature-supermercados-c-comerciales","es_feature-todos-los-servicios","es_feature-trans-publico-cercano","es_feature-ventilacion-natural","es_feature-zona-comercial","es_amenity-alcantarillado","es_amenity-altura-libre","es_amenity-area-urbana","es_amenity-bahia-exterior-de-parqueo","es_amenity-bano-compartido","es_amenity-banos-comunales","es_amenity-bombas-de-gasolina","es_amenity-cableado-de-red","es_amenity-cerca-a-sector-comercial","es_amenity-cerca-centro-comercial","es_amenity-cerca-de-zona-urbana","es_amenity-colegios-universidades","es_amenity-comodas-vias-de-acceso","es_amenity-en-casa","es_amenity-en-zona-comercial","es_amenity-en-zona-residencial","es_amenity-garaje-parqueaderos","es_amenity-mezzanine","es_amenity-parques-cercanos","es_amenity-porteria-recepcion","es_amenity-restaurantes","es_amenity-servicios-independientes","es_amenity-sobre-via-principal","es_amenity-supermercados-c-comerciales","es_amenity-todos-los-servicios","es_amenity-trans-publico-cercano","es_amenity-ventilacion-natural","es_amenity-zona-comercial","es-post-entity"],"_links":{"self":[{"href":"https:\/\/arriendo.com\/co\/wp-json\/wp\/v2\/properties\/231857","targetHints":{"allow":["GET"]}}],"collection":[{"href":"https:\/\/arriendo.com\/co\/wp-json\/wp\/v2\/properties"}],"about":[{"href":"https:\/\/arriendo.com\/co\/wp-json\/wp\/v2\/types\/properties"}],"author":[{"embeddable":true,"href":"https:\/\/arriendo.com\/co\/wp-json\/wp\/v2\/users\/7518"}],"version-history":[{"count":0,"href":"https:\/\/arriendo.com\/co\/wp-json\/wp\/v2\/properties\/231857\/revisions"}],"wp:featuredmedia":[{"embeddable":true,"href":"https:\/\/arriendo.com\/co\/wp-json\/wp\/v2\/media\/231860"}],"wp:attachment":[{"href":"https:\/\/arriendo.com\/co\/wp-json\/wp\/v2\/media?parent=231857"}],"wp:term":[{"taxonomy":"es_location","embeddable":true,"href":"https:\/\/arriendo.com\/co\/wp-json\/wp\/v2\/es_locations?post=231857"},{"taxonomy":"es_category","embeddable":true,"href":"https:\/\/arriendo.com\/co\/wp-json\/wp\/v2\/es_categories?post=231857"},{"taxonomy":"es_type","embeddable":true,"href":"https:\/\/arriendo.com\/co\/wp-json\/wp\/v2\/es_types?post=231857"},{"taxonomy":"es_rent_period","embeddable":true,"href":"https:\/\/arriendo.com\/co\/wp-json\/wp\/v2\/es_rent_periods?post=231857"},{"taxonomy":"es_label","embeddable":true,"href":"https:\/\/arriendo.com\/co\/wp-json\/wp\/v2\/es_labels?post=231857"},{"taxonomy":"es_status","embeddable":true,"href":"https:\/\/arriendo.com\/co\/wp-json\/wp\/v2\/es_statuses?post=231857"},{"taxonomy":"es_parking","embeddable":true,"href":"https:\/\/arriendo.com\/co\/wp-json\/wp\/v2\/es_parkings?post=231857"},{"taxonomy":"es_roof","embeddable":true,"href":"https:\/\/arriendo.com\/co\/wp-json\/wp\/v2\/es_roofs?post=231857"},{"taxonomy":"es_exterior_material","embeddable":true,"href":"https:\/\/arriendo.com\/co\/wp-json\/wp\/v2\/es_exterior_materials?post=231857"},{"taxonomy":"es_basement","embeddable":true,"href":"https:\/\/arriendo.com\/co\/wp-json\/wp\/v2\/es_basements?post=231857"},{"taxonomy":"es_floor_covering","embeddable":true,"href":"https:\/\/arriendo.com\/co\/wp-json\/wp\/v2\/es_floor_coverings?post=231857"},{"taxonomy":"es_feature","embeddable":true,"href":"https:\/\/arriendo.com\/co\/wp-json\/wp\/v2\/es_features?post=231857"},{"taxonomy":"es_amenity","embeddable":true,"href":"https:\/\/arriendo.com\/co\/wp-json\/wp\/v2\/es_amenities?post=231857"},{"taxonomy":"es_neighborhood","embeddable":true,"href":"https:\/\/arriendo.com\/co\/wp-json\/wp\/v2\/es_neighborhoods?post=231857"},{"taxonomy":"es_tag","embeddable":true,"href":"https:\/\/arriendo.com\/co\/wp-json\/wp\/v2\/es_tags?post=231857"}],"curies":[{"name":"wp","href":"https:\/\/api.w.org\/{rel}","templated":true}]}}

<p>Arriendo o Venta casa comercial Cabecera  BucaramangaCasa comercial ubicada en la carrera 33  44 &#8211; 27 en cabecera, zona de alta influencia peatonal y vehicular, zona residencial, cerca de parques, centros comerciales, supermercados, restaurantes, colegios, bancos y vías principales. Características casa comercial, área de 526 m2, dos niveles, amplios espacios, 5 habitaciones, dos baños, 20 años de antigedad y 3 parqueaderos.ARRIENDO $12.000.000  IVA  VALOR VENTA $2.000.000.000pregunta por él, bajo el código Inmobiliario 1420-85 ¡Contáctanos! Agenda tu cita y con gusto te asesoramos.Contactos 3008006712Somos GRUPO ANDINO INMOBILIARIO, con nosotros tendrás tus trámites más fácil y rápido. 1420-85</p>
