{"id":231824,"date":"2026-01-27T12:52:14","date_gmt":"2026-01-27T17:52:14","guid":{"rendered":"https:\/\/arriendo.com\/co\/%es_type%\/%address_city%\/%neighborhood%\/bucaramanga-san-francisco-local-en-arriendo-e84e98\/"},"modified":"2026-01-27T12:52:14","modified_gmt":"2026-01-27T17:52:14","slug":"AR-231824","status":"publish","type":"properties","link":"https:\/\/arriendo.com\/co\/locales\/bucaramanga\/san-francisco\/AR-231824\/","title":{"rendered":"Local en  Arriendo en San francisco, Bucaramanga"},"content":{"rendered":"<p>\u00c1rea de 140 m\u00b2, ubicado en el barrio San Francisco, por la calle 19 con 22, zona comercial, cerca de parques, supermercados, tiendas de barrio, colegios y v\u00edas principales.<\/p>\n<p>Caracter\u00edsticas: local comercial rectangular 7 metros de frente por 20 metros de fondo, cuenta con un amplio espacio, ba\u00f1o, dos oficinas y servicios p\u00fablicos (agua, luz y gas).<\/p>\n<p>ARRIENDO: $4.500.000 + IVA<\/p>\n<p>pregunta por \u00e9l, bajo el c\u00f3digo Inmobiliario A1710 \u00a1Cont\u00e1ctanos! Agenda tu cita y con gusto te asesoramos.<\/p>\n<p>Contactos: 3006684439 &#8211; 3025908733 &#8211; 300 800 6712.<\/p>\n<p>Somos GRUPO ANDINO INMOBILIARIO, con nosotros tendr\u00e1s tus tr\u00e1mites m\u00e1s f\u00e1cil y r\u00e1pido.<\/p>\n","protected":false},"excerpt":{"rendered":"\u00c1rea de 140 m\u00b2, ubicado en el barrio San Francisco,...","protected":false},"author":7518,"featured_media":231827,"template":"","es_locations":[175,1080,104],"es_categories":[124],"es_types":[117],"es_rent_periods":[],"es_labels":[],"es_statuses":[],"es_parkings":[],"es_roofs":[],"es_exterior_materials":[],"es_basements":[],"es_floor_coverings":[],"es_features":[2132,2135,2137,2152],"es_amenities":[2140,2142,2144,2162],"es_neighborhoods":[],"es_tags":[],"class_list":["post-231824","properties","type-properties","status-publish","has-post-thumbnail","hentry","es_location-bucaramanga","es_location-san-francisco","es_location-santander","es_category-arriendo","es_type-locales","es_feature-parques-cercanos","es_feature-sobre-via-principal","es_feature-zona-comercial","es_feature-zona-residencial","es_amenity-parques-cercanos","es_amenity-sobre-via-principal","es_amenity-zona-comercial","es_amenity-zona-residencial","es-post-entity"],"_links":{"self":[{"href":"https:\/\/arriendo.com\/co\/wp-json\/wp\/v2\/properties\/231824","targetHints":{"allow":["GET"]}}],"collection":[{"href":"https:\/\/arriendo.com\/co\/wp-json\/wp\/v2\/properties"}],"about":[{"href":"https:\/\/arriendo.com\/co\/wp-json\/wp\/v2\/types\/properties"}],"author":[{"embeddable":true,"href":"https:\/\/arriendo.com\/co\/wp-json\/wp\/v2\/users\/7518"}],"version-history":[{"count":0,"href":"https:\/\/arriendo.com\/co\/wp-json\/wp\/v2\/properties\/231824\/revisions"}],"wp:featuredmedia":[{"embeddable":true,"href":"https:\/\/arriendo.com\/co\/wp-json\/wp\/v2\/media\/231827"}],"wp:attachment":[{"href":"https:\/\/arriendo.com\/co\/wp-json\/wp\/v2\/media?parent=231824"}],"wp:term":[{"taxonomy":"es_location","embeddable":true,"href":"https:\/\/arriendo.com\/co\/wp-json\/wp\/v2\/es_locations?post=231824"},{"taxonomy":"es_category","embeddable":true,"href":"https:\/\/arriendo.com\/co\/wp-json\/wp\/v2\/es_categories?post=231824"},{"taxonomy":"es_type","embeddable":true,"href":"https:\/\/arriendo.com\/co\/wp-json\/wp\/v2\/es_types?post=231824"},{"taxonomy":"es_rent_period","embeddable":true,"href":"https:\/\/arriendo.com\/co\/wp-json\/wp\/v2\/es_rent_periods?post=231824"},{"taxonomy":"es_label","embeddable":true,"href":"https:\/\/arriendo.com\/co\/wp-json\/wp\/v2\/es_labels?post=231824"},{"taxonomy":"es_status","embeddable":true,"href":"https:\/\/arriendo.com\/co\/wp-json\/wp\/v2\/es_statuses?post=231824"},{"taxonomy":"es_parking","embeddable":true,"href":"https:\/\/arriendo.com\/co\/wp-json\/wp\/v2\/es_parkings?post=231824"},{"taxonomy":"es_roof","embeddable":true,"href":"https:\/\/arriendo.com\/co\/wp-json\/wp\/v2\/es_roofs?post=231824"},{"taxonomy":"es_exterior_material","embeddable":true,"href":"https:\/\/arriendo.com\/co\/wp-json\/wp\/v2\/es_exterior_materials?post=231824"},{"taxonomy":"es_basement","embeddable":true,"href":"https:\/\/arriendo.com\/co\/wp-json\/wp\/v2\/es_basements?post=231824"},{"taxonomy":"es_floor_covering","embeddable":true,"href":"https:\/\/arriendo.com\/co\/wp-json\/wp\/v2\/es_floor_coverings?post=231824"},{"taxonomy":"es_feature","embeddable":true,"href":"https:\/\/arriendo.com\/co\/wp-json\/wp\/v2\/es_features?post=231824"},{"taxonomy":"es_amenity","embeddable":true,"href":"https:\/\/arriendo.com\/co\/wp-json\/wp\/v2\/es_amenities?post=231824"},{"taxonomy":"es_neighborhood","embeddable":true,"href":"https:\/\/arriendo.com\/co\/wp-json\/wp\/v2\/es_neighborhoods?post=231824"},{"taxonomy":"es_tag","embeddable":true,"href":"https:\/\/arriendo.com\/co\/wp-json\/wp\/v2\/es_tags?post=231824"}],"curies":[{"name":"wp","href":"https:\/\/api.w.org\/{rel}","templated":true}]}}

<p>Área de 140 m², ubicado en el barrio San Francisco, por la calle 19 con 22, zona comercial, cerca de parques, supermercados, tiendas de barrio, colegios y vías principales.</p>
<p>Características: local comercial rectangular 7 metros de frente por 20 metros de fondo, cuenta con un amplio espacio, baño, dos oficinas y servicios públicos (agua, luz y gas).</p>
<p>ARRIENDO: $4.500.000 + IVA</p>
<p>pregunta por él, bajo el código Inmobiliario A1710 ¡Contáctanos! Agenda tu cita y con gusto te asesoramos.</p>
<p>Contactos: 3006684439 &#8211; 3025908733 &#8211; 300 800 6712.</p>
<p>Somos GRUPO ANDINO INMOBILIARIO, con nosotros tendrás tus trámites más fácil y rápido.</p>

Área de 140 m², ubicado en el barrio San Francisco,...
