{"id":230782,"date":"2026-01-25T00:59:47","date_gmt":"2026-01-25T05:59:47","guid":{"rendered":"https:\/\/arriendo.com\/co\/%es_type%\/medellin\/laureles\/\/"},"modified":"2026-01-25T00:59:47","modified_gmt":"2026-01-25T05:59:47","slug":"ar-230782","status":"publish","type":"properties","link":"https:\/\/arriendo.com\/co\/locales\/medellin\/laureles\/ar-230782\/","title":{"rendered":"Arriendo Local Laureles Medell\u00edn"},"content":{"rendered":"<p>Este local para alquiler se encuentra ubicado en una zona estrat\u00e9gica de la ciudad de Colombia, lo que lo convierte en una excelente oportunidad de negocio. Con un \u00e1rea total de 114.0 metros cuadrados, de los cuales 52.0 metros cuadrados corresponden al \u00e1rea privada, este inmueble cuenta con todo lo necesario para iniciar o expandir tu empresa. Su dise\u00f1o y distribuci\u00f3n permiten aprovechar al m\u00e1ximo el espacio disponible, convirti\u00e9ndolo en un lugar vers\u00e1til y funcional. Adem\u00e1s, cuenta con 1 ba\u00f1o completo, por lo que no tendr\u00e1s que preocuparte por las comodidades para tus empleados o clientes. En su interior, el local se encuentra amoblado y listo para ser utilizado, lo que te ahorrar\u00e1 tiempo y dinero en la b\u00fasqueda y compra de muebles y accesorios. La cocina integral es ideal para preparar tus alimentos sin tener que salir del local, mientras que la despensa te permitir\u00e1 tener todo lo necesario para mantener tu negocio en funcionamiento. Este inmueble cuenta con los servicios b\u00e1sicos de agua, electricidad y gas domiciliario, lo que te brinda comodidad y facilidad en tu d\u00eda a d\u00eda. Adem\u00e1s, el extractor de aire garantiza una buena ventilaci\u00f3n y calidad del ambiente dentro del local. Si est\u00e1s buscando un lugar ideal para tu empresa, este local para alquiler es la opci\u00f3n perfecta. No pierdas la oportunidad de obtener un espacio estrat\u00e9gico, funcional y bien equipado, todo en uno. \u00a1Cont\u00e1ctanos para conocer m\u00e1s detalles y agendar una visita!<\/p>\n","protected":false},"excerpt":{"rendered":"Este local para alquiler se encuentra ubicado en una zona...","protected":false},"author":4125,"featured_media":230784,"template":"","es_locations":[79,418,305],"es_categories":[124],"es_types":[117],"es_rent_periods":[],"es_labels":[],"es_statuses":[],"es_parkings":[],"es_roofs":[],"es_exterior_materials":[],"es_basements":[],"es_floor_coverings":[],"es_features":[],"es_amenities":[],"es_neighborhoods":[],"es_tags":[],"class_list":["post-230782","properties","type-properties","status-publish","has-post-thumbnail","hentry","es_location-antioquia","es_location-colombia","es_location-medellin","es_category-arriendo","es_type-locales","es-post-entity"],"_links":{"self":[{"href":"https:\/\/arriendo.com\/co\/wp-json\/wp\/v2\/properties\/230782","targetHints":{"allow":["GET"]}}],"collection":[{"href":"https:\/\/arriendo.com\/co\/wp-json\/wp\/v2\/properties"}],"about":[{"href":"https:\/\/arriendo.com\/co\/wp-json\/wp\/v2\/types\/properties"}],"author":[{"embeddable":true,"href":"https:\/\/arriendo.com\/co\/wp-json\/wp\/v2\/users\/4125"}],"version-history":[{"count":0,"href":"https:\/\/arriendo.com\/co\/wp-json\/wp\/v2\/properties\/230782\/revisions"}],"wp:featuredmedia":[{"embeddable":true,"href":"https:\/\/arriendo.com\/co\/wp-json\/wp\/v2\/media\/230784"}],"wp:attachment":[{"href":"https:\/\/arriendo.com\/co\/wp-json\/wp\/v2\/media?parent=230782"}],"wp:term":[{"taxonomy":"es_location","embeddable":true,"href":"https:\/\/arriendo.com\/co\/wp-json\/wp\/v2\/es_locations?post=230782"},{"taxonomy":"es_category","embeddable":true,"href":"https:\/\/arriendo.com\/co\/wp-json\/wp\/v2\/es_categories?post=230782"},{"taxonomy":"es_type","embeddable":true,"href":"https:\/\/arriendo.com\/co\/wp-json\/wp\/v2\/es_types?post=230782"},{"taxonomy":"es_rent_period","embeddable":true,"href":"https:\/\/arriendo.com\/co\/wp-json\/wp\/v2\/es_rent_periods?post=230782"},{"taxonomy":"es_label","embeddable":true,"href":"https:\/\/arriendo.com\/co\/wp-json\/wp\/v2\/es_labels?post=230782"},{"taxonomy":"es_status","embeddable":true,"href":"https:\/\/arriendo.com\/co\/wp-json\/wp\/v2\/es_statuses?post=230782"},{"taxonomy":"es_parking","embeddable":true,"href":"https:\/\/arriendo.com\/co\/wp-json\/wp\/v2\/es_parkings?post=230782"},{"taxonomy":"es_roof","embeddable":true,"href":"https:\/\/arriendo.com\/co\/wp-json\/wp\/v2\/es_roofs?post=230782"},{"taxonomy":"es_exterior_material","embeddable":true,"href":"https:\/\/arriendo.com\/co\/wp-json\/wp\/v2\/es_exterior_materials?post=230782"},{"taxonomy":"es_basement","embeddable":true,"href":"https:\/\/arriendo.com\/co\/wp-json\/wp\/v2\/es_basements?post=230782"},{"taxonomy":"es_floor_covering","embeddable":true,"href":"https:\/\/arriendo.com\/co\/wp-json\/wp\/v2\/es_floor_coverings?post=230782"},{"taxonomy":"es_feature","embeddable":true,"href":"https:\/\/arriendo.com\/co\/wp-json\/wp\/v2\/es_features?post=230782"},{"taxonomy":"es_amenity","embeddable":true,"href":"https:\/\/arriendo.com\/co\/wp-json\/wp\/v2\/es_amenities?post=230782"},{"taxonomy":"es_neighborhood","embeddable":true,"href":"https:\/\/arriendo.com\/co\/wp-json\/wp\/v2\/es_neighborhoods?post=230782"},{"taxonomy":"es_tag","embeddable":true,"href":"https:\/\/arriendo.com\/co\/wp-json\/wp\/v2\/es_tags?post=230782"}],"curies":[{"name":"wp","href":"https:\/\/api.w.org\/{rel}","templated":true}]}}

Arriendo Local Laureles Medellín

<p>Este local para alquiler se encuentra ubicado en una zona estratégica de la ciudad de Colombia, lo que lo convierte en una excelente oportunidad de negocio. Con un área total de 114.0 metros cuadrados, de los cuales 52.0 metros cuadrados corresponden al área privada, este inmueble cuenta con todo lo necesario para iniciar o expandir tu empresa. Su diseño y distribución permiten aprovechar al máximo el espacio disponible, convirtiéndolo en un lugar versátil y funcional. Además, cuenta con 1 baño completo, por lo que no tendrás que preocuparte por las comodidades para tus empleados o clientes. En su interior, el local se encuentra amoblado y listo para ser utilizado, lo que te ahorrará tiempo y dinero en la búsqueda y compra de muebles y accesorios. La cocina integral es ideal para preparar tus alimentos sin tener que salir del local, mientras que la despensa te permitirá tener todo lo necesario para mantener tu negocio en funcionamiento. Este inmueble cuenta con los servicios básicos de agua, electricidad y gas domiciliario, lo que te brinda comodidad y facilidad en tu día a día. Además, el extractor de aire garantiza una buena ventilación y calidad del ambiente dentro del local. Si estás buscando un lugar ideal para tu empresa, este local para alquiler es la opción perfecta. No pierdas la oportunidad de obtener un espacio estratégico, funcional y bien equipado, todo en uno. ¡Contáctanos para conocer más detalles y agendar una visita!</p>
