{"id":230232,"date":"2026-01-23T16:23:25","date_gmt":"2026-01-23T21:23:25","guid":{"rendered":"https:\/\/arriendo.com\/co\/%es_type%\/%address_city%\/%neighborhood%\/cali-canaveralejo-local-en-arriendo-en-ded4f9\/"},"modified":"2026-01-23T16:26:26","modified_gmt":"2026-01-23T21:26:26","slug":"ar-230232","status":"publish","type":"properties","link":"https:\/\/arriendo.com\/co\/locales\/cali\/canaveralejo\/ar-230232\/","title":{"rendered":"Local en Arriendo en Ca\u00f1averalejo, Cali"},"content":{"rendered":"<p>Descubra una oportunidad inigualable para su negocio en Cosmocentro, el epicentro comercial del sur de Cali. Este espectacular local comercial, estrat\u00e9gicamente situado en la entrada principal sobre la Calle 5\u00aa, una de las arterias m\u00e1s vitales y transitadas de la ciudad, es la clave para el \u00e9xito. Su privilegiada ubicaci\u00f3n esquinera garantiza una visibilidad excepcional y un flujo ininterrumpido de clientes potenciales, consolid\u00e1ndose como un punto de referencia en un corredor urbano de dinamismo comercial incomparable.<\/p>\n<p>Este espacio ha sido meticulosamente remodelado y est\u00e1 listo para ser ocupado de inmediato, eliminando cualquier preocupaci\u00f3n por adaptaciones. Equipado con aire acondicionado de \u00faltima generaci\u00f3n, asegura un ambiente confortable para sus clientes y equipo. Su dise\u00f1o esquinero maximiza la exposici\u00f3n de su marca, permitiendo una exhibici\u00f3n impactante en dos frentes y capturando la atenci\u00f3n de cada transe\u00fante. La confluencia de alto flujo peatonal y vehicular en esta zona garantiza una exposici\u00f3n constante y un alcance sin precedentes.<\/p>\n<p>Ideal para marcas retail de prestigio, servicios financieros, empresas de tecnolog\u00eda, franquicias consolidadas, centros de salud y belleza, y cualquier negocio que busque posicionarse en la mente del consumidor. Este local no es solo un espacio; es una plataforma estrat\u00e9gica para catapultar su marca al siguiente nivel.<\/p>\n","protected":false},"excerpt":{"rendered":"Descubra una oportunidad inigualable para su negocio en Cosmocentro, el...","protected":false},"author":4102,"featured_media":230270,"template":"","es_locations":[179,2350],"es_categories":[124],"es_types":[117],"es_rent_periods":[],"es_labels":[],"es_statuses":[],"es_parkings":[],"es_roofs":[],"es_exterior_materials":[],"es_basements":[],"es_floor_coverings":[],"es_features":[149,2454,2132,2272,2181,2135,2137,2152],"es_amenities":[2329,2456,2140,2273,2142,161,2144,2162],"es_neighborhoods":[],"es_tags":[],"class_list":["post-230232","properties","type-properties","status-publish","has-post-thumbnail","hentry","es_location-cali","es_location-canaveralejo","es_category-arriendo","es_type-locales","es_feature-aire-acondicionado","es_feature-en-centro-comercial","es_feature-parques-cercanos","es_feature-piso-en-baldosa-marmol","es_feature-porteria-vigilancia","es_feature-sobre-via-principal","es_feature-zona-comercial","es_feature-zona-residencial","es_amenity-aire-acondicionado","es_amenity-en-centro-comercial","es_amenity-parques-cercanos","es_amenity-piso-en-baldosa-marmol","es_amenity-sobre-via-principal","es_amenity-vigilancia-24-7","es_amenity-zona-comercial","es_amenity-zona-residencial","es-post-entity"],"_links":{"self":[{"href":"https:\/\/arriendo.com\/co\/wp-json\/wp\/v2\/properties\/230232","targetHints":{"allow":["GET"]}}],"collection":[{"href":"https:\/\/arriendo.com\/co\/wp-json\/wp\/v2\/properties"}],"about":[{"href":"https:\/\/arriendo.com\/co\/wp-json\/wp\/v2\/types\/properties"}],"author":[{"embeddable":true,"href":"https:\/\/arriendo.com\/co\/wp-json\/wp\/v2\/users\/4102"}],"version-history":[{"count":0,"href":"https:\/\/arriendo.com\/co\/wp-json\/wp\/v2\/properties\/230232\/revisions"}],"wp:featuredmedia":[{"embeddable":true,"href":"https:\/\/arriendo.com\/co\/wp-json\/wp\/v2\/media\/230270"}],"wp:attachment":[{"href":"https:\/\/arriendo.com\/co\/wp-json\/wp\/v2\/media?parent=230232"}],"wp:term":[{"taxonomy":"es_location","embeddable":true,"href":"https:\/\/arriendo.com\/co\/wp-json\/wp\/v2\/es_locations?post=230232"},{"taxonomy":"es_category","embeddable":true,"href":"https:\/\/arriendo.com\/co\/wp-json\/wp\/v2\/es_categories?post=230232"},{"taxonomy":"es_type","embeddable":true,"href":"https:\/\/arriendo.com\/co\/wp-json\/wp\/v2\/es_types?post=230232"},{"taxonomy":"es_rent_period","embeddable":true,"href":"https:\/\/arriendo.com\/co\/wp-json\/wp\/v2\/es_rent_periods?post=230232"},{"taxonomy":"es_label","embeddable":true,"href":"https:\/\/arriendo.com\/co\/wp-json\/wp\/v2\/es_labels?post=230232"},{"taxonomy":"es_status","embeddable":true,"href":"https:\/\/arriendo.com\/co\/wp-json\/wp\/v2\/es_statuses?post=230232"},{"taxonomy":"es_parking","embeddable":true,"href":"https:\/\/arriendo.com\/co\/wp-json\/wp\/v2\/es_parkings?post=230232"},{"taxonomy":"es_roof","embeddable":true,"href":"https:\/\/arriendo.com\/co\/wp-json\/wp\/v2\/es_roofs?post=230232"},{"taxonomy":"es_exterior_material","embeddable":true,"href":"https:\/\/arriendo.com\/co\/wp-json\/wp\/v2\/es_exterior_materials?post=230232"},{"taxonomy":"es_basement","embeddable":true,"href":"https:\/\/arriendo.com\/co\/wp-json\/wp\/v2\/es_basements?post=230232"},{"taxonomy":"es_floor_covering","embeddable":true,"href":"https:\/\/arriendo.com\/co\/wp-json\/wp\/v2\/es_floor_coverings?post=230232"},{"taxonomy":"es_feature","embeddable":true,"href":"https:\/\/arriendo.com\/co\/wp-json\/wp\/v2\/es_features?post=230232"},{"taxonomy":"es_amenity","embeddable":true,"href":"https:\/\/arriendo.com\/co\/wp-json\/wp\/v2\/es_amenities?post=230232"},{"taxonomy":"es_neighborhood","embeddable":true,"href":"https:\/\/arriendo.com\/co\/wp-json\/wp\/v2\/es_neighborhoods?post=230232"},{"taxonomy":"es_tag","embeddable":true,"href":"https:\/\/arriendo.com\/co\/wp-json\/wp\/v2\/es_tags?post=230232"}],"curies":[{"name":"wp","href":"https:\/\/api.w.org\/{rel}","templated":true}]}}

Local en Arriendo en Cañaveralejo, Cali

<p>Descubra una oportunidad inigualable para su negocio en Cosmocentro, el epicentro comercial del sur de Cali. Este espectacular local comercial, estratégicamente situado en la entrada principal sobre la Calle 5ª, una de las arterias más vitales y transitadas de la ciudad, es la clave para el éxito. Su privilegiada ubicación esquinera garantiza una visibilidad excepcional y un flujo ininterrumpido de clientes potenciales, consolidándose como un punto de referencia en un corredor urbano de dinamismo comercial incomparable.</p>
<p>Este espacio ha sido meticulosamente remodelado y está listo para ser ocupado de inmediato, eliminando cualquier preocupación por adaptaciones. Equipado con aire acondicionado de última generación, asegura un ambiente confortable para sus clientes y equipo. Su diseño esquinero maximiza la exposición de su marca, permitiendo una exhibición impactante en dos frentes y capturando la atención de cada transeúnte. La confluencia de alto flujo peatonal y vehicular en esta zona garantiza una exposición constante y un alcance sin precedentes.</p>
<p>Ideal para marcas retail de prestigio, servicios financieros, empresas de tecnología, franquicias consolidadas, centros de salud y belleza, y cualquier negocio que busque posicionarse en la mente del consumidor. Este local no es solo un espacio; es una plataforma estratégica para catapultar su marca al siguiente nivel.</p>
